000
CXUS52 KMLB 300648
CF6ORL
PRELIMINARY LOCAL CLIMATOLOGICAL DATA (WS FORM: F-6)

                                          STATION:   ORLANDO EXEC
                                          MONTH:     APRIL
                                          YEAR:      2017
                                          LATITUDE:   28 32 N
                                          LONGITUDE:  81 20 W

  TEMPERATURE IN F:       :PCPN:    SNOW:  WIND      :SUNSHINE: SKY     :PK WND
================================================================================
1   2   3   4   5  6A  6B    7    8   9   10  11  12  13   14  15   16   17  18
                                     12Z  AVG MX 2MIN
DY MAX MIN AVG DEP HDD CDD  WTR  SNW DPTH SPD SPD DIR MIN PSBL S-S WX    SPD DR
================================================================================

 1  89  66  78   8   0  13 0.00  0.0    0  6.0 17 270   M    M   1        22 280
 2  93  63  78   8   0  13 0.01  0.0    0  8.1 22 110   M    M   2 3      26 110
 3  92  71  82  12   0  17 0.00  0.0    0 12.2 22 190   M    M   6 3      30 160
 4  83  69  76   6   0  11 0.03  0.0    0  8.4 26  60   M    M   4 3      32  50
 5  95  67  81  11   0  16 0.00  0.0    0 10.7 22 240   M    M   1 1      27 240
 6  84  63  74   4   0   9 0.02  0.0    0 14.9 24 290   M    M   2 13     31 300
 7  75  57  66  -4   0   1 0.00  0.0    0 11.8 24 290   M    M   0        34 280
 8  77  52  65  -6   0   0 0.00  0.0    0  6.5 16  70   M    M   0 8      19  80
 9  83  53  68  -3   0   3 0.00  0.0    0  6.5 18  80   M    M   0 8      23  70
10  82  61  72   1   0   7 0.00  0.0    0  8.4 21  80   M    M   2        25  70
11  84  60  72   1   0   7 0.00  0.0    0  8.7 22  90   M    M   2        26  80
12  85  63  74   3   0   9 0.00  0.0    0  8.0 20  70   M    M   4        24  60
13  83  63  73   2   0   8 0.00  0.0    0  9.5 20  70   M    M   2        25  80
14  85  62  74   2   0   9 0.00  0.0    0 10.7 24  70   M    M   2        31  70
15  85  63  74   2   0   9 0.00  0.0    0 11.6 24 100   M    M   1        32 100
16  86  61  74   2   0   9 0.00  0.0    0  8.1 20  90   M    M   1        26  80
17  85  62  74   2   0   9 0.00  0.0    0  5.1 17  90   M    M   3        22 100
18  89  63  76   4   0  11 0.00  0.0    0  7.3 18 110   M    M   2        23  80
19  87  64  76   4   0  11    T  0.0    0  9.3 22 110   M    M   2        26 120
20  88  62  75   2   0  10 0.00  0.0    0  7.6 18  70   M    M   1        23  80
21  88  61  75   2   0  10 0.00  0.0    0  7.9 20 100   M    M   1        29 150
22  90  65  78   5   0  13    T  0.0    0  7.5 18 130   M    M   2        23 140
23  85  72  79   6   0  14 0.00  0.0    0  6.0 16 140   M    M   3        20 150
24  85  66  76   3   0  11    T  0.0    0 12.1 26 270   M    M   5        35 270
25  84  59  72  -2   0   7 0.00  0.0    0  8.9 20 280   M    M   3        24 290
26  87  59  73  -1   0   8 0.00  0.0    0  6.1 17 200   M    M   2        25 250
27  95  68  82   8   0  17 0.00  0.0    0  7.6 17 200   M    M   0        24 210
28  96  71  84  10   0  19 0.00  0.0    0  9.6 22 120   M    M   1        27 120
29  93  73  83   9   0  18 0.00  0.0    0 12.0 24 100   M    M   2        29 100
================================================================================
SM 2513 1839         0 299  0.06     0.0 257.1          M       57
================================================================================
AV 86.7 63.4                               8.9 FASTST   M    M   2    MAX(MPH)
                                 MISC ---->  # 26  60               # 35  270
================================================================================
NOTES:
# LAST OF SEVERAL OCCURRENCES

COLUMN 17 PEAK WIND IN M.P.H.

PRELIMINARY LOCAL CLIMATOLOGICAL DATA (WS FORM: F-6) , PAGE 2

                                          STATION:  ORLANDO EXEC
                                          MONTH:    APRIL
                                          YEAR:     2017
                                          LATITUDE:   28 32 N
                                          LONGITUDE:  81 20 W

[TEMPERATURE DATA]      [PRECIPITATION DATA]       SYMBOLS USED IN COLUMN 16

AVERAGE MONTHLY: 75.0   TOTAL FOR MONTH:   0.06    1 = FOG OR MIST
DPTR FM NORMAL:   3.2   DPTR FM NORMAL:   -2.36    2 = FOG REDUCING VISIBILITY
HIGHEST:    96 ON 28    GRTST 24HR  0.03 ON  4- 4      TO 1/4 MILE OR LESS
LOWEST:     52 ON  8                               3 = THUNDER
                        SNOW, ICE PELLETS, HAIL    4 = ICE PELLETS
                        TOTAL MONTH:   0.0 INCH    5 = HAIL
                        GRTST 24HR     0.0         6 = FREEZING RAIN OR DRIZZLE
                        GRTST DEPTH:   0           7 = DUSTSTORM OR SANDSTORM:
                                                       VSBY 1/2 MILE OR LESS
                                                   8 = SMOKE OR HAZE
[NO. OF DAYS WITH]      [WEATHER - DAYS WITH]      9 = BLOWING SNOW
                                                   X = TORNADO
MAX 32 OR BELOW:   0    0.01 INCH OR MORE:   3
MAX 90 OR ABOVE:   7    0.10 INCH OR MORE:   0
MIN 32 OR BELOW:   0    0.50 INCH OR MORE:   0
MIN  0 OR BELOW:   0    1.00 INCH OR MORE:   0

[HDD (BASE 65) ]
TOTAL THIS MO.     0    CLEAR  (SCALE 0-3)  24
DPTR FM NORMAL   -11    PTCLDY (SCALE 4-7)   5
TOTAL FM JUL 1   192    CLOUDY (SCALE 8-10)  0
DPTR FM NORMAL  -338

[CDD (BASE 65) ]
TOTAL THIS MO.   299
DPTR FM NORMAL    92    [PRESSURE DATA]
TOTAL FM JAN 1   685    HIGHEST SLP M ON M
DPTR FM NORMAL   257    LOWEST  SLP 29.64 ON 24

[REMARKS]
