000
CXUS52 KMLB 191123
CF6ORL
PRELIMINARY LOCAL CLIMATOLOGICAL DATA (WS FORM: F-6)

                                          STATION:   ORLANDO EXEC
                                          MONTH:     SEPTEMBER
                                          YEAR:      2014
                                          LATITUDE:   28 32 N
                                          LONGITUDE:  81 20 W

  TEMPERATURE IN F:       :PCPN:    SNOW:  WIND      :SUNSHINE: SKY     :PK WND
================================================================================
1   2   3   4   5  6A  6B    7    8   9   10  11  12  13   14  15   16   17  18
                                     12Z  AVG MX 2MIN
DY MAX MIN AVG DEP HDD CDD  WTR  SNW DPTH SPD SPD DIR MIN PSBL S-S WX    SPD DR
================================================================================

 1  94  77  86   3   0  21    T  0.0    0  4.0 15  90   M    M   2        20  90
 2  94  77  86   3   0  21 0.00  0.0    0  5.4 16 130   M    M   2        21 100
 3  92  75  84   1   0  19 0.15  0.0    0  5.6 26  90   M    M   2        30  80
 4  91  74  83   0   0  18 0.10  0.0    0  3.6 20  80   M    M   3 138    23  80
 5  91  74  83   1   0  18 0.48  0.0    0  4.1 21 320   M    M   3 13     25 320
 6  89  73  81  -1   0  16 1.19  0.0    0  4.4 24 160   M    M   2 138    32 150
 7  90  75  83   1   0  18 0.34  0.0    0  4.7 26 270   M    M   4 13     33 260
 8  92  74  83   1   0  18 0.29  0.0    0  3.6 28  80   M    M   2 13     34 100
 9  93  75  84   2   0  19 0.01  0.0    0  4.7 15 340   M    M   2 3      19 340
10  90  75  83   1   0  18 0.23  0.0    0  5.9 18  70   M    M   2        23  60
11  91  76  84   2   0  19    T  0.0    0  5.0 16  70   M    M   1        21  50
12  90  77  84   2   0  19 0.17  0.0    0  9.0 18 130   M    M   3 13     23 100
13  92  75  84   2   0  19 0.00  0.0    0  7.9 17 130   M    M   1        21 120
14  92  74  83   1   0  18 0.03  0.0    0  6.0 20 200   M    M   3 1      25 190
15  92  74  83   1   0  18 0.00  0.0    0  3.9 16 360   M    M   3        21 350
16  91  77  84   2   0  19 0.15  0.0    0  6.6 15 300   M    M   2 13     20 290
17  84  74  79  -3   0  14 0.02  0.0    0  6.8 15 240   M    M   3        18 250
18  92  74  83   1   0  18 0.32  0.0    0  3.5 16  60   M    M   2 13     20  60
================================================================================
SM 1640 1350         0 330  3.48     0.0  94.7          M       42
================================================================================
AV 91.1 75.0                               5.3 FASTST   M    M   2    MAX(MPH)
                                 MISC ---->  # 28  80               # 34  100
================================================================================
NOTES:
# LAST OF SEVERAL OCCURRENCES

COLUMN 17 PEAK WIND IN M.P.H.

PRELIMINARY LOCAL CLIMATOLOGICAL DATA (WS FORM: F-6) , PAGE 2

                                          STATION:  ORLANDO EXEC
                                          MONTH:    SEPTEMBER
                                          YEAR:     2014
                                          LATITUDE:   28 32 N
                                          LONGITUDE:  81 20 W

[TEMPERATURE DATA]      [PRECIPITATION DATA]       SYMBOLS USED IN COLUMN 16

AVERAGE MONTHLY: 83.1   TOTAL FOR MONTH:   3.48    1 = FOG OR MIST
DPTR FM NORMAL:   0.8   DPTR FM NORMAL:   -0.54    2 = FOG REDUCING VISIBILITY
HIGHEST:    94 ON  2, 1 GRTST 24HR  1.38 ON  5- 6      TO 1/4 MILE OR LESS
LOWEST:     73 ON  6                               3 = THUNDER
                        SNOW, ICE PELLETS, HAIL    4 = ICE PELLETS
                        TOTAL MONTH:   0.0 INCH    5 = HAIL
                        GRTST 24HR     0.0         6 = FREEZING RAIN OR DRIZZLE
                        GRTST DEPTH:   0           7 = DUSTSTORM OR SANDSTORM:
                                                       VSBY 1/2 MILE OR LESS
                                                   8 = SMOKE OR HAZE
[NO. OF DAYS WITH]      [WEATHER - DAYS WITH]      9 = BLOWING SNOW
                                                   X = TORNADO
MAX 32 OR BELOW:   0    0.01 INCH OR MORE:  13
MAX 90 OR ABOVE:  16    0.10 INCH OR MORE:  10
MIN 32 OR BELOW:   0    0.50 INCH OR MORE:   1
MIN  0 OR BELOW:   0    1.00 INCH OR MORE:   1

[HDD (BASE 65) ]
TOTAL THIS MO.     0    CLEAR  (SCALE 0-3)  16
DPTR FM NORMAL     0    PTCLDY (SCALE 4-7)   2
TOTAL FM JUL 1     0    CLOUDY (SCALE 8-10)  0
DPTR FM NORMAL     0

[CDD (BASE 65) ]
TOTAL THIS MO.   330
DPTR FM NORMAL    19    [PRESSURE DATA]
TOTAL FM JAN 1  2972    HIGHEST SLP M ON M
DPTR FM NORMAL   160    LOWEST  SLP 29.86 ON 17

[REMARKS]
