000
CXUS52 KMLB 010727
CF6ORL
PRELIMINARY LOCAL CLIMATOLOGICAL DATA (WS FORM: F-6)
STATION: ORLANDO EXEC
MONTH: FEBRUARY
YEAR: 2024
LATITUDE: 28 32 N
LONGITUDE: 81 20 W
TEMPERATURE IN F: :PCPN: SNOW: WIND :SUNSHINE: SKY :PK WND
================================================================================
1 2 3 4 5 6A 6B 7 8 9 10 11 12 13 14 15 16 17 18
12Z AVG MX 2MIN
DY MAX MIN AVG DEP HDD CDD WTR SNW DPTH SPD SPD DIR MIN PSBL S-S WX SPD DR
================================================================================
1 70 48 59 -3 6 0 0.00 0.0 0 5.1 13 30 M M 0 15 20
2 71 50 61 -2 4 0 0.00 0.0 0 4.5 15 300 M M 0 20 300
3 75 48 62 -1 3 0 0.00 0.0 0 5.8 15 80 M M 1 20 90
4 72 56 64 1 1 0 0.17 0.0 0 10.6 25 270 M M 4 13 42 270
5 68 51 60 -3 5 0 T 0.0 0 6.0 18 10 M M 5 27 10
6 68 52 60 -3 5 0 0.00 0.0 0 14.9 25 10 M M 6 37 10
7 68 50 59 -4 6 0 0.00 0.0 0 10.6 18 10 M M 0 24 20
8 74 50 62 -1 3 0 0.00 0.0 0 6.0 15 90 M M 5 25 80
9 76 54 65 1 0 0 0.00 0.0 0 5.4 15 190 M M 5 21 190
10 79 56 68 4 0 3 0.00 0.0 0 6.6 20 190 M M 5 25 190
11 83 66 75 11 0 10 0.00 0.0 0 9.9 23 200 M M 5 29 200
12 84 68 76 12 0 11 T 0.0 0 15.3 24 220 M M 7 36 210
13 73 55 64 0 1 0 0.00 0.0 0 12.0 22 260 M M 2 31 270
14 73 51 62 -2 3 0 0.00 0.0 0 6.9 15 60 M M 0 18 50
15 76 52 64 0 1 0 0.00 0.0 0 3.8 13 130 M M 2 17 120
16 78 57 68 4 0 3 T 0.0 0 6.8 16 260 M M 3 24 240
17 67 52 60 -5 5 0 1.16 0.0 0 5.0 14 10 M M 10 1 19 50
18 58 55 57 -8 8 0 1.26 0.0 0 9.9 20 10 M M 10 1 27 10
19 66 49 58 -7 7 0 0.19 0.0 0 8.5 17 350 M M 5 1 25 340
20 70 44 57 -8 8 0 0.00 0.0 0 5.6 13 350 M M 0 18 350
21 69 48 59 -6 6 0 0.00 0.0 0 8.6 18 20 M M 0 23 20
22 75 48 62 -3 3 0 0.00 0.0 0 4.8 14 180 M M 0 19 220
23 78 50 64 -2 1 0 0.19 0.0 0 14.0 30 230 M M 4 1 41 230
24 73 56 65 -1 0 0 0.00 0.0 0 11.2 22 270 M M 1 34 280
25 73 52 63 -3 2 0 0.00 0.0 0 5.7 15 80 M M 0 18 80
26 76 49 63 -3 2 0 0.00 0.0 0 4.8 13 190 M M 0 17 210
27 78 53 66 0 0 1 0.00 0.0 0 7.6 18 170 M M 0 24 160
28 84 60 72 6 0 7 0.00 0.0 0 9.1 23 180 M M 1 30 190
29 76 61 69 3 0 4 T 0.0 0 8.3 21 20 M M 6 1 26 30
================================================================================
SM 2131 1541 80 39 2.97 0.0 233.3 M 87
================================================================================
AV 73.5 53.1 8.0 FASTST M M 3 MAX(MPH)
MISC ----> 30 230 42 270
================================================================================
NOTES:
# LAST OF SEVERAL OCCURRENCES
COLUMN 17 PEAK WIND IN M.P.H.
PRELIMINARY LOCAL CLIMATOLOGICAL DATA (WS FORM: F-6) , PAGE 2
STATION: ORLANDO EXEC
MONTH: FEBRUARY
YEAR: 2024
LATITUDE: 28 32 N
LONGITUDE: 81 20 W
[TEMPERATURE DATA] [PRECIPITATION DATA] SYMBOLS USED IN COLUMN 16
AVERAGE MONTHLY: 63.3 TOTAL FOR MONTH: 2.97 1 = FOG OR MIST
DPTR FM NORMAL: -1.0 DPTR FM NORMAL: 0.91 2 = FOG REDUCING VISIBILITY
HIGHEST: 84 ON 28,12 GRTST 24HR 1.71 ON 17-18 TO 1/4 MILE OR LESS
LOWEST: 44 ON 20 3 = THUNDER
SNOW, ICE PELLETS, HAIL 4 = ICE PELLETS
TOTAL MONTH: 0.0 INCH 5 = HAIL
GRTST 24HR 0.0 6 = FREEZING RAIN OR DRIZZLE
GRTST DEPTH: 0 7 = DUSTSTORM OR SANDSTORM:
VSBY 1/2 MILE OR LESS
8 = SMOKE OR HAZE
[NO. OF DAYS WITH] [WEATHER - DAYS WITH] 9 = BLOWING SNOW
X = TORNADO
MAX 32 OR BELOW: 0 0.01 INCH OR MORE: 5
MAX 90 OR ABOVE: 0 0.10 INCH OR MORE: 5
MIN 32 OR BELOW: 0 0.50 INCH OR MORE: 2
MIN 0 OR BELOW: 0 1.00 INCH OR MORE: 2
[HDD (BASE 65) ]
TOTAL THIS MO. 80 CLEAR (SCALE 0-3) 15
DPTR FM NORMAL -15 PTCLDY (SCALE 4-7) 12
TOTAL FM JUL 1 345 CLOUDY (SCALE 8-10) 2
DPTR FM NORMAL -79
[CDD (BASE 65) ]
TOTAL THIS MO. 39
DPTR FM NORMAL -36 [PRESSURE DATA]
TOTAL FM JAN 1 89 HIGHEST SLP 30.31 ON 21
DPTR FM NORMAL -42 LOWEST SLP 29.52 ON 5
[REMARKS]
#FINAL-02-24#