000
CXUS53 KGRB 311505
CF6OSH
PRELIMINARY LOCAL CLIMATOLOGICAL DATA (WS FORM: F-6)
STATION: OSHKOSH WI
MONTH: APRIL
YEAR: 2020
LATITUDE: 44 0 N
LONGITUDE: 88 34 W
TEMPERATURE IN F: :PCPN: SNOW: WIND :SUNSHINE: SKY :PK WND
================================================================================
1 2 3 4 5 6A 6B 7 8 9 10 11 12 13 14 15 16 17 18
12Z AVG MX 2MIN
DY MAX MIN AVG DEP HDD CDD WTR SNW DPTH SPD SPD DIR MIN PSBL S-S WX SPD DR
================================================================================
1 48 34 41 1 24 0 0.00 0.0 0 6.0 12 40 M M 6 17 50
2 57 30 44 4 21 0 0.00 0.0 0 4.9 12 130 M M 1 1 17 90
3 63 38 51 11 14 0 0.02 0.0 0 10.6 18 130 M M 8 25 300
4 50 31 41 0 24 0 0.02 0.0 0 8.4 20 300 M M 4 1 27 320
5 54 29 42 1 23 0 0.00 0.0 0 5.6 12 90 M M 3 1 15 100
6 55 29 42 0 23 0 0.00 0.0 0 5.5 10 130 M M 6 8 15 120
7 68 46 57 15 8 0 T 0.0 0 5.1 20 190 M M 9 18 26 180
8 60 41 51 8 14 0 0.05 0.0 0 6.4 21 300 M M 6 12 29 290
9 44 34 39 -4 26 0 0.05 T 0 16.7 30 290 M M 4 8 43 280
10 48 29 39 -5 26 0 0.00 0.0 0 7.2 16 330 M M 4 23 310
11 59 27 43 -1 22 0 T 0.0 0 8.7 20 210 M M 2 8 27 200
12 48 33 41 -3 24 0 0.53 0.0 0 14.1 29 40 M M 10 168 38 30
13 39 29 34 -11 31 0 0.05 0.4 T 15.5 28 290 M M 5 1 39 290
14 35 22 29 -16 36 0 T T 0 9.2 22 290 M M 5 35 290
15 36 21 29 -17 36 0 0.00 0.0 0 7.7 17 290 M M 5 23 320
16 44 22 33 -13 32 0 0.00 0.0 0 7.9 21 290 M M 1 30 310
17 49 29 39 -8 26 0 0.00 0.0 0 4.3 15 310 M M 6 22 300
18 61 31 46 -1 19 0 0.02 0.0 0 12.7 29 210 M M 1 44 190
19 55 32 44 -3 21 0 T 0.0 0 9.5 21 330 M M 2 27 330
20 61 32 47 -1 18 0 0.22 0.0 0 12.8 31 340 M M 4 138 47 300
21 45 29 37 -11 28 0 0.00 0.0 0 12.1 24 330 M M 1 36 320
22 47 36 42 -6 23 0 T 0.0 0 12.4 24 130 M M 6 31 130
23 40 37 39 -10 26 0 0.00 0.0 0 9.2 15 30 M M 10 18 19 30
24 53 36 45 -4 20 0 0.00 0.0 0 6.7 13 30 M M 6 17 20
25 56 35 46 -4 19 0 0.00 0.0 0 6.8 12 40 M M 0 17 50
26 60 35 48 -2 17 0 0.00 0.0 0 8.2 16 30 M M 0 21 50
27 57 38 48 -2 17 0 0.21 0.0 0 6.0 20 200 M M 8 12 27 200
28 53 40 47 -4 18 0 0.13 0.0 0 9.4 20 100 M M 10 12 26 100
29 49 44 47 -4 18 0 0.37 0.0 0 22.6 36 360 M M 10 1 48 20
30 64 40 52 1 13 0 0.00 0.0 0 15.3 36 360 M M 3 49 350
================================================================================
SM 1558 989 667 0 1.67 0.4 287.5 M 146
================================================================================
AV 51.9 33.0 9.6 FASTST M M 5 MAX(MPH)
MISC ----> # 36 360 # 49 350
================================================================================
NOTES:
# LAST OF SEVERAL OCCURRENCES
COLUMN 17 PEAK WIND IN M.P.H.
PRELIMINARY LOCAL CLIMATOLOGICAL DATA (WS FORM: F-6) , PAGE 2
STATION: OSHKOSH WI
MONTH: APRIL
YEAR: 2020
LATITUDE: 44 0 N
LONGITUDE: 88 34 W
[TEMPERATURE DATA] [PRECIPITATION DATA] SYMBOLS USED IN COLUMN 16
AVERAGE MONTHLY: 42.5 TOTAL FOR MONTH: 1.67 1 = FOG OR MIST
DPTR FM NORMAL: -3.3 DPTR FM NORMAL: -1.05 2 = FOG REDUCING VISIBILITY
HIGHEST: 68 ON 7 GRTST 24HR 0.53 ON 12-12 TO 1/4 MILE OR LESS
LOWEST: 21 ON 15 3 = THUNDER
SNOW, ICE PELLETS, HAIL 4 = ICE PELLETS
TOTAL MONTH: 0.4 INCH 5 = HAIL
GRTST 24HR 0.4 ON 13-13 6 = FREEZING RAIN OR DRIZZLE
GRTST DEPTH: T 7 = DUSTSTORM OR SANDSTORM:
VSBY 1/2 MILE OR LESS
8 = SMOKE OR HAZE
[NO. OF DAYS WITH] [WEATHER - DAYS WITH] 9 = BLOWING SNOW
X = TORNADO
MAX 32 OR BELOW: 0 0.01 INCH OR MORE: 11
MAX 90 OR ABOVE: 0 0.10 INCH OR MORE: 5
MIN 32 OR BELOW: 15 0.50 INCH OR MORE: 1
MIN 0 OR BELOW: 0 1.00 INCH OR MORE: 0
[HDD (BASE 65) ]
TOTAL THIS MO. 667 CLEAR (SCALE 0-3) 9
DPTR FM NORMAL 89 PTCLDY (SCALE 4-7) 16
TOTAL FM JUL 1 6869 CLOUDY (SCALE 8-10) 5
DPTR FM NORMAL -252
[CDD (BASE 65) ]
TOTAL THIS MO. 0
DPTR FM NORMAL -1 [PRESSURE DATA]
TOTAL FM JAN 1 0 HIGHEST SLP 30.27 ON 16
DPTR FM NORMAL -1 LOWEST SLP 29.43 ON 20
[REMARKS]
#FINAL-04-20#