000
CXUS53 KDMX 011349
CF6OTM
PRELIMINARY LOCAL CLIMATOLOGICAL DATA (WS FORM: F-6)
STATION: OTTUMWA IA
MONTH: JANUARY
YEAR: 2023
LATITUDE: 41 6 N
LONGITUDE: 92 27 W
TEMPERATURE IN F: :PCPN: SNOW: WIND :SUNSHINE: SKY :PK WND
================================================================================
1 2 3 4 5 6A 6B 7 8 9 10 11 12 13 14 15 16 17 18
12Z AVG MX 2MIN
DY MAX MIN AVG DEP HDD CDD WTR SNW DPTH SPD SPD DIR MIN PSBL S-S WX SPD DR
================================================================================
1 46 26 36 12 29 0 0.00 0.0 0 4.8 12 30 M M 2 12 15 20
2 44 31 38 14 27 0 0.52 0.0 0 10.2 23 80 M M 5 1 30 80
3 48 32 40 16 25 0 0.10 0.0 0 13.6 31 100 M M 10 12 39 100
4 32 29 31 7 34 0 T T 0 12.1 21 240 M M 10 18 27 240
5 31 24 28 4 37 0 T T T 12.8 20 300 M M 10 1 27 290
6 35 17 26 3 39 0 0.00 0.0 0 5.7 12 290 M M 0 16 290
7 24 13 19 -4 46 0 0.00 0.0 0 6.9 12 50 M M 6 18 14 10
8 34 23 29 6 36 0 0.00 0.0 0 3.9 9 190 M M 5 18 13 190
9 53 22 38 15 27 0 0.00 0.0 0 9.2 20 190 M M 0 1 25 190
10 44 26 35 12 30 0 0.00 0.0 0 6.1 12 340 M M 0 14 350
11 46 27 37 14 28 0 0.00 0.0 0 7.5 21 340 M M 2 18 26 340
12 31 20 26 3 39 0 0.00 0.0 0 20.4 29 340 M M 10 1 35 330
13 24 12 18 -5 47 0 0.00 0.0 0 10.1 23 320 M M 7 1 32 320
14 38 12 25 3 40 0 0.00 0.0 0 12.0 21 170 M M 0 30 160
15 46 31 39 17 26 0 0.00 0.0 0 15.6 23 160 M M 1 29 170
16 60 38 49 27 16 0 0.04 0.0 0 17.6 30 220 M M 8 1 41 210
17 38 32 35 13 30 0 0.00 0.0 0 12.0 21 270 M M 10 29 290
18 34 28 31 9 34 0 0.48 T 0 9.9 23 90 M M 8 1 33 90
19 33 30 32 10 33 0 0.03 0.3 0 14.6 26 300 M M 10 12 37 320
20 32 26 29 7 36 0 0.00 0.0 0 10.3 20 310 M M 10 27 300
21 32 25 29 7 36 0 0.17 1.8 0 2.5 8 170 M M 10 12 11 160
22 31 19 25 3 40 0 0.05 0.6 2 7.5 15 330 M M 10 1 19 330
23 30 15 23 1 42 0 0.00 0.0 2 10.2 17 210 M M 8 18 22 220
24 36 25 31 9 34 0 0.00 0.0 1 4.2 8 130 M M 9 1 10 190
25 33 19 26 3 39 0 0.08 0.9 1 11.0 24 300 M M 10 1 33 290
26 24 7 16 -7 49 0 T T 1 13.3 22 290 M M 4 1 30 290
27 40 17 29 6 36 0 T T 1 14.4 28 290 M M 6 18 40 290
28 23 15 19 -4 46 0 0.02 0.4 T 13.1 22 360 M M 8 16 27 360
29 15 7 11 -12 54 0 T T T 17.0 25 350 M M 7 30 350
30 15 1 8 -15 57 0 T T T 12.0 20 340 M M 6 24 350
31 22 -1 11 -12 54 0 0.00 0.0 T 5.8 14 230 M M 0 19 230
================================================================================
SM 1074 648 1146 0 1.49 4.0 326.3 M 192
================================================================================
AV 34.6 20.9 10.5 FASTST M M 6 MAX(MPH)
MISC ----> 31 100 41 210
================================================================================
NOTES:
# LAST OF SEVERAL OCCURRENCES
COLUMN 17 PEAK WIND IN M.P.H.
PRELIMINARY LOCAL CLIMATOLOGICAL DATA (WS FORM: F-6) , PAGE 2
STATION: OTTUMWA IA
MONTH: JANUARY
YEAR: 2023
LATITUDE: 41 6 N
LONGITUDE: 92 27 W
[TEMPERATURE DATA] [PRECIPITATION DATA] SYMBOLS USED IN COLUMN 16
AVERAGE MONTHLY: 27.8 TOTAL FOR MONTH: 1.49 1 = FOG OR MIST
DPTR FM NORMAL: 4.9 DPTR FM NORMAL: 0.48 2 = FOG REDUCING VISIBILITY
HIGHEST: 60 ON 16 GRTST 24HR 0.95 ON 2- 3 TO 1/4 MILE OR LESS
LOWEST: -1 ON 31 3 = THUNDER
SNOW, ICE PELLETS, HAIL 4 = ICE PELLETS
TOTAL MONTH: 4.0 INCHES 5 = HAIL
GRTST 24HR 1.8 ON 21-21 6 = FREEZING RAIN OR DRIZZLE
GRTST DEPTH: 2 ON 23,22 7 = DUSTSTORM OR SANDSTORM:
VSBY 1/2 MILE OR LESS
8 = SMOKE OR HAZE
[NO. OF DAYS WITH] [WEATHER - DAYS WITH] 9 = BLOWING SNOW
X = TORNADO
MAX 32 OR BELOW: 14 0.01 INCH OR MORE: 9
MAX 90 OR ABOVE: 0 0.10 INCH OR MORE: 4
MIN 32 OR BELOW: 30 0.50 INCH OR MORE: 1
MIN 0 OR BELOW: 1 1.00 INCH OR MORE: 0
[HDD (BASE 65) ]
TOTAL THIS MO. 1146 CLEAR (SCALE 0-3) 8
DPTR FM NORMAL -159 PTCLDY (SCALE 4-7) 11
TOTAL FM JUL 1 3583 CLOUDY (SCALE 8-10) 12
DPTR FM NORMAL -115
[CDD (BASE 65) ]
TOTAL THIS MO. 0
DPTR FM NORMAL 0 [PRESSURE DATA]
TOTAL FM JAN 1 0 HIGHEST SLP 30.57 ON 30
DPTR FM NORMAL 0 LOWEST SLP 29.28 ON 16
[REMARKS]
#FINAL-01-23#