000
CXUS55 KPAH 010700
CF6OWB
PRELIMINARY LOCAL CLIMATOLOGICAL DATA (WS FORM: F-6)
STATION: OWENSBORO KY
MONTH: FEBRUARY
YEAR: 2021
LATITUDE: 37 45 N
LONGITUDE: 87 10 W
TEMPERATURE IN F: :PCPN: SNOW: WIND :SUNSHINE: SKY :PK WND
================================================================================
1 2 3 4 5 6A 6B 7 8 9 10 11 12 13 14 15 16 17 18
12Z AVG MX 2MIN
DY MAX MIN AVG DEP HDD CDD WTR SNW DPTH SPD SPD DIR MIN PSBL S-S WX SPD DR
================================================================================
1 36 28 32 -5 33 0 T M M 15.6 26 320 M M 10 1 31 320
2 36 25 31 -6 34 0 0.00 M M 9.9 18 320 M M 6 23 320
3 41 22 32 -5 33 0 0.00 M M 3.8 8 240 M M 1 10 250
4 44 28 36 -2 29 0 0.28 M M 14.6 33 310 M M 7 1 40 310
5 45 26 36 -2 29 0 0.00 M M 10.8 25 250 M M 5 30 250
6 42 27 35 -3 30 0 T M M 6.1 14 350 M M 4 1 17 340
7 29 15 22 -16 43 0 T M M 8.3 16 340 M M 4 1 22 340
8 38 18 28 -10 37 0 T M M 4.2 10 120 M M 9 12 140
9 35 30 33 -6 32 0 0.05 M M 7.3 14 20 M M 10 16 16 20
10 32 25 29 -10 36 0 0.68 M M 8.5 14 10 M M 10 16 17 20
11 28 23 26 -13 39 0 T M M 9.2 15 20 M M 10 16 22 30
12 27 22 25 -14 40 0 T M M 8.7 14 330 M M 10 1 16 360
13 20 17 19 -21 46 0 T M M 11.3 15 330 M M 10 16 18 340
14 23 12 18 -22 47 0 T M M 10.7 17 330 M M 10 1 22 330
15 20 13 17 -23 48 0 T M M 11.1 20 330 M M 10 16 23 320
16 19 4 12 -28 53 0 0.15 M M 7.9 17 290 M M 5 1 21 280
17 28 7 18 -23 47 0 0.01 M M 6.9 14 70 M M 7 1 16 50
18 32 16 24 -17 41 0 0.04 M M 9.3 17 300 M M 7 1 20 300
19 31 3 17 -24 48 0 0.00 M M 3.3 12 270 M M 1 18 13 270
20 35 1 18 -23 47 0 0.00 M M 4.0 9 170 M M 2 8 10 180
21 49 23 36 -6 29 0 T M M 10.9 23 220 M M 3 25 220
22 50 36 43 1 22 0 0.02 M M 11.0 21 220 M M 6 1 25 220
23 62 36 49 7 16 0 0.00 M M 7.2 16 290 M M 0 20 290
24 66 41 54 12 11 0 0.01 M M 10.1 22 280 M M 4 28 280
25 52 31 42 -1 23 0 0.00 M M 6.7 14 60 M M 0 20 10
26 45 37 41 -2 24 0 0.05 M M 8.6 16 100 M M 7 1 20 100
27 54 44 49 6 16 0 0.22 M M 7.7 20 160 M M 10 1 23 310
28 68 48 58 14 7 0 2.27 M M 9.7 24 300 M M 10 13 31 310
================================================================================
SM 1087 658 940 0 3.78 M 243.4 M 178
================================================================================
AV 38.8 23.5 8.7 FASTST M M 6 MAX(MPH)
MISC ----> 33 310 40 310
================================================================================
NOTES:
# LAST OF SEVERAL OCCURRENCES
COLUMN 17 PEAK WIND IN M.P.H.
PRELIMINARY LOCAL CLIMATOLOGICAL DATA (WS FORM: F-6) , PAGE 2
STATION: OWENSBORO KY
MONTH: FEBRUARY
YEAR: 2021
LATITUDE: 37 45 N
LONGITUDE: 87 10 W
[TEMPERATURE DATA] [PRECIPITATION DATA] SYMBOLS USED IN COLUMN 16
AVERAGE MONTHLY: 31.2 TOTAL FOR MONTH: 3.78 1 = FOG OR MIST
DPTR FM NORMAL: -8.9 DPTR FM NORMAL: -0.33 2 = FOG REDUCING VISIBILITY
HIGHEST: 68 ON 28 GRTST 24HR 2.44 ON 27-28 TO 1/4 MILE OR LESS
LOWEST: 1 ON 20 3 = THUNDER
SNOW, ICE PELLETS, HAIL 4 = ICE PELLETS
TOTAL MONTH: M 5 = HAIL
GRTST 24HR M ON M 6 = FREEZING RAIN OR DRIZZLE
GRTST DEPTH: M ON M 7 = DUSTSTORM OR SANDSTORM:
VSBY 1/2 MILE OR LESS
8 = SMOKE OR HAZE
[NO. OF DAYS WITH] [WEATHER - DAYS WITH] 9 = BLOWING SNOW
X = TORNADO
MAX 32 OR BELOW: 11 0.01 INCH OR MORE: 11
MAX 90 OR ABOVE: 0 0.10 INCH OR MORE: 5
MIN 32 OR BELOW: 22 0.50 INCH OR MORE: 2
MIN 0 OR BELOW: 0 1.00 INCH OR MORE: 1
[HDD (BASE 65) ]
TOTAL THIS MO. 940 CLEAR (SCALE 0-3) 6
DPTR FM NORMAL 243 PTCLDY (SCALE 4-7) 11
TOTAL FM JUL 1 3336 CLOUDY (SCALE 8-10) 11
DPTR FM NORMAL 247
[CDD (BASE 65) ]
TOTAL THIS MO. 0
DPTR FM NORMAL 0 [PRESSURE DATA]
TOTAL FM JAN 1 0 HIGHEST SLP 30.50 ON 20
DPTR FM NORMAL 0 LOWEST SLP 29.78 ON 28
[REMARKS]
#FINAL-02-21#