234
CDUS44 KLZK 160706
CLIPBF


CLIMATE REPORT
NATIONAL WEATHER SERVICE LITTLE ROCK AR
105 AM CST TUE JAN 16 2018


...................................

...THE PINE BLUFF CLIMATE SUMMARY FOR JANUARY 15 2018...

CLIMATE NORMAL PERIOD 1981 TO 2010
CLIMATE RECORD PERIOD 1883 TO 2018


WEATHER ITEM   OBSERVED TIME   RECORD YEAR NORMAL DEPARTURE LAST
                VALUE   (LST)  VALUE       VALUE  FROM      YEAR
                                                  NORMAL
..................................................................
TEMPERATURE (F)
 YESTERDAY
  MAXIMUM         49   1239 PM  80    1928  52     -3       50
  MINIMUM         23    423 AM  10    1892  33    -10       44
  AVERAGE         36                        42     -6       47

PRECIPITATION (IN)
  YESTERDAY        0.09          2.61 1954   0.13  -0.04      T
  MONTH TO DATE    1.35                      1.77  -0.42     0.95
  SINCE DEC 1      9.63                      7.21   2.42     5.53
  SINCE JAN 1      1.35                      1.77  -0.42     0.95

SNOWFALL (IN)
  YESTERDAY        0.5           3.0  1917   0.1    0.4      0.0
  MONTH TO DATE    0.6                       0.5    0.1      1.5
  SINCE DEC 1      0.6                       0.7   -0.1      1.5
  SINCE JUL 1      0.6                       0.7   -0.1      1.5
  SNOW DEPTH       0

DEGREE DAYS
 HEATING
  YESTERDAY       29                        23      6       18
  MONTH TO DATE  464                       345    119      305
  SINCE DEC 1   1123                       994    129      916
  SINCE JUL 1   1586                      1498     88     1213

 COOLING
  YESTERDAY        0                         0      0        0
  MONTH TO DATE    0                         0      0        5
  SINCE DEC 1      0                         1     -1       10
  SINCE JAN 1      0                         0      0        5
..................................................................


WIND (MPH)
  HIGHEST WIND SPEED    24   HIGHEST WIND DIRECTION     N (10)
  HIGHEST GUST SPEED    30   HIGHEST GUST DIRECTION     N (360)
  AVERAGE WIND SPEED     8.4


SKY COVER
  POSSIBLE SUNSHINE  MM
  AVERAGE SKY COVER 0.5


WEATHER CONDITIONS
 THE FOLLOWING WEATHER WAS RECORDED YESTERDAY.
  LIGHT RAIN
  LIGHT SNOW
  FOG


RELATIVE HUMIDITY (PERCENT)
 HIGHEST    92          1100 PM
 LOWEST     42          1200 PM
 AVERAGE    67

..........................................................


THE PINE BLUFF CLIMATE NORMALS FOR TODAY
                         NORMAL    RECORD    YEAR
 MAXIMUM TEMPERATURE (F)   52        81      1943
 MINIMUM TEMPERATURE (F)   33        12      1905


SUNRISE AND SUNSET
JANUARY 16 2018.......SUNRISE   713 AM CST   SUNSET   522 PM CST
JANUARY 17 2018.......SUNRISE   713 AM CST   SUNSET   523 PM CST


-  INDICATES NEGATIVE NUMBERS.
R  INDICATES RECORD WAS SET OR TIED.
MM INDICATES DATA IS MISSING.
T  INDICATES TRACE AMOUNT.




$$
