000
CDUS44 KLZK 240633
CLIPBF


CLIMATE REPORT
NATIONAL WEATHER SERVICE LITTLE ROCK AR
133 AM CDT TUE OCT 24 2017


...................................

...THE PINE BLUFF CLIMATE SUMMARY FOR OCTOBER 23 2017...

CLIMATE NORMAL PERIOD 1981 TO 2010
CLIMATE RECORD PERIOD 1883 TO 2017


WEATHER ITEM   OBSERVED TIME   RECORD YEAR NORMAL DEPARTURE LAST
                VALUE   (LST)  VALUE       VALUE  FROM      YEAR
                                                  NORMAL
..................................................................
TEMPERATURE (F)
 YESTERDAY
  MAXIMUM         75    214 PM  96    1939  73      2       76
  MINIMUM         46    703 AM  28    1952  50     -4       44
  AVERAGE         61                        61      0       60

PRECIPITATION (IN)
  YESTERDAY        0.00          2.30 1913   0.17  -0.17     0.00
  MONTH TO DATE    0.59                      3.70  -3.11     0.60
  SINCE SEP 1      1.39                      6.39  -5.00     1.92
  SINCE JAN 1     41.90                     39.58   2.32    45.87

SNOWFALL (IN)
  YESTERDAY        0.0          MM      MM   0.0    0.0      0.0
  MONTH TO DATE    0.0                       0.0    0.0      0.0
  SINCE SEP 1      0.0                       0.0    0.0      0.0
  SINCE JUL 1      0.0                       0.0    0.0      0.0
  SNOW DEPTH       0

DEGREE DAYS
 HEATING
  YESTERDAY        4                         6     -2        5
  MONTH TO DATE   37                        72    -35       27
  SINCE SEP 1     39                        83    -44       27
  SINCE JUL 1     39                        83    -44       27

 COOLING
  YESTERDAY        0                         2     -2        0
  MONTH TO DATE  130                        65     65      108
  SINCE SEP 1    413                       351     62      480
  SINCE JAN 1   2059                      2109    -50     2288
..................................................................


WIND (MPH)
  HIGHEST WIND SPEED    15   HIGHEST WIND DIRECTION    SW (210)
  HIGHEST GUST SPEED    20   HIGHEST GUST DIRECTION    SW (240)
  AVERAGE WIND SPEED     7.1


SKY COVER
  POSSIBLE SUNSHINE  MM
  AVERAGE SKY COVER 0.1


WEATHER CONDITIONS
 THE FOLLOWING WEATHER WAS RECORDED YESTERDAY.
  NO SIGNIFICANT WEATHER WAS OBSERVED.


RELATIVE HUMIDITY (PERCENT)
 HIGHEST    93           600 AM
 LOWEST     31          1200 PM
 AVERAGE    62

..........................................................


THE PINE BLUFF CLIMATE NORMALS FOR TODAY
                         NORMAL    RECORD    YEAR
 MAXIMUM TEMPERATURE (F)   72        95      1927
 MINIMUM TEMPERATURE (F)   49        27      1917


SUNRISE AND SUNSET
OCTOBER 24 2017.......SUNRISE   721 AM CDT   SUNSET   623 PM CDT
OCTOBER 25 2017.......SUNRISE   722 AM CDT   SUNSET   621 PM CDT


-  INDICATES NEGATIVE NUMBERS.
R  INDICATES RECORD WAS SET OR TIED.
MM INDICATES DATA IS MISSING.
T  INDICATES TRACE AMOUNT.




$$
