000
CXUS52 KMFL 011030
CF6PBI
PRELIMINARY LOCAL CLIMATOLOGICAL DATA (WS FORM: F-6)
STATION: WEST PALM BEACH
MONTH: AUGUST
YEAR: 2021
LATITUDE: 26 40 N
LONGITUDE: 80 7 W
TEMPERATURE IN F: :PCPN: SNOW: WIND :SUNSHINE: SKY :PK WND
================================================================================
1 2 3 4 5 6A 6B 7 8 9 10 11 12 13 14 15 16 17 18
12Z AVG MX 2MIN
DY MAX MIN AVG DEP HDD CDD WTR SNW DPTH SPD SPD DIR MIN PSBL S-S WX SPD DR
================================================================================
1 93 80 87 3 0 22 0.26 0.0 0 7.2 18 150 M M 3 38 22 150
2 93 74 84 0 0 19 0.98 0.0 0 5.1 29 200 M M 6 13 37 200
3 89 71 80 -4 0 15 2.31 0.0 0 7.9 32 230 M M 7 123 40 230
4 90 72 81 -3 0 16 0.01 0.0 0 5.6 25 270 M M 7 3 31 270
5 92 73 83 -1 0 18 T M M 6.1 16 140 M M 4 3 20 140
6 92 78 85 1 0 20 0.20 M M 7.3 20 140 M M 4 13 25 130
7 92 76 84 0 0 19 2.16 0.0 M 4.2 25 230 M M 6 138 33 230
8 91 77 84 0 0 19 0.04 0.0 M 6.2 14 120 M M 6 3 22 130
9 90 82 86 2 0 21 0.02 0.0 0 9.0 16 110 M M 4 3 20 100
10 91 81 86 3 0 21 0.02 0.0 0 9.4 16 100 M M 5 3 22 110
11 91 83 87 4 0 22 0.00 M M 10.4 17 110 M M 4 3 23 80
12 91 81 86 3 0 21 0.09 0.0 0 12.3 23 90 M M 5 30 80
13 90 74 82 -1 0 17 1.55 0.0 0 11.7 29 90 M M 8 13 36 60
14 89 75 82 -1 0 17 0.71 0.0 0 15.0 29 140 M M 8 13 34 140
15 89 83 86 3 0 21 0.00 0.0 0 14.8 22 110 M M 8 26 100
16 91 80 86 3 0 21 0.07 0.0 0 8.5 18 140 M M 5 3 21 140
17 91 79 85 2 0 20 0.00 0.0 0 8.3 21 110 M M 4 24 130
18 91 83 87 4 0 22 0.00 0.0 0 10.7 17 110 M M 4 24 130
19 90 78 84 1 0 19 0.43 M M 6.1 18 80 M M 4 1 22 70
20 92 77 85 2 0 20 T M M 5.8 13 120 M M 3 17 130
21 92 80 86 3 0 21 0.00 M M 9.2 18 140 M M 4 23 130
22 92 80 86 3 0 21 T 0.0 0 6.9 16 120 M M 7 3 22 90
23 92 74 83 0 0 18 0.29 0.0 0 6.7 29 260 M M 8 3 36 260
24 91 77 84 1 0 19 0.00 0.0 0 8.6 21 120 M M 7 25 120
25 89 78 84 1 0 19 0.31 0.0 0 14.6 37 120 M M 6 13 42 100
26 90 78 84 1 0 19 0.32 M M 11.2 26 90 M M 7 13 34 90
27 89 79 84 1 0 19 0.13 0.0 0 12.6 25 100 M M 8 13 32 110
28 89 83 86 3 0 21 0.00 0.0 0 11.5 21 120 M M 7 24 100
29 91 82 87 4 0 22 0.00 0.0 0 9.4 16 100 M M 6 20 110
30 90 78 84 1 0 19 T 0.0 0 6.6 14 90 M M 4 21 90
31 92 76 84 1 0 19 T M M 4.9 14 180 M M 4 3 17 180
================================================================================
SM 2815 2422 0 607 9.90 0.0 273.8 M 173
================================================================================
AV 90.8 78.1 8.8 FASTST M M 6 MAX(MPH)
MISC ----> 37 120 42 100
================================================================================
NOTES:
# LAST OF SEVERAL OCCURRENCES
COLUMN 17 PEAK WIND IN M.P.H.
PRELIMINARY LOCAL CLIMATOLOGICAL DATA (WS FORM: F-6) , PAGE 2
STATION: WEST PALM BEACH
MONTH: AUGUST
YEAR: 2021
LATITUDE: 26 40 N
LONGITUDE: 80 7 W
[TEMPERATURE DATA] [PRECIPITATION DATA] SYMBOLS USED IN COLUMN 16
AVERAGE MONTHLY: 84.5 TOTAL FOR MONTH: 9.90 1 = FOG OR MIST
DPTR FM NORMAL: 1.3 DPTR FM NORMAL: 1.22 2 = FOG REDUCING VISIBILITY
HIGHEST: 93 ON 2, 1 GRTST 24HR 2.31 ON 3- 3 TO 1/4 MILE OR LESS
LOWEST: 71 ON 3 3 = THUNDER
SNOW, ICE PELLETS, HAIL 4 = ICE PELLETS
TOTAL MONTH: 0.0 INCH 5 = HAIL
GRTST 24HR 0.0 6 = FREEZING RAIN OR DRIZZLE
GRTST DEPTH: 0 7 = DUSTSTORM OR SANDSTORM:
VSBY 1/2 MILE OR LESS
8 = SMOKE OR HAZE
[NO. OF DAYS WITH] [WEATHER - DAYS WITH] 9 = BLOWING SNOW
X = TORNADO
MAX 32 OR BELOW: 0 0.01 INCH OR MORE: 18
MAX 90 OR ABOVE: 25 0.10 INCH OR MORE: 12
MIN 32 OR BELOW: 0 0.50 INCH OR MORE: 5
MIN 0 OR BELOW: 0 1.00 INCH OR MORE: 3
[HDD (BASE 65) ]
TOTAL THIS MO. 0 CLEAR (SCALE 0-3) 2
DPTR FM NORMAL 0 PTCLDY (SCALE 4-7) 28
TOTAL FM JUL 1 0 CLOUDY (SCALE 8-10) 1
DPTR FM NORMAL 0
[CDD (BASE 65) ]
TOTAL THIS MO. 607
DPTR FM NORMAL 43 [PRESSURE DATA]
TOTAL FM JAN 1 3266 HIGHEST SLP 30.17 ON 10
DPTR FM NORMAL 455 LOWEST SLP 29.88 ON 31
[REMARKS]
#FINAL-08-21#