000
CXUS53 KARX 010930
CF6PDC
PRELIMINARY LOCAL CLIMATOLOGICAL DATA (WS FORM: F-6)
STATION: PRAIRIE_DU_CHIEN_MUN
MONTH: AUGUST
YEAR: 2020
LATITUDE: 43 1 N
LONGITUDE: 91 7 W
TEMPERATURE IN F: :PCPN: SNOW: WIND :SUNSHINE: SKY :PK WND
================================================================================
1 2 3 4 5 6A 6B 7 8 9 10 11 12 13 14 15 16 17 18
12Z AVG MX 2MIN
DY MAX MIN AVG DEP HDD CDD WTR SNW DPTH SPD SPD DIR MIN PSBL S-S WX SPD DR
================================================================================
1 82 62 72 M 0 7 0.00 0.0 0 1.7 6 10 M M 3 1 M M
2 77 63 70 M 0 5 0.00 0.0 0 7.0 14 350 M M 8 20 320
3 71 56 64 M 1 0 0.00 0.0 0 6.2 12 360 M M 5 17 20
4 75 51 63 M 2 0 0.00 0.0 0 2.6 9 310 M M 4 M M
5 79 54 67 M 0 2 0.00 0.0 0 1.6 6 190 M M 3 M M
6 80 57 69 M 0 4 0.00 0.0 0 4.0 9 150 M M 4 M M
7 83 61 72 M 0 7 0.00 0.0 0 6.0 12 130 M M 3 M M
8 90 71 81 M 0 16 0.00 0.0 0 5.8 10 180 M M 2 M M
9 80 67 74 M 0 9 0.92 0.0 0 3.7 15 90 M M 4 1 32 30
10 82 61 72 M 0 7 0.23 0.0 0 3.6 12 110 M M 4 18 310
11 81 57 69 M 0 4 0.00 0.0 0 1.0 6 280 M M 0 M M
12 82 55 69 M 0 4 0.00 0.0 0 4.1 10 130 M M 2 12 M M
13 85 64 75 M 0 10 0.00 0.0 0 3.8 8 110 M M 3 M M
14 84 62 73 M 0 8 0.00 0.0 0 3.3 8 130 M M 0 M M
15 79 60 70 M 0 5 M 0.0 0 5.8 14 350 M M 3 18 310
16 85 57 71 M 0 6 0.00 0.0 0 3.4 13 310 M M 2 21 310
17 82 60 71 M 0 6 0.00 0.0 0 4.3 14 330 M M 3 18 320
18 78 55 67 M 0 2 0.00 0.0 0 2.3 9 10 M M 1 M M
19 81 54 68 M 0 3 0.00 0.0 0 2.5 7 220 M M 1 128 M M
20 82 61 72 M 0 7 0.00 0.0 0 3.8 9 200 M M 0 M M
21 85 58 72 M 0 7 0.00 0.0 0 3.6 8 190 M M 2 8 M M
22 82 65 74 M 0 9 0.00 0.0 0 3.5 9 130 M M 4 8 16 130
23 89 64 77 M 0 12 0.00 0.0 0 2.0 6 110 M M 0 M M
24 92 66 79 M 0 14 0.00 0.0 0 2.1 8 10 M M 1 1 M M
25 93 70 82 M 0 17 0.00 0.0 0 3.8 9 190 M M 0 M M
26 94 70 82 M 0 17 0.00 0.0 0 3.7 12 190 M M 1 16 200
27 94 71 83 M 0 18 0.00 0.0 0 3.4 9 220 M M 2 M M
28 92 70 81 M 0 16 M 0.0 0 6.2 17 280 M M 4 25 280
29 80 56 68 M 0 3 0.00 0.0 0 7.0 13 320 M M 0 17 310
30 78 52 65 M 0 0 0.00 0.0 0 4.7 8 120 M M 2 1 M M
31 76 53 65 M 0 0 0.38 0.0 0 4.1 10 330 M M 3 21 260
================================================================================
SM 2573 1883 3 225 1.53 0.0 120.6 M 74
================================================================================
AV 83.0 60.7 3.9 FASTST M M 2 MAX(MPH)
MISC ----> # 17 280 # 32 30
================================================================================
NOTES:
# LAST OF SEVERAL OCCURRENCES
COLUMN 17 PEAK WIND IN M.P.H.
PRELIMINARY LOCAL CLIMATOLOGICAL DATA (WS FORM: F-6) , PAGE 2
STATION: PRAIRIE_DU_CHIEN_MUN
MONTH: AUGUST
YEAR: 2020
LATITUDE: 43 1 N
LONGITUDE: 91 7 W
[TEMPERATURE DATA] [PRECIPITATION DATA] SYMBOLS USED IN COLUMN 16
AVERAGE MONTHLY: 71.9 TOTAL FOR MONTH: 1.53 1 = FOG OR MIST
DPTR FM NORMAL: M DPTR FM NORMAL: M 2 = FOG REDUCING VISIBILITY
HIGHEST: 94 ON 27,26 GRTST 24HR 0.92 ON 9- 9 TO 1/4 MILE OR LESS
LOWEST: 51 ON 4 3 = THUNDER
SNOW, ICE PELLETS, HAIL 4 = ICE PELLETS
TOTAL MONTH: 0.0 INCH 5 = HAIL
GRTST 24HR 0.0 6 = FREEZING RAIN OR DRIZZLE
GRTST DEPTH: 0 7 = DUSTSTORM OR SANDSTORM:
VSBY 1/2 MILE OR LESS
8 = SMOKE OR HAZE
[NO. OF DAYS WITH] [WEATHER - DAYS WITH] 9 = BLOWING SNOW
X = TORNADO
MAX 32 OR BELOW: 0 0.01 INCH OR MORE: 3
MAX 90 OR ABOVE: 6 0.10 INCH OR MORE: 3
MIN 32 OR BELOW: 0 0.50 INCH OR MORE: 1
MIN 0 OR BELOW: 0 1.00 INCH OR MORE: 0
[HDD (BASE 65) ]
TOTAL THIS MO. 3 CLEAR (SCALE 0-3) 21
DPTR FM NORMAL M PTCLDY (SCALE 4-7) 10
TOTAL FM JUL 1 3 CLOUDY (SCALE 8-10) 0
DPTR FM NORMAL M
[CDD (BASE 65) ]
TOTAL THIS MO. 225
DPTR FM NORMAL M [PRESSURE DATA]
TOTAL FM JAN 1 686 HIGHEST SLP M ON M
DPTR FM NORMAL M LOWEST SLP M ON M
[REMARKS]
#FINAL-08-20#