000
CXUS54 KEWX 011010
CF6PEZ
PRELIMINARY LOCAL CLIMATOLOGICAL DATA (WS FORM: F-6)
STATION: PLEASANTON MUNICIPAL AIRPORT
MONTH: APRIL
YEAR: 2020
LATITUDE: 28 57 N
LONGITUDE: 98 31 W
TEMPERATURE IN F: :PCPN: SNOW: WIND :SUNSHINE: SKY :PK WND
================================================================================
1 2 3 4 5 6A 6B 7 8 9 10 11 12 13 14 15 16 17 18
12Z AVG MX 2MIN
DY MAX MIN AVG DEP HDD CDD WTR SNW DPTH SPD SPD DIR MIN PSBL S-S WX SPD DR
================================================================================
1 82 49 66 M 0 1 0.00 M M 7.1 14 140 M M 0 21 100
2 71 58 65 M 0 0 0.06 M M 4.3 9 140 M M 9 1 M M
3 78 52 65 M 0 0 0.40 M M 6.2 14 60 M M 9 13 24 60
4 56 49 53 M 12 0 1.11 M M 8.1 13 50 M M 10 13 21 50
5 71 53 62 M 3 0 0.00 M M 3.9 8 110 M M 9 1 M M
6 76 61 69 M 0 4 0.00 M M 2.5 6 140 M M 8 12 M M
7 85 68 77 M 0 12 0.00 M M 2.8 8 170 M M 6 12 M M
8 91 69 80 M 0 15 0.00 M M 2.4 7 160 M M 3 12 M M
9 90 64 77 M 0 12 0.60 M M 3.5 18 50 M M 1 13 23 50
10 75 63 69 M 0 4 0.00 M M 6.6 14 120 M M 6 21 120
11 81 64 73 M 0 8 0.00 M M 6.8 12 140 M M 9 17 140
12 86 55 71 M 0 6 0.00 M M 10.2 27 300 M M 3 1 35 280
13 69 48 59 M 6 0 0.00 M M 9.9 16 50 M M 0 24 50
14 67 49 58 M 7 0 0.00 M M 10.1 15 30 M M 6 22 50
15 68 44 56 M 9 0 0.00 M M 5.0 10 40 M M 0 17 60
16 79 45 62 M 3 0 0.00 M M 5.7 13 160 M M 5 20 130
17 77 58 68 M 0 3 0.00 M M 4.4 13 40 M M 10 16 40
18 63 53 58 M 7 0 0.00 M M 7.6 14 40 M M 10 1 20 30
19 92 54 73 M 0 8 0.00 M M 3.7 13 290 M M 5 1 20 290
20 93 46 70 M 0 5 0.00 M M 3.3 8 140 M M 0 M M
21 90 65 78 M 0 13 0.00 M M 7.5 16 140 M M 7 1 23 130
22 85 71 78 M 0 13 0.00 M M 3.8 8 140 M M 6 1 M M
23 91 62 77 M 0 12 0.00 M M 5.7 13 20 M M 2 12 20 20
24 98 53 76 M 0 11 0.00 M M 5.0 15 40 M M 0 27 50
25 81 66 74 M 0 9 0.00 M M 10.5 16 40 M M 1 27 50
26 87 49 68 M 0 3 0.00 M M 5.1 10 110 M M 1 18 110
27 89 57 73 M 0 8 0.00 M M 8.5 16 150 M M 3 3 23 170
28 91 67 79 M 0 14 0.03 M M 8.4 13 140 M M 4 13 21 260
29 85 56 71 M 0 6 0.00 M M 7.2 20 50 M M 2 12 24 50
30 89 49 69 M 0 4 0.00 M M 2.7 10 140 M M 0 M M
================================================================================
SM 2436 1697 47 171 2.20 M 178.5 M 135
================================================================================
AV 81.2 56.6 5.9 FASTST M M 5 MAX(MPH)
MISC ----> # 27 300 # 35 280
================================================================================
NOTES:
# LAST OF SEVERAL OCCURRENCES
COLUMN 17 PEAK WIND IN M.P.H.
PRELIMINARY LOCAL CLIMATOLOGICAL DATA (WS FORM: F-6) , PAGE 2
STATION: PLEASANTON MUNICIPAL AIRPORT
MONTH: APRIL
YEAR: 2020
LATITUDE: 28 57 N
LONGITUDE: 98 31 W
[TEMPERATURE DATA] [PRECIPITATION DATA] SYMBOLS USED IN COLUMN 16
AVERAGE MONTHLY: 68.9 TOTAL FOR MONTH: 2.20 1 = FOG OR MIST
DPTR FM NORMAL: M DPTR FM NORMAL: M 2 = FOG REDUCING VISIBILITY
HIGHEST: 98 ON 24 GRTST 24HR 1.11 ON 4- 4 TO 1/4 MILE OR LESS
LOWEST: 44 ON 15 3 = THUNDER
SNOW, ICE PELLETS, HAIL 4 = ICE PELLETS
TOTAL MONTH: M 5 = HAIL
GRTST 24HR M ON M 6 = FREEZING RAIN OR DRIZZLE
GRTST DEPTH: M ON M 7 = DUSTSTORM OR SANDSTORM:
VSBY 1/2 MILE OR LESS
8 = SMOKE OR HAZE
[NO. OF DAYS WITH] [WEATHER - DAYS WITH] 9 = BLOWING SNOW
X = TORNADO
MAX 32 OR BELOW: 0 0.01 INCH OR MORE: 5
MAX 90 OR ABOVE: 8 0.10 INCH OR MORE: 3
MIN 32 OR BELOW: 0 0.50 INCH OR MORE: 2
MIN 0 OR BELOW: 0 1.00 INCH OR MORE: 1
[HDD (BASE 65) ]
TOTAL THIS MO. 47 CLEAR (SCALE 0-3) 13
DPTR FM NORMAL M PTCLDY (SCALE 4-7) 10
TOTAL FM JUL 1 1302 CLOUDY (SCALE 8-10) 7
DPTR FM NORMAL M
[CDD (BASE 65) ]
TOTAL THIS MO. 171
DPTR FM NORMAL M [PRESSURE DATA]
TOTAL FM JAN 1 431 HIGHEST SLP M ON M
DPTR FM NORMAL M LOWEST SLP M ON M
[REMARKS]
#FINAL-04-20#