000
CXUS56 KFGZ 010910
CF6PGA
PRELIMINARY LOCAL CLIMATOLOGICAL DATA (WS FORM: F-6)
STATION: PAGE AZ AIRPORT
MONTH: JULY
YEAR: 2022
LATITUDE: 36 55 N
LONGITUDE: 111 27 W
TEMPERATURE IN F: :PCPN: SNOW: WIND :SUNSHINE: SKY :PK WND
================================================================================
1 2 3 4 5 6A 6B 7 8 9 10 11 12 13 14 15 16 17 18
12Z AVG MX 2MIN
DY MAX MIN AVG DEP HDD CDD WTR SNW DPTH SPD SPD DIR MIN PSBL S-S WX SPD DR
================================================================================
1 98 73 86 2 0 21 0.00 M M 7.7 26 150 M M 0 38 35 170
2 98 71 85 1 0 20 0.00 M M 4.9 12 190 M M 0 20 250
3 98 78 88 3 0 23 0.00 M M 7.6 17 190 M M 1 27 180
4 98 74 86 1 0 21 0.00 M M 8.3 21 170 M M 0 32 180
5 94 70 82 -3 0 17 0.06 M M 6.2 24 130 M M 4 3 33 190
6 96 68 82 -3 0 17 0.00 M M 3.5 14 150 M M 1 21 100
7 98 71 85 0 0 20 0.00 M M 5.3 14 10 M M 0 19 20
8 103 72 88 3 0 23 0.00 M M 5.2 15 40 M M 0 M M
9 104 76 90 5 0 25 0.00 M M 4.6 18 170 M M 0 24 160
10 103 81 92 7 0 27 0.00 M M 3.8 14 10 M M 0 18 300
11 105 78 92 6 0 27 0.00 M M 4.8 29 140 M M 0 35 120
12 104 76 90 4 0 25 T M M 8.6 30 150 M M 0 3 36 140
13 100 76 88 2 0 23 T M M 5.8 23 170 M M 1 29 160
14 100 79 90 4 0 25 T M M 6.9 21 170 M M 2 3 28 190
15 99 75 87 1 0 22 T M M 3.8 18 230 M M 1 3 28 210
16 102 75 89 3 0 24 0.00 M M 5.2 12 70 M M 0 16 10
17 106 83 95 9 0 30 T M M 8.5 39 150 M M 1 38 49 160
18 101 77 89 3 0 24 0.00 M M 4.6 14 280 M M 0 21 290
19 101 77 89 3 0 24 T M M 4.8 20 230 M M 1 3 27 240
20 103 79 91 5 0 26 T M M 5.8 21 20 M M 0 3 31 30
21 107 77 92 6 0 27 0.00 M M 5.6 18 20 M M 0 22 20
22 106 79 93 7 0 28 T M M 3.9 13 230 M M 0 22 250
23 103 82 93 7 0 28 T M M 7.0 21 190 M M 1 31 330
24 98 75 87 2 0 22 0.02 M M 6.1 30 170 M M 1 38 41 180
25 M 72 M M M M T M M 5.8 17 320 M M 2 3 25 300
26 89 71 80 -5 0 15 0.01 M M 4.3 10 160 M M 3 12 300
27 89 67 78 -7 0 13 0.19 M M 4.5 23 110 M M 4 13 29 30
28 85 65 75 -10 0 10 0.48 M M 4.6 20 130 M M 5 13 24 140
29 91 71 81 -4 0 16 0.00 M M 4.7 20 350 M M 2 3 25 340
30 88 71 80 -5 0 15 0.02 M M 4.6 17 160 M M 4 3 23 180
31 93 75 84 -1 0 19 0.00 M M 4.2 12 280 M M 2 3 20 260
================================================================================
SM 2960 2314 0 657 0.78 M 171.2 M 36
================================================================================
AV 98.7 74.6 5.5 FASTST M M 1 MAX(MPH)
MISC ----> 39 150 49 160
================================================================================
NOTES:
# LAST OF SEVERAL OCCURRENCES
COLUMN 17 PEAK WIND IN M.P.H.
PRELIMINARY LOCAL CLIMATOLOGICAL DATA (WS FORM: F-6) , PAGE 2
STATION: PAGE AZ AIRPORT
MONTH: JULY
YEAR: 2022
LATITUDE: 36 55 N
LONGITUDE: 111 27 W
[TEMPERATURE DATA] [PRECIPITATION DATA] SYMBOLS USED IN COLUMN 16
AVERAGE MONTHLY: 86.7 TOTAL FOR MONTH: 0.78 1 = FOG OR MIST
DPTR FM NORMAL: 1.4 DPTR FM NORMAL: 0.23 2 = FOG REDUCING VISIBILITY
HIGHEST: 107 ON 21 GRTST 24HR 0.59 ON 27-28 TO 1/4 MILE OR LESS
LOWEST: 65 ON 28 3 = THUNDER
SNOW, ICE PELLETS, HAIL 4 = ICE PELLETS
TOTAL MONTH: M 5 = HAIL
GRTST 24HR M ON M 6 = FREEZING RAIN OR DRIZZLE
GRTST DEPTH: M ON M 7 = DUSTSTORM OR SANDSTORM:
VSBY 1/2 MILE OR LESS
8 = SMOKE OR HAZE
[NO. OF DAYS WITH] [WEATHER - DAYS WITH] 9 = BLOWING SNOW
X = TORNADO
MAX 32 OR BELOW: 0 0.01 INCH OR MORE: 6
MAX 90 OR ABOVE: 26 0.10 INCH OR MORE: 2
MIN 32 OR BELOW: 0 0.50 INCH OR MORE: 0
MIN 0 OR BELOW: 0 1.00 INCH OR MORE: 0
[HDD (BASE 65) ]
TOTAL THIS MO. 0 CLEAR (SCALE 0-3) 27
DPTR FM NORMAL 0 PTCLDY (SCALE 4-7) 4
TOTAL FM JUL 1 0 CLOUDY (SCALE 8-10) 0
DPTR FM NORMAL 0
[CDD (BASE 65) ]
TOTAL THIS MO. 657
DPTR FM NORMAL 29 [PRESSURE DATA]
TOTAL FM JAN 1 1405 HIGHEST SLP M ON M
DPTR FM NORMAL 119 LOWEST SLP 29.59 ON 3
[REMARKS]
#FINAL-07-22#