000
CXUS56 KFGZ 010910
CF6PGA
PRELIMINARY LOCAL CLIMATOLOGICAL DATA (WS FORM: F-6)
STATION: PAGE AZ AIRPORT
MONTH: MARCH
YEAR: 2022
LATITUDE: 36 55 N
LONGITUDE: 111 27 W
TEMPERATURE IN F: :PCPN: SNOW: WIND :SUNSHINE: SKY :PK WND
================================================================================
1 2 3 4 5 6A 6B 7 8 9 10 11 12 13 14 15 16 17 18
12Z AVG MX 2MIN
DY MAX MIN AVG DEP HDD CDD WTR SNW DPTH SPD SPD DIR MIN PSBL S-S WX SPD DR
================================================================================
1 62 32 47 -1 18 0 0.00 M M 1.9 7 60 M M 0 10 340
2 69 36 53 5 12 0 0.00 M M 2.2 15 20 M M 0 8 23 10
3 66 38 52 4 13 0 0.00 M M 3.3 12 40 M M 0 15 50
4 61 43 52 3 13 0 T M M 7.5 22 210 M M 5 38 38 220
5 56 35 46 -3 19 0 0.03 M M 8.5 38 180 M M 8 18 49 190
6 49 31 40 -9 25 0 0.00 M M 6.9 16 270 M M 4 25 280
7 47 34 41 -9 24 0 0.00 M M 7.6 20 10 M M 5 26 10
8 49 27 38 -12 27 0 0.00 M M 3.4 9 60 M M 0 14 40
9 58 31 45 -5 20 0 0.00 M M 7.0 22 280 M M 2 8 35 270
10 47 32 40 -10 25 0 0.09 M M 6.5 20 20 M M 7 12 24 20
11 49 24 37 -14 28 0 0.00 M M 3.5 9 150 M M 0 14 120
12 56 29 43 -8 22 0 0.00 M M 2.4 9 360 M M 0 8 12 360
13 64 32 48 -3 17 0 0.00 M M 4.3 16 260 M M 0 27 280
14 59 41 50 -2 15 0 0.00 M M 4.2 10 10 M M 0 17 300
15 66 36 51 -1 14 0 0.00 M M 2.8 8 10 M M 0 12 10
16 60 43 52 0 13 0 0.06 M M 4.8 22 40 M M 4 27 40
17 59 40 50 -3 15 0 0.00 M M 5.3 10 300 M M 0 15 310
18 65 38 52 -1 13 0 0.00 M M 3.6 13 50 M M 0 16 50
19 67 39 53 0 12 0 0.00 M M 5.9 21 160 M M 0 24 160
20 64 45 55 2 10 0 0.02 M M 9.3 23 280 M M 4 32 290
21 64 39 52 -2 13 0 0.00 M M 10.5 20 300 M M 1 29 290
22 62 43 53 -1 12 0 0.00 M M 9.0 18 20 M M 0 24 20
23 68 38 53 -1 12 0 0.00 M M 4.4 13 50 M M 0 15 60
24 76 42 59 5 6 0 0.00 M M 3.2 10 120 M M 0 8 19 90
25 81 47 64 9 1 0 0.00 M M 5.1 13 210 M M 0 18 200
26 82 51 67 12 0 2 0.00 M M 4.6 10 200 M M 0 14 210
27 82 52 67 12 0 2 0.00 M M 4.7 15 190 M M 0 22 190
28 72 50 61 6 4 0 T M M 9.3 30 170 M M 4 8 38 170
29 62 48 55 -1 10 0 0.02 M M 7.2 23 310 M M 6 33 300
30 69 49 59 3 6 0 0.00 M M 7.5 16 270 M M 3 22 280
31 67 49 58 2 7 0 T M M 4.3 18 30 M M 5 29 240
================================================================================
SM 1958 1214 426 4 0.22 M 170.7 M 58
================================================================================
AV 63.2 39.2 5.5 FASTST M M 2 MAX(MPH)
MISC ----> 38 180 49 190
================================================================================
NOTES:
# LAST OF SEVERAL OCCURRENCES
COLUMN 17 PEAK WIND IN M.P.H.
PRELIMINARY LOCAL CLIMATOLOGICAL DATA (WS FORM: F-6) , PAGE 2
STATION: PAGE AZ AIRPORT
MONTH: MARCH
YEAR: 2022
LATITUDE: 36 55 N
LONGITUDE: 111 27 W
[TEMPERATURE DATA] [PRECIPITATION DATA] SYMBOLS USED IN COLUMN 16
AVERAGE MONTHLY: 51.2 TOTAL FOR MONTH: 0.22 1 = FOG OR MIST
DPTR FM NORMAL: -0.9 DPTR FM NORMAL: -0.26 2 = FOG REDUCING VISIBILITY
HIGHEST: 82 ON 27,26 GRTST 24HR 0.09 ON 10-10 TO 1/4 MILE OR LESS
LOWEST: 24 ON 11 3 = THUNDER
SNOW, ICE PELLETS, HAIL 4 = ICE PELLETS
TOTAL MONTH: M 5 = HAIL
GRTST 24HR M ON M 6 = FREEZING RAIN OR DRIZZLE
GRTST DEPTH: M ON M 7 = DUSTSTORM OR SANDSTORM:
VSBY 1/2 MILE OR LESS
8 = SMOKE OR HAZE
[NO. OF DAYS WITH] [WEATHER - DAYS WITH] 9 = BLOWING SNOW
X = TORNADO
MAX 32 OR BELOW: 0 0.01 INCH OR MORE: 5
MAX 90 OR ABOVE: 0 0.10 INCH OR MORE: 0
MIN 32 OR BELOW: 8 0.50 INCH OR MORE: 0
MIN 0 OR BELOW: 0 1.00 INCH OR MORE: 0
[HDD (BASE 65) ]
TOTAL THIS MO. 426 CLEAR (SCALE 0-3) 20
DPTR FM NORMAL 24 PTCLDY (SCALE 4-7) 10
TOTAL FM JUL 1 3252 CLOUDY (SCALE 8-10) 1
DPTR FM NORMAL -155
[CDD (BASE 65) ]
TOTAL THIS MO. 4
DPTR FM NORMAL 2 [PRESSURE DATA]
TOTAL FM JAN 1 4 HIGHEST SLP M ON M
DPTR FM NORMAL 2 LOWEST SLP 29.54 ON 29
[REMARKS]
#FINAL-03-22#