000
CXUS51 KPBZ 010730
CF6PHD
PRELIMINARY LOCAL CLIMATOLOGICAL DATA (WS FORM: F-6)
STATION: NEW PHILADELPHIA OH
MONTH: JUNE
YEAR: 2022
LATITUDE: 40 28 N
LONGITUDE: 81 25 W
TEMPERATURE IN F: :PCPN: SNOW: WIND :SUNSHINE: SKY :PK WND
================================================================================
1 2 3 4 5 6A 6B 7 8 9 10 11 12 13 14 15 16 17 18
12Z AVG MX 2MIN
DY MAX MIN AVG DEP HDD CDD WTR SNW DPTH SPD SPD DIR MIN PSBL S-S WX SPD DR
================================================================================
1 90 65 78 12 0 13 0.84 M M 6.1 24 340 M M 3 1238 30 350
2 74 57 66 0 0 1 0.13 M M 4.4 15 340 M M 7 18 21 330
3 79 53 66 0 0 1 0.00 M M 3.4 13 330 M M 4 12 17 340
4 77 51 64 -3 1 0 0.00 M M 3.5 12 40 M M 1 16 10
5 81 52 67 0 0 2 0.00 M M 2.8 10 120 M M 1 13 100
6 79 57 68 1 0 3 T M M 6.2 16 170 M M 4 24 220
7 79 60 70 2 0 5 1.59 M M 5.4 18 310 M M 8 1238 26 300
8 79 56 68 0 0 3 0.85 M M 4.0 28 270 M M 5 12 35 250
9 71 56 64 -4 1 0 0.00 M M 7.1 16 330 M M 7 25 340
10 77 52 65 -3 0 0 0.00 M M 2.0 9 310 M M 2 12 14 310
11 76 58 67 -2 0 2 0.00 M M 5.0 13 170 M M 1 25 200
12 81 63 72 3 0 7 0.05 M M 3.6 12 210 M M 8 1 16 210
13 88 68 78 9 0 13 0.19 M M 1.6 7 180 M M 6 1 M M
14 88 68 78 9 0 13 0.00 M M 2.9 35 290 M M 8 13 55 290
15 93 69 81 11 0 16 0.00 M M 4.0 12 200 M M 2 18 16 210
16 92 71 82 12 0 17 0.21 M M 4.9 30 350 M M 1 138 41 340
17 84 69 77 7 0 12 0.00 M M 8.9 20 320 M M 1 27 310
18 72 51 62 -8 3 0 0.00 M M 11.5 21 310 M M 2 29 300
19 77 45 61 -9 4 0 0.00 M M 4.0 16 340 M M 0 20 340
20 74 57 66 -5 0 1 0.00 M M 2.1 7 210 M M 6 8 200
21 92 58 75 4 0 10 0.00 M M 4.0 12 270 M M 0 18 260
22 95 68 82 11 0 17 T M M 5.1 17 340 M M 1 3 22 340
23 84 62 73 2 0 8 0.00 M M 5.2 15 320 M M 0 19 310
24 86 56 71 0 0 6 0.00 M M 1.8 9 320 M M 0 12 220
25 88 56 72 0 0 7 0.00 M M 2.3 12 130 M M 0 8 14 130
26 85 71 78 6 0 13 0.23 M M 4.4 15 310 M M 6 138 24 300
27 78 57 68 -4 0 3 0.00 M M 6.4 16 310 M M 1 28 260
28 80 53 67 -5 0 2 0.00 M M 2.1 10 160 M M 0 13 150
29 84 54 69 -3 0 4 0.00 M M 3.8 10 210 M M 1 16 200
30 88 57 73 1 0 8 0.00 M M 5.0 13 170 M M 0 17 170
================================================================================
SM 2471 1770 9 187 4.09 M 133.5 M 86
================================================================================
AV 82.4 59.0 4.4 FASTST M M 3 MAX(MPH)
MISC ----> 35 290 55 290
================================================================================
NOTES:
# LAST OF SEVERAL OCCURRENCES
COLUMN 17 PEAK WIND IN M.P.H.
PRELIMINARY LOCAL CLIMATOLOGICAL DATA (WS FORM: F-6) , PAGE 2
STATION: NEW PHILADELPHIA OH
MONTH: JUNE
YEAR: 2022
LATITUDE: 40 28 N
LONGITUDE: 81 25 W
[TEMPERATURE DATA] [PRECIPITATION DATA] SYMBOLS USED IN COLUMN 16
AVERAGE MONTHLY: 70.7 TOTAL FOR MONTH: 4.09 1 = FOG OR MIST
DPTR FM NORMAL: 1.2 DPTR FM NORMAL: -0.14 2 = FOG REDUCING VISIBILITY
HIGHEST: 95 ON 22 GRTST 24HR 1.59 ON 6- 7 TO 1/4 MILE OR LESS
LOWEST: 45 ON 19 3 = THUNDER
SNOW, ICE PELLETS, HAIL 4 = ICE PELLETS
TOTAL MONTH: M 5 = HAIL
GRTST 24HR M ON M 6 = FREEZING RAIN OR DRIZZLE
GRTST DEPTH: M ON M 7 = DUSTSTORM OR SANDSTORM:
VSBY 1/2 MILE OR LESS
8 = SMOKE OR HAZE
[NO. OF DAYS WITH] [WEATHER - DAYS WITH] 9 = BLOWING SNOW
X = TORNADO
MAX 32 OR BELOW: 0 0.01 INCH OR MORE: 8
MAX 90 OR ABOVE: 5 0.10 INCH OR MORE: 7
MIN 32 OR BELOW: 0 0.50 INCH OR MORE: 3
MIN 0 OR BELOW: 0 1.00 INCH OR MORE: 1
[HDD (BASE 65) ]
TOTAL THIS MO. 9 CLEAR (SCALE 0-3) 19
DPTR FM NORMAL -21 PTCLDY (SCALE 4-7) 10
TOTAL FM JUL 1 5119 CLOUDY (SCALE 8-10) 1
DPTR FM NORMAL -448
[CDD (BASE 65) ]
TOTAL THIS MO. 187
DPTR FM NORMAL 24 [PRESSURE DATA]
TOTAL FM JAN 1 286 HIGHEST SLP M ON M
DPTR FM NORMAL 61 LOWEST SLP 29.64 ON 8
[REMARKS]
#FINAL-06-22#