000
CXUS51 KPBZ 010730
CF6PHD
PRELIMINARY LOCAL CLIMATOLOGICAL DATA (WS FORM: F-6)
STATION: NEW PHILADELPHIA OH
MONTH: SEPTEMBER
YEAR: 2023
LATITUDE: 40 28 N
LONGITUDE: 81 25 W
TEMPERATURE IN F: :PCPN: SNOW: WIND :SUNSHINE: SKY :PK WND
================================================================================
1 2 3 4 5 6A 6B 7 8 9 10 11 12 13 14 15 16 17 18
12Z AVG MX 2MIN
DY MAX MIN AVG DEP HDD CDD WTR SNW DPTH SPD SPD DIR MIN PSBL S-S WX SPD DR
================================================================================
1 80 51 66 -3 0 1 0.00 M M 2.1 9 110 M M 0 1 14 120
2 85 56 71 2 0 6 0.00 M M 2.6 10 270 M M 3 12 17 260
3 86 63 75 7 0 10 0.00 M M 3.7 12 290 M M 2 12 19 250
4 87 64 76 8 0 11 T M M 2.8 12 250 M M 3 12 17 230
5 90 66 78 10 0 13 0.00 M M 2.0 8 170 M M 3 12 13 280
6 87 66 77 9 0 12 0.00 M M 4.3 17 180 M M 1 1 24 180
7 81 65 73 6 0 8 0.14 M M 3.7 15 190 M M 6 1 23 190
8 74 63 69 2 0 4 0.00 M M 3.2 8 330 M M 9 1 12 350
9 77 60 69 2 0 4 0.00 M M 3.9 12 340 M M 7 1 15 340
10 79 60 70 3 0 5 0.00 M M 4.1 10 330 M M 7 1 16 330
11 79 55 67 1 0 2 0.00 M M 2.0 7 180 M M 5 12 11 220
12 71 57 64 -2 1 0 0.23 M M 2.0 9 290 M M 7 1 13 300
13 73 52 63 -3 2 0 0.00 M M 3.3 16 330 M M 6 128 24 300
14 72 47 60 -5 5 0 0.00 M M 2.6 12 60 M M 3 12 18 60
15 73 43 58 -7 7 0 0.00 M M 1.9 13 100 M M 0 1 17 80
16 75 44 60 -5 5 0 0.00 M M 1.5 8 340 M M 1 12 12 300
17 74 52 63 -1 2 0 0.04 M M 0.9 7 330 M M 5 1 10 310
18 73 50 62 -2 3 0 0.10 M M 3.4 14 320 M M 3 1 22 320
19 72 48 60 -4 5 0 0.00 M M 1.7 10 180 M M 5 128 14 300
20 78 53 66 3 0 1 0.00 M M 1.4 7 110 M M 4 1 11 230
21 82 51 67 4 0 2 0.00 M M 2.3 12 110 M M 1 12 17 110
22 78 51 65 2 0 0 0.00 M M 3.6 14 80 M M 0 1 20 100
23 75 47 61 -1 4 0 0.00 M M 4.6 13 50 M M 4 1 19 70
24 66 59 63 1 2 0 0.00 M M 2.8 10 90 M M 10 8 17 30
25 69 57 63 1 2 0 0.03 M M 1.3 9 90 M M 10 12 12 100
26 70 60 65 4 0 0 T M M 6.1 12 100 M M 10 1 18 90
27 72 59 66 5 0 1 T M M 6.1 13 110 M M 9 18 120
28 65 54 60 0 5 0 0.25 M M 3.8 10 120 M M 9 1 16 120
29 73 57 65 5 0 0 T M M 1.5 8 200 M M 7 1 12 200
30 80 53 67 7 0 2 0.00 M M 1.8 10 360 M M 4 12 14 20
================================================================================
SM 2296 1663 43 82 0.79 M 87.0 M 144
================================================================================
AV 76.5 55.4 2.9 FASTST M M 5 MAX(MPH)
MISC ----> 17 180 # 24 180
================================================================================
NOTES:
# LAST OF SEVERAL OCCURRENCES
COLUMN 17 PEAK WIND IN M.P.H.
PRELIMINARY LOCAL CLIMATOLOGICAL DATA (WS FORM: F-6) , PAGE 2
STATION: NEW PHILADELPHIA OH
MONTH: SEPTEMBER
YEAR: 2023
LATITUDE: 40 28 N
LONGITUDE: 81 25 W
[TEMPERATURE DATA] [PRECIPITATION DATA] SYMBOLS USED IN COLUMN 16
AVERAGE MONTHLY: 66.0 TOTAL FOR MONTH: 0.79 1 = FOG OR MIST
DPTR FM NORMAL: 1.3 DPTR FM NORMAL: -2.18 2 = FOG REDUCING VISIBILITY
HIGHEST: 90 ON 5 GRTST 24HR 0.25 ON 27-28 TO 1/4 MILE OR LESS
LOWEST: 43 ON 15 3 = THUNDER
SNOW, ICE PELLETS, HAIL 4 = ICE PELLETS
TOTAL MONTH: M 5 = HAIL
GRTST 24HR M ON M 6 = FREEZING RAIN OR DRIZZLE
GRTST DEPTH: M ON M 7 = DUSTSTORM OR SANDSTORM:
VSBY 1/2 MILE OR LESS
8 = SMOKE OR HAZE
[NO. OF DAYS WITH] [WEATHER - DAYS WITH] 9 = BLOWING SNOW
X = TORNADO
MAX 32 OR BELOW: 0 0.01 INCH OR MORE: 6
MAX 90 OR ABOVE: 1 0.10 INCH OR MORE: 4
MIN 32 OR BELOW: 0 0.50 INCH OR MORE: 0
MIN 0 OR BELOW: 0 1.00 INCH OR MORE: 0
[HDD (BASE 65) ]
TOTAL THIS MO. 43 CLEAR (SCALE 0-3) 11
DPTR FM NORMAL -47 PTCLDY (SCALE 4-7) 13
TOTAL FM JUL 1 47 CLOUDY (SCALE 8-10) 6
DPTR FM NORMAL -55
[CDD (BASE 65) ]
TOTAL THIS MO. 82
DPTR FM NORMAL 1 [PRESSURE DATA]
TOTAL FM JAN 1 694 HIGHEST SLP M ON M
DPTR FM NORMAL -73 LOWEST SLP 29.78 ON 7
[REMARKS]
#FINAL-09-23#