000
CXUS51 KPHI 150141
CF6PHL
PRELIMINARY LOCAL CLIMATOLOGICAL DATA (WS FORM: F-6)
STATION: PHILADELPHIA PA
MONTH: JUNE
YEAR: 2022
LATITUDE: 39 52 N
LONGITUDE: 75 15 W
TEMPERATURE IN F: :PCPN: SNOW: WIND :SUNSHINE: SKY :PK WND
================================================================================
1 2 3 4 5 6A 6B 7 8 9 10 11 12 13 14 15 16 17 18
12Z AVG MX 2MIN
DY MAX MIN AVG DEP HDD CDD WTR SNW DPTH SPD SPD DIR MIN PSBL S-S WX SPD DR
================================================================================
1 87 64 76 7 0 11 0.00 0.0 0 8.7 18 40 M M 6 22 40
2 87 64 76 7 0 11 1.04 0.0 0 5.8 21 350 M M 9 138 25 340
3 80 65 73 3 0 8 0.00 0.0 0 8.0 17 340 M M 7 18 22 350
4 86 64 75 5 0 10 0.00 0.0 0 6.4 17 320 M M 2 23 320
5 81 62 72 2 0 7 0.00 0.0 0 7.1 16 40 M M 2 24 40
6 82 58 70 -1 0 5 0.00 0.0 0 7.3 17 190 M M 2 27 180
7 80 61 71 0 0 6 0.07 0.0 0 10.8 21 170 M M 8 29 150
8 86 71 79 8 0 14 0.63 0.0 0 6.8 22 250 M M 7 13 26 240
9 84 68 76 4 0 11 1.36 0.0 0 15.6 38 200 M M 7 13 54 190
10 81 62 72 0 0 7 0.00 0.0 0 8.3 18 280 M M 5 23 270
11 75 66 71 -1 0 6 T 0.0 0 4.2 12 220 M M 8 19 320
12 81 65 73 0 0 8 0.71 0.0 0 5.8 14 190 M M 8 13 20 190
13 91 70 81 8 0 16 0.01 0.0 0 6.3 16 230 M M 7 23 210
14 85 65 75 2 0 10 0.13 0.0 0 6.6 33 250 M M 7 3 40 260
15 89 66 78 4 0 13 0.00 0.0 0 5.1 18 170 M M 4 22 180
16 78 66 72 -2 0 7 0.24 0.0 0 8.6 17 190 M M 10 13 23 180
17 96 73 85 11 0 20 0.00 0.0 0 11.6 28 280 M M 5 33 270
18 79 63 71 -3 0 6 0.00 0.0 0 15.2 29 330 M M 5 36 340
19 77 58 68 -7 0 3 0.00 0.0 0 14.6 25 330 M M 2 33 310
20 82 57 70 -5 0 5 0.00 0.0 0 8.0 16 320 M M 5 24 300
21 81 63 72 -3 0 7 0.01 0.0 0 5.5 13 240 M M 7 17 210
22 77 66 72 -4 0 7 T 0.0 0 8.9 16 110 M M 8 3 21 130
23 74 64 69 -7 0 4 0.33 0.0 0 6.8 13 100 M M 9 1 22 340
24 84 63 74 -2 0 9 0.00 0.0 0 6.6 13 230 M M 5 18 16 240
25 91 69 80 4 0 15 0.00 0.0 0 7.6 13 200 M M 3 23 220
26 91 72 82 5 0 17 0.00 0.0 0 10.2 18 190 M M 3 26 200
27 82 70 76 -1 0 11 0.50 0.0 0 7.7 17 240 M M 8 13 22 240
28 81 66 74 -3 0 9 0.00 0.0 0 8.0 16 340 M M 4 23 350
29 88 64 76 -1 0 11 0.00 0.0 0 6.7 17 230 M M 4 23 210
30 91 70 81 3 0 16 0.00 0.0 0 6.1 14 240 M M 2 18 250
================================================================================
SM 2507 1955 0 290 5.03 0.0 244.9 M 169
================================================================================
AV 83.6 65.2 8.2 FASTST M M 6 MAX(MPH)
MISC ----> 38 200 54 190
================================================================================
NOTES:
# LAST OF SEVERAL OCCURRENCES
COLUMN 17 PEAK WIND IN M.P.H.
PRELIMINARY LOCAL CLIMATOLOGICAL DATA (WS FORM: F-6) , PAGE 2
STATION: PHILADELPHIA PA
MONTH: JUNE
YEAR: 2022
LATITUDE: 39 52 N
LONGITUDE: 75 15 W
[TEMPERATURE DATA] [PRECIPITATION DATA] SYMBOLS USED IN COLUMN 16
AVERAGE MONTHLY: 74.4 TOTAL FOR MONTH: 5.03 1 = FOG OR MIST
DPTR FM NORMAL: 0.9 DPTR FM NORMAL: 0.99 2 = FOG REDUCING VISIBILITY
HIGHEST: 96 ON 17 GRTST 24HR 1.99 ON 8- 9 TO 1/4 MILE OR LESS
LOWEST: 57 ON 20 3 = THUNDER
SNOW, ICE PELLETS, HAIL 4 = ICE PELLETS
TOTAL MONTH: 0.0 INCH 5 = HAIL
GRTST 24HR 0.0 6 = FREEZING RAIN OR DRIZZLE
GRTST DEPTH: 0 7 = DUSTSTORM OR SANDSTORM:
VSBY 1/2 MILE OR LESS
8 = SMOKE OR HAZE
[NO. OF DAYS WITH] [WEATHER - DAYS WITH] 9 = BLOWING SNOW
X = TORNADO
MAX 32 OR BELOW: 0 0.01 INCH OR MORE: 11
MAX 90 OR ABOVE: 5 0.10 INCH OR MORE: 8
MIN 32 OR BELOW: 0 0.50 INCH OR MORE: 5
MIN 0 OR BELOW: 0 1.00 INCH OR MORE: 2
[HDD (BASE 65) ]
TOTAL THIS MO. 0 CLEAR (SCALE 0-3) 6
DPTR FM NORMAL -10 PTCLDY (SCALE 4-7) 18
TOTAL FM JUL 1 3853 CLOUDY (SCALE 8-10) 6
DPTR FM NORMAL -654
[CDD (BASE 65) ]
TOTAL THIS MO. 290
DPTR FM NORMAL 24 [PRESSURE DATA]
TOTAL FM JAN 1 435 HIGHEST SLP 30.25 ON 29
DPTR FM NORMAL 71 LOWEST SLP 29.58 ON 9
[REMARKS]
#FINAL-06-22#