000
CDUS41 KPHI 170552
CLIPHL


CLIMATE REPORT
NATIONAL WEATHER SERVICE MOUNT HOLLY NJ
1250 AM EST WED JAN 17 2018


...................................

...THE PHILADELPHIA PA CLIMATE SUMMARY FOR JANUARY 16 2018...

CLIMATE NORMAL PERIOD 1981 TO 2010
CLIMATE RECORD PERIOD 1872 TO 2018


WEATHER ITEM   OBSERVED TIME   RECORD YEAR NORMAL DEPARTURE LAST
                VALUE   (LST)  VALUE       VALUE  FROM      YEAR
                                                  NORMAL
..................................................................
TEMPERATURE (F)
 YESTERDAY
  MAXIMUM         45    227 PM  62    2007  40      5       42
  MINIMUM         29    334 AM   0    1977  25      4       26
                                      1893
  AVERAGE         37                        33      4       34

PRECIPITATION (IN)
  YESTERDAY        T             1.09 1924   0.10  -0.10     0.00
  MONTH TO DATE    1.78                      1.56   0.22     1.38
  SINCE DEC 1      3.09                      5.12  -2.03     4.10
  SINCE JAN 1      1.78                      1.56   0.22     1.38

SNOWFALL (IN)
  YESTERDAY        T             7.6  1945   0.2   -0.2      0.0
  MONTH TO DATE    4.1                       2.9    1.2      4.9
  SINCE DEC 1     12.7                       6.3    6.4      5.2
  SINCE JUL 1     12.7                       6.6    6.1      5.2
  SNOW DEPTH       0

DEGREE DAYS
 HEATING
  YESTERDAY       28                        32     -4       31
  MONTH TO DATE  599                       510     89      464
  SINCE DEC 1   1490                      1364    126     1268
  SINCE JUL 1   2125                      2180    -55     1899

 COOLING
  YESTERDAY        0                         0      0        0
  MONTH TO DATE    0                         0      0        0
  SINCE DEC 1      0                         0      0        0
  SINCE JAN 1      0                         0      0        0
..................................................................


WIND (MPH)
  HIGHEST WIND SPEED    10   HIGHEST WIND DIRECTION     E (70)
  HIGHEST GUST SPEED    13   HIGHEST GUST DIRECTION     N (350)
  AVERAGE WIND SPEED     4.2


SKY COVER
  POSSIBLE SUNSHINE  MM
  AVERAGE SKY COVER 0.9


WEATHER CONDITIONS
 THE FOLLOWING WEATHER WAS RECORDED YESTERDAY.
  LIGHT SNOW


RELATIVE HUMIDITY (PERCENT)
 HIGHEST    78          1200 AM
 LOWEST     53           300 PM
 AVERAGE    66

..........................................................


THE PHILADELPHIA PA CLIMATE NORMALS FOR TODAY
                         NORMAL    RECORD    YEAR
 MAXIMUM TEMPERATURE (F)   40        63      1913
 MINIMUM TEMPERATURE (F)   25        -7      1982


SUNRISE AND SUNSET
JANUARY 17 2018.......SUNRISE   720 AM EST   SUNSET   503 PM EST
JANUARY 18 2018.......SUNRISE   719 AM EST   SUNSET   504 PM EST


-  INDICATES NEGATIVE NUMBERS.
R  INDICATES RECORD WAS SET OR TIED.
MM INDICATES DATA IS MISSING.
T  INDICATES TRACE AMOUNT.




$$
