000
CXUS55 KPSR 011005
CF6PHX
PRELIMINARY LOCAL CLIMATOLOGICAL DATA (WS FORM: F-6)
STATION: PHOENIX AZ
MONTH: FEBRUARY
YEAR: 2024
LATITUDE: 33 25 N
LONGITUDE: 112 1 W
TEMPERATURE IN F: :PCPN: SNOW: WIND :SUNSHINE: SKY :PK WND
================================================================================
1 2 3 4 5 6A 6B 7 8 9 10 11 12 13 14 15 16 17 18
12Z AVG MX 2MIN
DY MAX MIN AVG DEP HDD CDD WTR SNW DPTH SPD SPD DIR MIN PSBL S-S WX SPD DR
================================================================================
1 81 55 68 10 0 3 0.38 0.0 0 12.3 29 280 M M 8 37 270
2 63 52 58 0 7 0 0.21 0.0 0 10.9 25 270 M M 6 32 250
3 64 46 55 -3 10 0 0.00 0.0 0 4.7 15 280 M M 3 18 230
4 70 49 60 2 5 0 0.00 0.0 0 5.8 13 100 M M 4 15 100
5 75 53 64 5 1 0 0.00 0.0 0 7.2 14 100 M M 7 17 100
6 66 50 58 -1 7 0 0.22 0.0 0 9.7 28 180 M M 9 13 46 190
7 62 49 56 -3 9 0 0.12 0.0 0 8.6 21 300 M M 8 1 26 290
8 58 43 51 -8 14 0 0.22 0.0 0 10.6 33 250 M M 5 18 45 230
9 60 40 50 -9 15 0 0.00 0.0 0 3.6 10 90 M M 5 15 130
10 59 45 52 -7 13 0 0.17 0.0 0 7.7 22 270 M M 7 29 270
11 62 40 51 -8 14 0 0.00 0.0 0 3.9 10 90 M M 1 14 320
12 67 42 55 -4 10 0 0.00 0.0 0 3.8 12 60 M M 3 17 30
13 71 45 58 -2 7 0 0.00 0.0 0 4.7 10 260 M M 3 14 270
14 71 46 59 -1 6 0 0.00 0.0 0 3.9 9 90 M M 0 13 180
15 74 48 61 1 4 0 0.00 0.0 0 5.5 10 90 M M 2 17 290
16 72 48 60 0 5 0 0.00 0.0 0 5.1 12 90 M M 2 15 110
17 75 51 63 3 2 0 0.00 0.0 0 5.4 10 280 M M 4 16 290
18 77 51 64 4 1 0 0.00 0.0 0 4.6 10 120 M M 3 14 130
19 80 54 67 7 0 2 0.00 0.0 0 5.7 13 180 M M 4 17 170
20 82 53 68 7 0 3 0.00 0.0 0 6.2 13 120 M M 6 16 160
21 76 56 66 5 0 1 T 0.0 0 7.9 17 280 M M 6 28 300
22 76 54 65 4 0 0 0.00 0.0 0 4.1 12 230 M M 2 17 310
23 81 53 67 6 0 2 0.00 0.0 0 3.2 13 70 M M 4 19 70
24 78 58 68 7 0 3 0.00 0.0 0 4.2 10 130 M M 8 13 110
25 84 59 72 10 0 7 0.00 0.0 0 4.7 13 120 M M 8 16 110
26 76 63 70 8 0 5 0.00 0.0 0 3.9 10 160 M M 10 14 150
27 76 57 67 5 0 2 0.00 0.0 0 5.1 16 230 M M 7 24 250
28 80 55 68 6 0 3 0.00 0.0 0 7.7 26 160 M M 4 7 34 150
29 76 54 65 3 0 0 0.00 0.0 0 5.9 12 220 M M 1 16 200
================================================================================
SM 2092 1469 130 31 1.32 0.0 176.6 M 140
================================================================================
AV 72.1 50.7 6.1 FASTST M M 5 MAX(MPH)
MISC ----> 33 250 46 190
================================================================================
NOTES:
# LAST OF SEVERAL OCCURRENCES
COLUMN 17 PEAK WIND IN M.P.H.
PRELIMINARY LOCAL CLIMATOLOGICAL DATA (WS FORM: F-6) , PAGE 2
STATION: PHOENIX AZ
MONTH: FEBRUARY
YEAR: 2024
LATITUDE: 33 25 N
LONGITUDE: 112 1 W
[TEMPERATURE DATA] [PRECIPITATION DATA] SYMBOLS USED IN COLUMN 16
AVERAGE MONTHLY: 61.4 TOTAL FOR MONTH: 1.32 1 = FOG OR MIST
DPTR FM NORMAL: 1.5 DPTR FM NORMAL: 0.45 2 = FOG REDUCING VISIBILITY
HIGHEST: 84 ON 25 GRTST 24HR 0.59 ON 1- 2 TO 1/4 MILE OR LESS
LOWEST: 40 ON 11, 9 3 = THUNDER
SNOW, ICE PELLETS, HAIL 4 = ICE PELLETS
TOTAL MONTH: 0.0 INCH 5 = HAIL
GRTST 24HR 0.0 6 = FREEZING RAIN OR DRIZZLE
GRTST DEPTH: 0 7 = DUSTSTORM OR SANDSTORM:
VSBY 1/2 MILE OR LESS
8 = SMOKE OR HAZE
[NO. OF DAYS WITH] [WEATHER - DAYS WITH] 9 = BLOWING SNOW
X = TORNADO
MAX 32 OR BELOW: 0 0.01 INCH OR MORE: 6
MAX 90 OR ABOVE: 0 0.10 INCH OR MORE: 6
MIN 32 OR BELOW: 0 0.50 INCH OR MORE: 0
MIN 0 OR BELOW: 0 1.00 INCH OR MORE: 0
[HDD (BASE 65) ]
TOTAL THIS MO. 130 CLEAR (SCALE 0-3) 9
DPTR FM NORMAL -29 PTCLDY (SCALE 4-7) 17
TOTAL FM JUL 1 580 CLOUDY (SCALE 8-10) 3
DPTR FM NORMAL -222
[CDD (BASE 65) ]
TOTAL THIS MO. 31
DPTR FM NORMAL 15 [PRESSURE DATA]
TOTAL FM JAN 1 42 HIGHEST SLP 30.18 ON 11
DPTR FM NORMAL 24 LOWEST SLP 29.63 ON 6
[REMARKS]
#FINAL-02-24#