000
CXUS55 KPSR 221504
CF6PHX
PRELIMINARY LOCAL CLIMATOLOGICAL DATA (WS FORM: F-6)
STATION: PHOENIX AZ
MONTH: JANUARY
YEAR: 2021
LATITUDE: 33 25 N
LONGITUDE: 112 1 W
TEMPERATURE IN F: :PCPN: SNOW: WIND :SUNSHINE: SKY :PK WND
================================================================================
1 2 3 4 5 6A 6B 7 8 9 10 11 12 13 14 15 16 17 18
12Z AVG MX 2MIN
DY MAX MIN AVG DEP HDD CDD WTR SNW DPTH SPD SPD DIR MIN PSBL S-S WX SPD DR
================================================================================
1 65 39 52 -3 13 0 0.00 0.0 0 3.7 9 270 M M 2 8 10 270
2 64 40 52 -3 13 0 0.00 0.0 0 4.5 12 130 M M 3 15 120
3 64 39 52 -3 13 0 0.00 0.0 0 3.5 12 110 M M 4 14 110
4 69 41 55 -1 10 0 0.00 0.0 0 4.0 8 140 M M 2 11 130
5 71 43 57 1 8 0 0.00 0.0 0 5.1 12 300 M M 2 15 310
6 70 41 56 0 9 0 0.00 0.0 0 2.9 9 70 M M 4 14 340
7 71 43 57 1 8 0 0.00 0.0 0 4.5 9 90 M M 4 14 330
8 68 43 56 0 9 0 0.00 0.0 0 4.1 9 100 M M 5 11 260
9 68 41 55 -1 10 0 0.00 0.0 0 6.7 16 280 M M 1 19 290
10 67 40 54 -2 11 0 0.00 0.0 0 3.0 10 70 M M 2 15 320
11 67 44 56 0 9 0 0.00 0.0 0 6.2 20 60 M M 2 25 80
12 67 39 53 -3 12 0 0.00 0.0 0 3.3 10 90 M M 2 14 280
13 67 38 53 -4 12 0 0.00 0.0 0 4.1 12 110 M M 4 14 260
14 72 42 57 0 8 0 0.00 0.0 0 3.9 10 70 M M 4 12 360
15 79 44 62 5 3 0 0.00 0.0 0 2.8 9 240 M M 2 8 13 270
16 77 47 62 5 3 0 0.00 0.0 0 3.7 10 100 M M 2 13 130
17 77 44 61 4 4 0 0.00 0.0 0 2.1 9 100 M M 1 11 80
18 71 45 58 1 7 0 0.00 0.0 0 5.2 13 90 M M 4 14 100
19 71 56 64 7 1 0 0.01 0.0 0 10.2 22 150 M M 8 8 30 150
20 75 61 68 11 0 3 0.00 0.0 0 9.8 21 80 M M 7 24 90
21 73 58 66 9 0 1 T 0.0 0 5.8 12 120 M M 5 15 140
22 68 55 62 4 3 0 0.00 0.0 0 6.4 14 190 M M 7 20 190
23 64 52 58 0 7 0 0.01 0.0 0 5.7 18 240 M M 8 3 22 230
24 56 48 52 -6 13 0 0.23 0.0 0 6.9 17 270 M M 8 1 21 270
25 54 36 45 -13 20 0 0.29 0.0 0 10.1 37 270 M M 8 13 43 280
26 53 42 48 -10 17 0 T 0.0 0 7.9 21 270 M M 7 25 270
27 61 39 50 -8 15 0 0.00 0.0 0 10.0 20 60 M M 3 24 60
28 73 52 63 5 2 0 0.00 0.0 0 9.3 17 70 M M 8 20 140
29 68 47 58 0 7 0 0.14 0.0 0 8.0 31 280 M M 7 1 36 280
30 62 43 53 -5 12 0 0.00 0.0 0 4.4 12 80 M M 2 1 13 320
31 72 43 58 0 7 0 0.00 0.0 0 3.8 17 70 M M 3 22 70
================================================================================
SM 2104 1385 266 4 0.68 0.0 171.6 M 131
================================================================================
AV 67.9 44.7 5.5 FASTST M M 4 MAX(MPH)
MISC ----> 37 270 43 280
================================================================================
NOTES:
# LAST OF SEVERAL OCCURRENCES
COLUMN 17 PEAK WIND IN M.P.H.
PRELIMINARY LOCAL CLIMATOLOGICAL DATA (WS FORM: F-6) , PAGE 2
STATION: PHOENIX AZ
MONTH: JANUARY
YEAR: 2021
LATITUDE: 33 25 N
LONGITUDE: 112 1 W
[TEMPERATURE DATA] [PRECIPITATION DATA] SYMBOLS USED IN COLUMN 16
AVERAGE MONTHLY: 56.3 TOTAL FOR MONTH: 0.68 1 = FOG OR MIST
DPTR FM NORMAL: -0.5 DPTR FM NORMAL: -0.19 2 = FOG REDUCING VISIBILITY
HIGHEST: 79 ON 15 GRTST 24HR 0.66 ON 23-23 TO 1/4 MILE OR LESS
LOWEST: 36 ON 25 3 = THUNDER
SNOW, ICE PELLETS, HAIL 4 = ICE PELLETS
TOTAL MONTH: 0.0 INCH 5 = HAIL
GRTST 24HR 0.0 6 = FREEZING RAIN OR DRIZZLE
GRTST DEPTH: 0 7 = DUSTSTORM OR SANDSTORM:
VSBY 1/2 MILE OR LESS
8 = SMOKE OR HAZE
[NO. OF DAYS WITH] [WEATHER - DAYS WITH] 9 = BLOWING SNOW
X = TORNADO
MAX 32 OR BELOW: 0 0.01 INCH OR MORE: 5
MAX 90 OR ABOVE: 0 0.10 INCH OR MORE: 3
MIN 32 OR BELOW: 0 0.50 INCH OR MORE: 0
MIN 0 OR BELOW: 0 1.00 INCH OR MORE: 0
[HDD (BASE 65) ]
TOTAL THIS MO. 266 CLEAR (SCALE 0-3) 13
DPTR FM NORMAL 10 PTCLDY (SCALE 4-7) 15
TOTAL FM JUL 1 633 CLOUDY (SCALE 8-10) 3
DPTR FM NORMAL -3
[CDD (BASE 65) ]
TOTAL THIS MO. 4
DPTR FM NORMAL 2 [PRESSURE DATA]
TOTAL FM JAN 1 4 HIGHEST SLP 30.31 ON 12
DPTR FM NORMAL 2 LOWEST SLP 29.63 ON 25
[REMARKS]
#FINAL-01-21#