000
CXUS53 KILX 010900
CF6PIA
PRELIMINARY LOCAL CLIMATOLOGICAL DATA (WS FORM: F-6)
STATION: PEORIA IL
MONTH: JULY
YEAR: 2021
LATITUDE: 40 40 N
LONGITUDE: 89 41 W
TEMPERATURE IN F: :PCPN: SNOW: WIND :SUNSHINE: SKY :PK WND
================================================================================
1 2 3 4 5 6A 6B 7 8 9 10 11 12 13 14 15 16 17 18
12Z AVG MX 2MIN
DY MAX MIN AVG DEP HDD CDD WTR SNW DPTH SPD SPD DIR MIN PSBL S-S WX SPD DR
================================================================================
1 84 65 75 -1 0 10 0.00 0.0 0 7.0 16 50 M M 3 128 23 30
2 80 60 70 -6 0 5 0.00 0.0 0 4.2 10 40 M M 1 16 50
3 84 59 72 -4 0 7 0.00 0.0 0 2.6 12 270 M M 0 14 270
4 87 66 77 1 0 12 0.00 0.0 0 6.2 14 220 M M 0 21 240
5 88 69 79 3 0 14 0.00 0.0 0 7.4 15 210 M M 0 24 200
6 88 70 79 3 0 14 0.00 0.0 0 6.0 15 220 M M 1 1 24 200
7 88 72 80 4 0 15 0.15 0.0 0 4.1 20 240 M M 3 138 27 240
8 77 63 70 -6 0 5 0.01 0.0 0 5.4 13 10 M M 7 19 340
9 76 61 69 -7 0 4 0.04 0.0 0 4.3 17 140 M M 3 3 24 130
10 75 65 70 -6 0 5 1.53 0.0 0 7.3 16 60 M M 7 1 21 70
11 71 67 69 -7 0 4 0.19 0.0 0 10.4 17 60 M M 10 1 23 60
12 78 67 73 -3 0 8 0.26 0.0 0 6.7 14 80 M M 8 13 21 90
13 81 68 75 -1 0 10 T 0.0 0 5.8 13 260 M M 7 18 16 280
14 85 68 77 1 0 12 0.00 0.0 0 10.6 21 180 M M 0 28 200
15 84 70 77 1 0 12 0.13 0.0 0 5.2 16 210 M M 6 18 22 200
16 77 65 71 -5 0 6 0.00 0.0 0 3.7 12 40 M M 7 1 17 60
17 82 60 71 -5 0 6 0.00 0.0 0 3.7 13 60 M M 2 1 17 60
18 84 65 75 -1 0 10 0.00 0.0 0 5.2 13 80 M M 2 1 17 90
19 86 66 76 0 0 11 0.00 0.0 0 3.8 9 50 M M 1 14 50
20 85 66 76 0 0 11 0.00 0.0 0 3.3 10 350 M M 0 15 340
21 88 69 79 3 0 14 0.00 0.0 0 4.3 9 60 M M 1 18 12 100
22 89 71 80 4 0 15 0.00 0.0 0 4.7 17 190 M M 2 18 20 190
23 88 72 80 4 0 15 0.00 0.0 0 6.5 13 190 M M 1 18 17 220
24 93 73 83 7 0 18 0.23 0.0 0 8.8 21 230 M M 2 138 28 290
25 90 72 81 5 0 16 0.00 0.0 0 3.5 12 300 M M 0 17 300
26 92 65 79 3 0 14 0.00 0.0 0 2.5 10 40 M M 0 8 17 70
27 90 67 79 3 0 14 0.00 0.0 0 2.7 13 210 M M 0 8 17 200
28 91 73 82 6 0 17 0.00 0.0 0 5.8 17 230 M M 1 1 23 210
29 87 74 81 5 0 16 0.81 0.0 0 6.1 16 80 M M 4 138 23 80
30 80 68 74 -2 0 9 0.00 0.0 0 7.9 17 70 M M 3 24 60
31 73 59 66 -10 0 1 0.72 0.0 0 3.6 10 190 M M 5 18 14 210
================================================================================
SM 2601 2075 0 330 4.07 0.0 169.3 M 87
================================================================================
AV 83.9 66.9 5.5 FASTST M M 3 MAX(MPH)
MISC ----> # 21 180 # 28 200
================================================================================
NOTES:
# LAST OF SEVERAL OCCURRENCES
COLUMN 17 PEAK WIND IN M.P.H.
PRELIMINARY LOCAL CLIMATOLOGICAL DATA (WS FORM: F-6) , PAGE 2
STATION: PEORIA IL
MONTH: JULY
YEAR: 2021
LATITUDE: 40 40 N
LONGITUDE: 89 41 W
[TEMPERATURE DATA] [PRECIPITATION DATA] SYMBOLS USED IN COLUMN 16
AVERAGE MONTHLY: 75.4 TOTAL FOR MONTH: 4.07 1 = FOG OR MIST
DPTR FM NORMAL: -0.9 DPTR FM NORMAL: 0.54 2 = FOG REDUCING VISIBILITY
HIGHEST: 93 ON 24 GRTST 24HR 1.70 ON 10-11 TO 1/4 MILE OR LESS
LOWEST: 59 ON 31, 3 3 = THUNDER
SNOW, ICE PELLETS, HAIL 4 = ICE PELLETS
TOTAL MONTH: 0.0 INCH 5 = HAIL
GRTST 24HR 0.0 6 = FREEZING RAIN OR DRIZZLE
GRTST DEPTH: 0 7 = DUSTSTORM OR SANDSTORM:
VSBY 1/2 MILE OR LESS
8 = SMOKE OR HAZE
[NO. OF DAYS WITH] [WEATHER - DAYS WITH] 9 = BLOWING SNOW
X = TORNADO
MAX 32 OR BELOW: 0 0.01 INCH OR MORE: 10
MAX 90 OR ABOVE: 5 0.10 INCH OR MORE: 8
MIN 32 OR BELOW: 0 0.50 INCH OR MORE: 3
MIN 0 OR BELOW: 0 1.00 INCH OR MORE: 1
[HDD (BASE 65) ]
TOTAL THIS MO. 0 CLEAR (SCALE 0-3) 20
DPTR FM NORMAL -1 PTCLDY (SCALE 4-7) 10
TOTAL FM JUL 1 0 CLOUDY (SCALE 8-10) 1
DPTR FM NORMAL 0
[CDD (BASE 65) ]
TOTAL THIS MO. 330
DPTR FM NORMAL -21 [PRESSURE DATA]
TOTAL FM JAN 1 738 HIGHEST SLP 30.19 ON 18
DPTR FM NORMAL 38 LOWEST SLP 29.78 ON 11
[REMARKS]
#FINAL-07-21#