772
CXUS55 KPIH 011414
CF6PIH
PRELIMINARY LOCAL CLIMATOLOGICAL DATA (WS FORM: F-6)
STATION: POCATELLO ID
MONTH: AUGUST
YEAR: 2020
LATITUDE: 42 55 N
LONGITUDE: 112 36 W
TEMPERATURE IN F: :PCPN: SNOW: WIND :SUNSHINE: SKY :PK WND
================================================================================
1 2 3 4 5 6A 6B 7 8 9 10 11 12 13 14 15 16 17 18
12Z AVG MX 2MIN
DY MAX MIN AVG DEP HDD CDD WTR SNW DPTH SPD SPD DIR MIN PSBL S-S WX SPD DR
================================================================================
1 101 50 76 5 0 11 0.00 0.0 0 5.7 13 190 M M 1 17 270
2 101 52 77 6 0 12 0.00 0.0 0 5.4 10 240 M M 0 16 300
3 93 61 77 6 0 12 0.00 0.0 0 15.1 25 250 M M 0 33 250
4 90 59 75 4 0 10 0.00 0.0 0 9.3 16 250 M M 0 23 250
5 98 46 72 1 0 7 T 0.0 0 7.6 33 190 M M 1 52 210
6 93 61 77 6 0 12 0.00 0.0 0 10.2 22 240 M M 0 30 260
7 84 61 73 2 0 8 0.00 0.0 0 15.7 26 240 M M 0 35 220
8 88 51 70 -1 0 5 0.00 0.0 0 10.0 22 270 M M 0 28 270
9 89 50 70 0 0 5 0.00 0.0 0 12.8 21 260 M M 0 29 260
10 88 56 72 2 0 7 0.00 0.0 0 10.6 18 270 M M 1 26 250
11 92 50 71 1 0 6 0.00 0.0 0 10.3 23 250 M M 2 8 32 280
12 89 61 75 5 0 10 0.00 0.0 0 11.8 28 260 M M 1 35 260
13 87 58 73 3 0 8 0.00 0.0 0 12.8 25 260 M M 0 32 250
14 86 51 69 -1 0 4 0.00 0.0 0 12.4 24 240 M M 0 29 240
15 91 47 69 -1 0 4 0.00 0.0 0 7.2 16 270 M M 0 25 280
16 97 45 71 2 0 6 0.00 0.0 0 5.3 12 360 M M 0 16 290
17 100 50 75 6 0 10 0.00 0.0 0 5.0 13 270 M M 0 18 250
18 98 66 82 13 0 17 0.00 0.0 0 10.0 18 260 M M 0 27 220
19 96 67 82 13 0 17 T 0.0 0 7.7 22 270 M M 1 31 270
20 89 57 73 5 0 8 0.00 0.0 0 9.5 20 240 M M 6 8 25 230
21 93 46 70 2 0 5 0.00 0.0 0 3.6 10 330 M M 6 8 14 310
22 89 49 69 1 0 4 0.00 0.0 0 6.9 16 260 M M 6 8 22 270
23 94 50 72 4 0 7 0.00 0.0 0 4.0 9 100 M M 3 8 14 320
24 90 54 72 5 0 7 0.01 0.0 0 5.4 21 240 M M 1 38 29 240
25 91 62 77 10 0 12 0.10 0.0 0 9.2 40 230 M M 2 38 54 230
26 91 52 72 5 0 7 T 0.0 0 6.9 17 300 M M 1 23 10
27 87 54 71 5 0 6 0.00 0.0 0 8.6 21 320 M M 1 28 340
28 88 45 67 1 0 2 0.00 0.0 0 4.5 14 230 M M 0 23 40
29 89 56 73 7 0 8 T 0.0 0 12.3 24 250 M M 0 32 260
30 76 59 68 3 0 3 0.00 0.0 0 19.6 37 240 M M 0 47 240
31 64 41 53 -12 12 0 0.03 0.0 0 10.7 24 270 M M 4 42 270
================================================================================
SM 2802 1667 12 240 0.14 0.0 286.1 M 37
================================================================================
AV 90.4 53.8 9.2 FASTST M M 1 MAX(MPH)
MISC ----> # 40 230 # 54 230
================================================================================
NOTES:
# LAST OF SEVERAL OCCURRENCES
SNOWFALL/DEPTH ALWAYS AUGMENTED BY WFO POCATELLO
COLUMN 17 PEAK WIND IN M.P.H.
PRELIMINARY LOCAL CLIMATOLOGICAL DATA (WS FORM: F-6) , PAGE 2
STATION: POCATELLO ID
MONTH: AUGUST
YEAR: 2020
LATITUDE: 42 55 N
LONGITUDE: 112 36 W
[TEMPERATURE DATA] [PRECIPITATION DATA] SYMBOLS USED IN COLUMN 16
AVERAGE MONTHLY: 72.1 TOTAL FOR MONTH: 0.14 1 = FOG OR MIST
DPTR FM NORMAL: 3.2 DPTR FM NORMAL: -0.47 2 = FOG REDUCING VISIBILITY
HIGHEST: 101 ON 2, 1 GRTST 24HR 0.10 ON 25-25 TO 1/4 MILE OR LESS
LOWEST: 41 ON 31 3 = THUNDER
SNOW, ICE PELLETS, HAIL 4 = ICE PELLETS
TOTAL MONTH: 0.0 INCH 5 = HAIL
GRTST 24HR 0.0 6 = FREEZING RAIN OR DRIZZLE
GRTST DEPTH: 0 7 = DUSTSTORM OR SANDSTORM:
VSBY 1/2 MILE OR LESS
8 = SMOKE OR HAZE
[NO. OF DAYS WITH] [WEATHER - DAYS WITH] 9 = BLOWING SNOW
X = TORNADO
MAX 32 OR BELOW: 0 0.01 INCH OR MORE: 3
MAX 90 OR ABOVE: 17 0.10 INCH OR MORE: 1
MIN 32 OR BELOW: 0 0.50 INCH OR MORE: 0
MIN 0 OR BELOW: 0 1.00 INCH OR MORE: 0
[HDD (BASE 65) ]
TOTAL THIS MO. 12 CLEAR (SCALE 0-3) 27
DPTR FM NORMAL -14 PTCLDY (SCALE 4-7) 4
TOTAL FM JUL 1 17 CLOUDY (SCALE 8-10) 0
DPTR FM NORMAL -23
[CDD (BASE 65) ]
TOTAL THIS MO. 240
DPTR FM NORMAL 93 [PRESSURE DATA]
TOTAL FM JAN 1 464 HIGHEST SLP 30.18 ON 17
DPTR FM NORMAL 101 LOWEST SLP 29.60 ON 6
[REMARKS]
1ST: HIGH TEMPERATURE OF 101 DEGREES BREAKS THE OLD RECORD OF 99 SET
IN 2004.
18TH: HIGH TEMPERATURE OF 98 WHICH TIES THE RECORD SET IN 1986.
16TH: HIGH TEMPERATURE OF 97 DEGRESS TIES THE OLD RECORD OF 97 SET
IN 1966.
#FINAL-08-20#