000
CXUS55 KPIH 031636
CLMPIH
CLIMATE REPORT
NATIONAL WEATHER SERVICE POCATELLO ID
955 AM MDT MON JUL 03 2023
...................................
...THE POCATELLO CLIMATE SUMMARY FOR THE MONTH OF JUNE 2023...
CLIMATE NORMAL PERIOD 1991 TO 2020
CLIMATE RECORD PERIOD 1939 TO 2023
WEATHER OBSERVED NORMAL DEPART LAST YEAR`S
VALUE DATE(S) VALUE FROM VALUE DATE(S)
NORMAL
................................................................
TEMPERATURE (F)
RECORD
HIGH 103 06/25/1988
06/19/1940
LOW 28 06/07/1995
HIGHEST 87 06/30 103 -16 95 06/17
LOWEST 31 06/22 28 3 35 06/01
AVG. MAXIMUM 76.3 78.5 -2.2 79.1
AVG. MINIMUM 45.5 46.0 -0.5 45.7
MEAN 60.9 62.2 -1.3 62.4
DAYS MAX >= 90 0 4.0 -4.0 5
DAYS MAX <= 32 0 0.0 0.0 0
DAYS MIN <= 32 1 0.3 0.7 0
DAYS MIN <= 0 0 0.0 0.0 0
PRECIPITATION (INCHES)
RECORD
MAXIMUM 4.00 2009
MINIMUM 0.01 2021
TOTALS 0.38 0.93 -0.55 0.58
DAILY AVG. 0.01 0.03 -0.02 0.02
DAYS >= .01 7 6.1 0.9 4
DAYS >= .10 1 2.5 -1.5 3
DAYS >= .50 0 0.4 -0.4 0
DAYS >= 1.00 0 0.0 0.0 0
GREATEST
24 HR. TOTAL 0.20 06/11 TO 06/11 0.47
SNOWFALL (INCHES)
RECORDS
TOTAL 0.4 1995
TOTALS 0.0 0.0 0.0 0.0
SINCE 7/1 72.2 38.5 33.7 MM
SNOWDEPTH AVG. 0 0
DAYS >= 1.0 0 0.0 0.0 0
GREATEST
SNOW DEPTH 0 0 MM
24 HR TOTAL MM MM
DEGREE DAYS
HEATING TOTAL 122 129 -7 120
SINCE 7/1 7466 6959 507 MM
COOLING TOTAL 5 46 -41 51
SINCE 1/1 8 51 -43 MM
................................................................
WIND (MPH)
AVERAGE WIND SPEED 7.6
HIGHEST WIND SPEED/DIRECTION 35/250 DATE 06/09
35/180 06/27
HIGHEST GUST SPEED/DIRECTION 47/180 DATE 06/27
SKY COVER
POSSIBLE SUNSHINE (PERCENT) MM
AVERAGE SKY COVER 0.29
NUMBER OF DAYS FAIR 22
NUMBER OF DAYS PC 7
NUMBER OF DAYS CLOUDY 1
AVERAGE RH (PERCENT) 58
WEATHER CONDITIONS. NUMBER OF DAYS WITH
THUNDERSTORM 11 MIXED PRECIP 0
HEAVY RAIN 0 RAIN 3
LIGHT RAIN 12 FREEZING RAIN 0
LT FREEZING RAIN 0 HAIL 1
HEAVY SNOW 0 SNOW 0
LIGHT SNOW 0 SLEET 0
FOG 2 FOG W/VIS <= 1/4 MILE 0
HAZE 1
- INDICATES NEGATIVE NUMBERS.
R INDICATES RECORD WAS SET OR TIED.
MM INDICATES DATA IS MISSING.
T INDICATES TRACE AMOUNT.
&&
22ND: RECORD LOW TEMPERATURE OF 31; BREAKS PREVIOUS RECORD OF 36 SET IN 1995.
$$