000
CXUS55 KABR 011711
CF6PIR
PRELIMINARY LOCAL CLIMATOLOGICAL DATA (WS FORM: F-6)
STATION: PIERRE SD
MONTH: FEBRUARY
YEAR: 2021
LATITUDE: 44 22 N
LONGITUDE: 100 17 W
TEMPERATURE IN F: :PCPN: SNOW: WIND :SUNSHINE: SKY :PK WND
================================================================================
1 2 3 4 5 6A 6B 7 8 9 10 11 12 13 14 15 16 17 18
12Z AVG MX 2MIN
DY MAX MIN AVG DEP HDD CDD WTR SNW DPTH SPD SPD DIR MIN PSBL S-S WX SPD DR
================================================================================
1 35 26 31 10 34 0 0.00 0.0 T 11.2 17 110 M M 9 12 20 110
2 31 26 29 8 36 0 0.00 0.0 T 8.2 14 140 M M 10 128 18 130
3 47 22 35 13 30 0 T T T 16.6 33 320 M M 8 12 42 340
4 33 12 23 1 42 0 T T 0 19.0 32 320 M M 2 44 310
5 26 6 16 -6 49 0 T T 0 14.1 21 310 M M 2 26 340
6 7 -2 3 -19 62 0 T T 0 10.4 23 340 M M 5 8 29 340
7 1 -12 -5 -27 70 0 0.03 0.3 0 10.4 17 70 M M 9 8 22 80
8 9 -15 -3 -25 68 0 T T T 2.4 8 250 M M 4 8 11 250
9 10 -4 3 -20 62 0 T T 1 9.2 18 330 M M 6 26 290
10 10 -1 5 -18 60 0 0.00 0.0 T 8.5 16 330 M M 9 21 340
11 5 -10 -2 -25 67 0 T T T 11.2 17 330 M M 10 8 23 330
12 3 -12 -4 -27 69 0 0.00 0.0 T 9.6 18 280 M M 4 25 260
13 0 -15 -7 -31 72 0 T T T 8.5 15 10 M M 4 8 20 310
14 -2 -24 -13 -37 78 0 0.00 0.0 T 3.6 7 190 M M 0 M M
15 5 -21 -8 -32 73 0 0.00 0.0 T 11.9 23 140 M M 0 29 160
16 9 -11 -1 -25 66 0 0.00 0.0 T 16.8 28 130 M M 6 34 120
17 19 3 11 -14 54 0 T T T 4.1 14 330 M M 8 8 22 330
18 25 0 13 -12 52 0 T T T 8.0 22 300 M M 8 28 300
19 31 -1 15 -10 50 0 0.00 0.0 T 7.9 15 190 M M 0 19 180
20 42 5 24 -2 41 0 0.05 0.0 T 6.6 17 150 M M 4 21 140
21 50 19 35 9 30 0 0.00 0.0 T 11.2 21 320 M M 2 26 320
22 63 32 48 22 17 0 0.00 0.0 0 21.9 43 290 M M 2 52 310
23 56 28 42 15 23 0 0.00 0.0 0 14.9 37 330 M M 5 50 320
24 44 18 31 4 34 0 0.06 0.6 0 10.0 26 350 M M 5 1 35 340
25 50 11 31 4 34 0 0.00 0.0 T 11.8 25 200 M M 0 36 230
26 52 31 42 14 23 0 0.00 0.0 0 11.7 25 260 M M 3 34 280
27 48 18 33 5 32 0 0.06 0.6 0 9.4 24 30 M M 4 1 32 20
28 30 13 22 -6 43 0 0.20 2.0 3 12.3 23 10 M M 4 1 30 20
================================================================================
SM 739 142 1371 0 0.40 3.5 301.4 M 133
================================================================================
AV 26.4 5.1 10.8 FASTST M M 5 MAX(MPH)
MISC ----> 43 290 52 310
================================================================================
NOTES:
# LAST OF SEVERAL OCCURRENCES
COLUMN 17 PEAK WIND IN M.P.H.
PRELIMINARY LOCAL CLIMATOLOGICAL DATA (WS FORM: F-6) , PAGE 2
STATION: PIERRE SD
MONTH: FEBRUARY
YEAR: 2021
LATITUDE: 44 22 N
LONGITUDE: 100 17 W
[TEMPERATURE DATA] [PRECIPITATION DATA] SYMBOLS USED IN COLUMN 16
AVERAGE MONTHLY: 15.7 TOTAL FOR MONTH: 0.40 1 = FOG OR MIST
DPTR FM NORMAL: -8.6 DPTR FM NORMAL: -0.19 2 = FOG REDUCING VISIBILITY
HIGHEST: 63 ON 22 GRTST 24HR 0.20 ON 28-28 TO 1/4 MILE OR LESS
LOWEST: -24 ON 14 3 = THUNDER
SNOW, ICE PELLETS, HAIL 4 = ICE PELLETS
TOTAL MONTH: 3.5 INCHES 5 = HAIL
GRTST 24HR 2.0 ON 28-28 6 = FREEZING RAIN OR DRIZZLE
GRTST DEPTH: 3 ON 28 7 = DUSTSTORM OR SANDSTORM:
VSBY 1/2 MILE OR LESS
8 = SMOKE OR HAZE
[NO. OF DAYS WITH] [WEATHER - DAYS WITH] 9 = BLOWING SNOW
X = TORNADO
MAX 32 OR BELOW: 17 0.01 INCH OR MORE: 5
MAX 90 OR ABOVE: 0 0.10 INCH OR MORE: 1
MIN 32 OR BELOW: 28 0.50 INCH OR MORE: 0
MIN 0 OR BELOW: 13 1.00 INCH OR MORE: 0
[HDD (BASE 65) ]
TOTAL THIS MO. 1371 CLEAR (SCALE 0-3) 8
DPTR FM NORMAL 233 PTCLDY (SCALE 4-7) 14
TOTAL FM JUL 1 5137 CLOUDY (SCALE 8-10) 6
DPTR FM NORMAL -362
[CDD (BASE 65) ]
TOTAL THIS MO. 0
DPTR FM NORMAL 0 [PRESSURE DATA]
TOTAL FM JAN 1 0 HIGHEST SLP 30.86 ON 14
DPTR FM NORMAL 0 LOWEST SLP 29.57 ON 3
[REMARKS]
#FINAL-02-21#