000
CXUS51 KRLX 022052
CF6PKB
PRELIMINARY LOCAL CLIMATOLOGICAL DATA (WS FORM: F-6)
STATION: PARKERSBURG WV
MONTH: FEBRUARY
YEAR: 2021
LATITUDE: 39 20 N
LONGITUDE: 81 26 W
TEMPERATURE IN F: :PCPN: SNOW: WIND :SUNSHINE: SKY :PK WND
================================================================================
1 2 3 4 5 6A 6B 7 8 9 10 11 12 13 14 15 16 17 18
12Z AVG MX 2MIN
DY MAX MIN AVG DEP HDD CDD WTR SNW DPTH SPD SPD DIR MIN PSBL S-S WX SPD DR
================================================================================
1 38 28 33 1 32 0 0.16 M M 6.4 12 300 M M 10 1 18 290
2 31 24 28 -4 37 0 0.06 M M 10.5 18 310 M M 9 1 27 310
3 36 18 27 -6 38 0 0.00 M M 7.7 16 290 M M 2 20 320
4 44 12 28 -5 37 0 0.08 M M 4.3 23 190 M M 3 18 33 180
5 42 31 37 4 28 0 0.05 M M 10.4 21 240 M M 8 1 33 220
6 40 25 33 0 32 0 T M M 5.4 15 260 M M 4 22 250
7 31 17 24 -9 41 0 T M M 5.7 15 320 M M 5 1 20 320
8 42 11 27 -6 38 0 T M M 1.9 9 340 M M 4 18 12 340
9 32 24 28 -6 37 0 0.08 M M 1.8 9 330 M M 9 18 11 320
10 29 21 25 -9 40 0 0.19 M M 4.6 12 50 M M 8 1 17 40
11 29 22 26 -8 39 0 T M M 7.8 16 40 M M 8 18 21 30
12 33 27 30 -4 35 0 0.00 M M 4.5 13 50 M M 10 8 15 40
13 32 27 30 -4 35 0 0.00 M M 4.6 12 40 M M 10 18 16 40
14 30 26 28 -6 37 0 0.00 M M 5.3 10 40 M M 10 18 14 40
15 33 24 29 -6 36 0 0.64 M M 6.5 14 50 M M 10 168 20 50
16 33 17 25 -10 40 0 0.04 M M 7.7 18 260 M M 10 168 26 250
17 26 13 20 -15 45 0 0.04 M M 3.5 10 30 M M 6 1 13 30
18 34 23 29 -6 36 0 0.11 M M 2.1 7 320 M M 10 128 8 360
19 32 21 27 -9 38 0 T M M 6.3 13 290 M M 10 18 18 290
20 28 13 21 -15 44 0 T M M 6.2 14 270 M M 7 18 21 290
21 40 6 23 -13 42 0 0.00 M M 3.5 13 160 M M 0 18 17 170
22 43 34 39 3 26 0 0.13 M M 9.9 18 240 M M 8 1 30 240
23 55 30 43 6 22 0 T M M 10.6 26 290 M M 4 35 280
24 69 27 48 11 17 0 0.13 M M 13.9 23 260 M M 3 18 33 260
25 50 31 41 4 24 0 0.00 M M 6.8 12 330 M M 1 17 320
26 49 27 38 0 27 0 0.01 M M 7.9 13 190 M M 5 1 24 180
27 56 41 49 11 16 0 0.03 M M 4.7 8 260 M M 8 18 8 260
28 63 45 54 16 11 0 1.61 M M 7.3 14 250 M M 8 1 22 240
================================================================================
SM 1100 665 930 0 3.36 M 177.8 M 190
================================================================================
AV 39.3 23.8 6.3 FASTST M M 7 MAX(MPH)
MISC ----> 26 290 35 280
================================================================================
NOTES:
# LAST OF SEVERAL OCCURRENCES
COLUMN 17 PEAK WIND IN M.P.H.
PRELIMINARY LOCAL CLIMATOLOGICAL DATA (WS FORM: F-6) , PAGE 2
STATION: PARKERSBURG WV
MONTH: FEBRUARY
YEAR: 2021
LATITUDE: 39 20 N
LONGITUDE: 81 26 W
[TEMPERATURE DATA] [PRECIPITATION DATA] SYMBOLS USED IN COLUMN 16
AVERAGE MONTHLY: 31.5 TOTAL FOR MONTH: 3.36 1 = FOG OR MIST
DPTR FM NORMAL: -3.3 DPTR FM NORMAL: 0.66 2 = FOG REDUCING VISIBILITY
HIGHEST: 69 ON 24 GRTST 24HR 1.61 ON 28-28 TO 1/4 MILE OR LESS
LOWEST: 6 ON 21 3 = THUNDER
SNOW, ICE PELLETS, HAIL 4 = ICE PELLETS
TOTAL MONTH: M 5 = HAIL
GRTST 24HR M ON M 6 = FREEZING RAIN OR DRIZZLE
GRTST DEPTH: M ON M 7 = DUSTSTORM OR SANDSTORM:
VSBY 1/2 MILE OR LESS
8 = SMOKE OR HAZE
[NO. OF DAYS WITH] [WEATHER - DAYS WITH] 9 = BLOWING SNOW
X = TORNADO
MAX 32 OR BELOW: 10 0.01 INCH OR MORE: 15
MAX 90 OR ABOVE: 0 0.10 INCH OR MORE: 7
MIN 32 OR BELOW: 25 0.50 INCH OR MORE: 2
MIN 0 OR BELOW: 0 1.00 INCH OR MORE: 1
[HDD (BASE 65) ]
TOTAL THIS MO. 930 CLEAR (SCALE 0-3) 4
DPTR FM NORMAL 85 PTCLDY (SCALE 4-7) 11
TOTAL FM JUL 1 3600 CLOUDY (SCALE 8-10) 13
DPTR FM NORMAL -191
[CDD (BASE 65) ]
TOTAL THIS MO. 0
DPTR FM NORMAL 0 [PRESSURE DATA]
TOTAL FM JAN 1 0 HIGHEST SLP M ON M
DPTR FM NORMAL 0 LOWEST SLP 29.55 ON 5
[REMARKS]
#FINAL-02-21#