000
CXUS51 KRLX 010822
CF6PKB
PRELIMINARY LOCAL CLIMATOLOGICAL DATA (WS FORM: F-6)
STATION: PARKERSBURG WV
MONTH: OCTOBER
YEAR: 2020
LATITUDE: 39 20 N
LONGITUDE: 81 26 W
TEMPERATURE IN F: :PCPN: SNOW: WIND :SUNSHINE: SKY :PK WND
================================================================================
1 2 3 4 5 6A 6B 7 8 9 10 11 12 13 14 15 16 17 18
12Z AVG MX 2MIN
DY MAX MIN AVG DEP HDD CDD WTR SNW DPTH SPD SPD DIR MIN PSBL S-S WX SPD DR
================================================================================
1 71 46 59 -1 6 0 0.02 M M 3.7 22 250 M M 6 35 250
2 58 39 49 -11 16 0 0.00 M M 2.2 10 310 M M 5 1 13 310
3 65 35 50 -10 15 0 0.00 M M 1.8 10 210 M M 5 12 13 200
4 69 43 56 -3 9 0 0.07 M M 3.8 24 310 M M 8 1 41 320
5 61 39 50 -9 15 0 0.00 M M 1.9 8 300 M M 7 1 12 270
6 70 34 52 -6 13 0 0.00 M M 5.1 16 200 M M 3 12 21 190
7 81 54 68 10 0 3 0.00 M M 8.9 18 290 M M 1 27 300
8 73 43 58 0 7 0 0.00 M M 2.0 12 310 M M 0 16 310
9 76 41 59 2 6 0 0.00 M M 3.8 10 190 M M 1 12 15 200
10 72 59 66 9 0 1 0.05 M M 5.1 14 210 M M 7 12 20 220
11 68 59 64 7 1 0 0.11 M M 3.6 10 40 M M 9 12 13 30
12 78 64 71 15 0 6 T M M 5.3 13 200 M M 8 16 170
13 69 49 59 3 6 0 0.09 M M 6.7 21 300 M M 5 1 29 290
14 73 45 59 3 6 0 0.00 M M 5.1 13 180 M M 0 17 170
15 76 49 63 7 2 0 0.16 M M 7.8 21 230 M M 5 1 30 270
16 61 36 49 -6 16 0 0.10 M M 3.5 13 310 M M 5 1 18 350
17 62 29 46 -9 19 0 0.00 M M 2.3 14 200 M M 0 1 19 260
18 65 36 51 -4 14 0 T M M 5.6 15 180 M M 4 21 170
19 60 53 57 3 8 0 0.08 M M 1.1 8 140 M M 10 1 10 140
20 67 56 62 8 3 0 0.20 M M 3.8 10 200 M M 8 12 12 190
21 79 52 66 12 0 1 0.00 M M 3.3 14 210 M M 4 128 20 200
22 82 50 66 13 0 1 0.00 M M 1.6 12 260 M M 3 12 17 270
23 81 53 67 14 0 2 0.11 M M 6.0 17 280 M M 1 1 26 270
24 65 47 56 3 9 0 0.13 M M 6.6 15 290 M M 10 1 23 290
25 50 43 47 -6 18 0 0.08 M M 5.2 12 40 M M 10 1 15 40
26 56 49 53 1 12 0 0.02 M M 2.3 10 310 M M 10 1 15 350
27 58 49 54 2 11 0 T M M 1.9 8 140 M M 9 11 280
28 57 52 55 3 10 0 0.05 M M 2.5 9 320 M M 10 1 13 320
29 55 47 51 0 14 0 1.96 M M 6.0 14 50 M M 10 1 20 350
30 51 38 45 -6 20 0 0.04 M M 7.0 17 290 M M 9 1 26 290
31 56 30 43 -8 22 0 0.00 M M 2.4 10 200 M M 2 12 13 210
================================================================================
SM 2065 1419 278 14 3.27 M 127.9 M 175
================================================================================
AV 66.6 45.8 4.1 FASTST M M 6 MAX(MPH)
MISC ----> 24 310 41 320
================================================================================
NOTES:
# LAST OF SEVERAL OCCURRENCES
COLUMN 17 PEAK WIND IN M.P.H.
PRELIMINARY LOCAL CLIMATOLOGICAL DATA (WS FORM: F-6) , PAGE 2
STATION: PARKERSBURG WV
MONTH: OCTOBER
YEAR: 2020
LATITUDE: 39 20 N
LONGITUDE: 81 26 W
[TEMPERATURE DATA] [PRECIPITATION DATA] SYMBOLS USED IN COLUMN 16
AVERAGE MONTHLY: 56.2 TOTAL FOR MONTH: 3.27 1 = FOG OR MIST
DPTR FM NORMAL: 0.9 DPTR FM NORMAL: 0.41 2 = FOG REDUCING VISIBILITY
HIGHEST: 82 ON 22 GRTST 24HR 2.00 ON 28-29 TO 1/4 MILE OR LESS
LOWEST: 29 ON 17 3 = THUNDER
SNOW, ICE PELLETS, HAIL 4 = ICE PELLETS
TOTAL MONTH: M 5 = HAIL
GRTST 24HR M ON M 6 = FREEZING RAIN OR DRIZZLE
GRTST DEPTH: M ON M 7 = DUSTSTORM OR SANDSTORM:
VSBY 1/2 MILE OR LESS
8 = SMOKE OR HAZE
[NO. OF DAYS WITH] [WEATHER - DAYS WITH] 9 = BLOWING SNOW
X = TORNADO
MAX 32 OR BELOW: 0 0.01 INCH OR MORE: 16
MAX 90 OR ABOVE: 0 0.10 INCH OR MORE: 7
MIN 32 OR BELOW: 2 0.50 INCH OR MORE: 1
MIN 0 OR BELOW: 0 1.00 INCH OR MORE: 1
[HDD (BASE 65) ]
TOTAL THIS MO. 278 CLEAR (SCALE 0-3) 8
DPTR FM NORMAL -40 PTCLDY (SCALE 4-7) 14
TOTAL FM JUL 1 350 CLOUDY (SCALE 8-10) 9
DPTR FM NORMAL -43
[CDD (BASE 65) ]
TOTAL THIS MO. 14
DPTR FM NORMAL -3 [PRESSURE DATA]
TOTAL FM JAN 1 1181 HIGHEST SLP 30.47 ON 31
DPTR FM NORMAL 228 LOWEST SLP 29.53 ON 29
[REMARKS]
#FINAL-10-20#