000
CXUS56 KLOX 011155
CF6PMD
PRELIMINARY LOCAL CLIMATOLOGICAL DATA (WS FORM: F-6)
STATION: PALMDALE AIRPORT CA
MONTH: AUGUST
YEAR: 2021
LATITUDE: 34 37 N
LONGITUDE: 118 5 W
TEMPERATURE IN F: :PCPN: SNOW: WIND :SUNSHINE: SKY :PK WND
================================================================================
1 2 3 4 5 6A 6B 7 8 9 10 11 12 13 14 15 16 17 18
12Z AVG MX 2MIN
DY MAX MIN AVG DEP HDD CDD WTR SNW DPTH SPD SPD DIR MIN PSBL S-S WX SPD DR
================================================================================
1 101 71 86 3 0 21 0.00 M M 11.3 24 210 M M 0 30 240
2 103 71 87 4 0 22 0.00 M M 7.7 23 240 M M 0 26 240
3 107 66 87 4 0 22 0.00 M M 7.7 24 210 M M 0 28 220
4 108 71 90 7 0 25 0.00 M M 9.0 29 230 M M 0 37 240
5 105 74 90 7 0 25 0.00 M M 13.0 25 240 M M 0 31 240
6 101 62 82 -1 0 17 0.00 M M 9.2 22 230 M M 0 27 230
7 100 67 84 1 0 19 0.00 M M 11.0 26 210 M M 0 31 220
8 97 71 84 1 0 19 0.00 M M 16.5 26 210 M M 0 32 230
9 101 69 85 2 0 20 0.00 M M 12.7 26 200 M M 0 30 200
10 102 72 87 4 0 22 0.00 M M 10.6 25 240 M M 0 29 250
11 102 80 91 8 0 26 0.00 M M 13.1 22 210 M M 0 26 220
12 100 76 88 6 0 23 0.00 M M 14.4 24 230 M M 0 29 220
13 98 72 85 3 0 20 0.00 M M 15.4 25 220 M M 0 29 220
14 100 77 89 7 0 24 0.00 M M 10.4 21 220 M M 0 24 210
15 108 73 91 9 0 26 0.00 M M 8.0 22 210 M M 0 25 210
16 103 76 90 8 0 25 0.00 M M 15.4 26 230 M M 0 8 32 240
17 92 72 82 0 0 17 0.00 M M 22.1 36 210 M M 0 42 210
18 77 63 70 -12 0 5 0.00 M M 20.2 36 250 M M 0 47 200
19 87 61 74 -8 0 9 0.00 M M 10.5 21 220 M M 0 8 24 230
20 91 60 76 -6 0 11 0.00 M M 7.9 22 240 M M 0 8 27 240
21 85 62 74 -7 0 9 0.00 M M 12.5 25 220 M M 0 31 210
22 91 57 74 -7 0 9 0.00 M M 7.2 21 200 M M 0 24 210
23 92 59 76 -5 0 11 0.00 M M 9.2 22 230 M M 0 26 230
24 96 56 76 -5 0 11 0.00 M M 8.8 25 220 M M 0 8 29 220
25 99 61 80 -1 0 15 0.00 M M 8.6 24 220 M M 0 28 210
26 100 61 81 0 0 16 0.00 M M 7.7 18 230 M M 0 24 210
27 104 54 79 -1 0 14 0.00 M M 8.2 28 240 M M 0 36 250
28 104 64 84 4 0 19 0.00 M M 7.9 26 220 M M 0 30 220
29 105 69 87 7 0 22 0.00 M M 8.6 23 240 M M 0 26 220
30 105 74 90 10 0 25 0.00 M M 11.5 25 210 M M 0 30 230
31 91 68 80 0 0 15 T M M 17.4 30 230 M M 1 36 230
================================================================================
SM 3055 2089 0 564 T M 353.7 M 1
================================================================================
AV 98.5 67.4 11.4 FASTST M M 0 MAX(MPH)
MISC ----> # 36 210 47 200
================================================================================
NOTES:
# LAST OF SEVERAL OCCURRENCES
COLUMN 17 PEAK WIND IN M.P.H.
PRELIMINARY LOCAL CLIMATOLOGICAL DATA (WS FORM: F-6) , PAGE 2
STATION: PALMDALE AIRPORT CA
MONTH: AUGUST
YEAR: 2021
LATITUDE: 34 37 N
LONGITUDE: 118 5 W
[TEMPERATURE DATA] [PRECIPITATION DATA] SYMBOLS USED IN COLUMN 16
AVERAGE MONTHLY: 83.0 TOTAL FOR MONTH: T 1 = FOG OR MIST
DPTR FM NORMAL: 1.2 DPTR FM NORMAL: -0.03 2 = FOG REDUCING VISIBILITY
HIGHEST: 108 ON 15, 4 GRTST 24HR T ON 31-31 TO 1/4 MILE OR LESS
LOWEST: 54 ON 27 3 = THUNDER
SNOW, ICE PELLETS, HAIL 4 = ICE PELLETS
TOTAL MONTH: M 5 = HAIL
GRTST 24HR M ON M 6 = FREEZING RAIN OR DRIZZLE
GRTST DEPTH: M ON M 7 = DUSTSTORM OR SANDSTORM:
VSBY 1/2 MILE OR LESS
8 = SMOKE OR HAZE
[NO. OF DAYS WITH] [WEATHER - DAYS WITH] 9 = BLOWING SNOW
X = TORNADO
MAX 32 OR BELOW: 0 0.01 INCH OR MORE: 0
MAX 90 OR ABOVE: 28 0.10 INCH OR MORE: 0
MIN 32 OR BELOW: 0 0.50 INCH OR MORE: 0
MIN 0 OR BELOW: 0 1.00 INCH OR MORE: 0
[HDD (BASE 65) ]
TOTAL THIS MO. 0 CLEAR (SCALE 0-3) 31
DPTR FM NORMAL 0 PTCLDY (SCALE 4-7) 0
TOTAL FM JUL 1 0 CLOUDY (SCALE 8-10) 0
DPTR FM NORMAL 0
[CDD (BASE 65) ]
TOTAL THIS MO. 564
DPTR FM NORMAL 42 [PRESSURE DATA]
TOTAL FM JAN 1 1998 HIGHEST SLP 30.05 ON 2
DPTR FM NORMAL 442 LOWEST SLP 29.61 ON 31
[REMARKS]
#FINAL-08-21#