000
CXUS56 KLOX 011155
CF6PMD
PRELIMINARY LOCAL CLIMATOLOGICAL DATA (WS FORM: F-6)
STATION: PALMDALE AIRPORT CA
MONTH: AUGUST
YEAR: 2023
LATITUDE: 34 37 N
LONGITUDE: 118 5 W
TEMPERATURE IN F: :PCPN: SNOW: WIND :SUNSHINE: SKY :PK WND
================================================================================
1 2 3 4 5 6A 6B 7 8 9 10 11 12 13 14 15 16 17 18
12Z AVG MX 2MIN
DY MAX MIN AVG DEP HDD CDD WTR SNW DPTH SPD SPD DIR MIN PSBL S-S WX SPD DR
================================================================================
1 97 74 86 3 0 21 0.00 M M 11.6 24 220 M M 0 32 220
2 96 69 83 0 0 18 0.00 M M 13.3 26 210 M M 0 35 210
3 94 56 75 -8 0 10 0.00 M M 8.9 21 220 M M 0 29 260
4 99 57 78 -5 0 13 0.00 M M 7.8 21 300 M M 0 27 290
5 102 59 81 -2 0 16 0.00 M M 10.8 29 280 M M 0 38 280
6 102 55 79 -4 0 14 0.00 M M 10.0 24 250 M M 0 30 270
7 97 67 82 -1 0 17 0.00 M M 14.6 28 260 M M 0 35 260
8 94 63 79 -4 0 14 0.00 M M 14.6 29 210 M M 0 37 210
9 89 74 82 -1 0 17 T M M 14.9 28 220 M M 1 3 42 210
10 87 70 79 -4 0 14 T M M 12.8 22 220 M M 4 29 220
11 88 66 77 -6 0 12 0.00 M M 12.6 23 240 M M 0 28 230
12 93 66 80 -2 0 15 0.00 M M 9.6 25 240 M M 0 32 240
13 99 64 82 0 0 17 T M M 5.9 24 260 M M 0 3 31 270
14 101 64 83 1 0 18 0.00 M M 7.2 23 270 M M 0 29 270
15 103 68 86 4 0 21 T M M 7.2 26 50 M M 0 38 33 50
16 101 76 89 7 0 24 T M M 7.3 22 80 M M 1 3 29 90
17 101 65 83 1 0 18 T M M 8.9 26 210 M M 0 39 230
18 100 63 82 0 0 17 0.00 M M 8.3 24 190 M M 0 33 190
19 89 60 75 -7 0 10 0.01 M M 7.1 21 210 M M 1 3 27 210
20 70 63 67 -15 0 2 3.93 M M 13.6 25 280 M M 9 1 33 30
21 78 62 70 -11 0 5 T M M 6.4 23 210 M M 7 30 210
22 87 61 74 -7 0 9 0.00 M M 5.4 13 350 M M 0 17 350
23 93 63 78 -3 0 13 0.00 M M 4.6 17 230 M M 0 23 230
24 92 67 80 -1 0 15 0.00 M M 9.3 24 220 M M 0 30 220
25 96 64 80 -1 0 15 0.00 M M 5.4 17 230 M M 0 22 220
26 94 61 78 -3 0 13 0.00 M M 5.4 17 230 M M 0 23 260
27 99 60 80 0 0 15 0.00 M M 5.8 15 250 M M 0 20 250
28 101 64 83 3 0 18 0.00 M M 4.7 18 250 M M 0 23 240
29 101 62 82 2 0 17 0.00 M M 6.6 21 250 M M 0 26 260
30 100 61 81 1 0 16 0.00 M M 6.7 20 200 M M 0 26 260
31 97 63 80 0 0 15 0.00 M M 9.4 23 230 M M 0 31 240
================================================================================
SM 2940 1987 0 459 3.94 M 276.7 M 23
================================================================================
AV 94.8 64.1 8.9 FASTST M M 1 MAX(MPH)
MISC ----> # 29 280 42 210
================================================================================
NOTES:
# LAST OF SEVERAL OCCURRENCES
COLUMN 17 PEAK WIND IN M.P.H.
PRELIMINARY LOCAL CLIMATOLOGICAL DATA (WS FORM: F-6) , PAGE 2
STATION: PALMDALE AIRPORT CA
MONTH: AUGUST
YEAR: 2023
LATITUDE: 34 37 N
LONGITUDE: 118 5 W
[TEMPERATURE DATA] [PRECIPITATION DATA] SYMBOLS USED IN COLUMN 16
AVERAGE MONTHLY: 79.5 TOTAL FOR MONTH: 3.94 1 = FOG OR MIST
DPTR FM NORMAL: -2.3 DPTR FM NORMAL: 3.91 2 = FOG REDUCING VISIBILITY
HIGHEST: 103 ON 15 GRTST 24HR 3.93 ON 20-20 TO 1/4 MILE OR LESS
LOWEST: 55 ON 6 3 = THUNDER
SNOW, ICE PELLETS, HAIL 4 = ICE PELLETS
TOTAL MONTH: M 5 = HAIL
GRTST 24HR M ON M 6 = FREEZING RAIN OR DRIZZLE
GRTST DEPTH: M ON M 7 = DUSTSTORM OR SANDSTORM:
VSBY 1/2 MILE OR LESS
8 = SMOKE OR HAZE
[NO. OF DAYS WITH] [WEATHER - DAYS WITH] 9 = BLOWING SNOW
X = TORNADO
MAX 32 OR BELOW: 0 0.01 INCH OR MORE: 2
MAX 90 OR ABOVE: 24 0.10 INCH OR MORE: 1
MIN 32 OR BELOW: 0 0.50 INCH OR MORE: 1
MIN 0 OR BELOW: 0 1.00 INCH OR MORE: 1
[HDD (BASE 65) ]
TOTAL THIS MO. 0 CLEAR (SCALE 0-3) 28
DPTR FM NORMAL 0 PTCLDY (SCALE 4-7) 2
TOTAL FM JUL 1 0 CLOUDY (SCALE 8-10) 1
DPTR FM NORMAL 0
[CDD (BASE 65) ]
TOTAL THIS MO. 459
DPTR FM NORMAL -63 [PRESSURE DATA]
TOTAL FM JAN 1 1447 HIGHEST SLP 30.02 ON 21
DPTR FM NORMAL -109 LOWEST SLP 29.55 ON 20
[REMARKS]
#FINAL-08-23#