000
CXUS53 KPAH 010730
CF6POF
PRELIMINARY LOCAL CLIMATOLOGICAL DATA (WS FORM: F-6)
STATION: POPLAR BLUFF MO
MONTH: JUNE
YEAR: 2023
LATITUDE: 36 46 N
LONGITUDE: 90 19 W
TEMPERATURE IN F: :PCPN: SNOW: WIND :SUNSHINE: SKY :PK WND
================================================================================
1 2 3 4 5 6A 6B 7 8 9 10 11 12 13 14 15 16 17 18
12Z AVG MX 2MIN
DY MAX MIN AVG DEP HDD CDD WTR SNW DPTH SPD SPD DIR MIN PSBL S-S WX SPD DR
================================================================================
1 89 64 77 4 0 12 0.00 M M 3.3 12 130 M M 1 15 170
2 92 65 79 6 0 14 0.00 M M 4.2 18 10 M M 1 3 26 170
3 93 63 78 4 0 13 0.00 M M 5.7 15 60 M M 1 22 20
4 94 65 80 6 0 15 0.55 M M 5.3 32 360 M M 3 38 44 10
5 86 64 75 1 0 10 0.00 M M 6.5 15 10 M M 0 19 20
6 87 57 72 -2 0 7 0.00 M M 4.4 10 360 M M 0 15 360
7 89 60 75 0 0 10 T M M 5.5 21 360 M M 2 18 27 10
8 84 65 75 0 0 10 T M M 4.2 14 30 M M 4 18 20 60
9 84 60 72 -3 0 7 0.00 M M 4.1 12 50 M M 3 8 16 50
10 85 59 72 -4 0 7 0.00 M M 5.1 15 220 M M 3 20 210
11 81 67 74 -2 0 9 0.02 M M 11.0 24 310 M M 7 33 280
12 79 57 68 -8 0 3 0.00 M M 5.6 14 340 M M 4 23 340
13 83 53 68 -8 0 3 0.00 M M 4.6 15 230 M M 0 22 290
14 80 59 70 -7 0 5 0.28 M M 3.2 16 210 M M 1 38 24 210
15 88 61 75 -2 0 10 0.00 M M 2.4 14 240 M M 0 1 18 230
16 90 65 78 1 0 13 0.00 M M 3.2 10 220 M M 0 16 210
17 89 67 78 1 0 13 0.00 M M 4.8 12 40 M M 0 16 40
18 81 66 74 -4 0 9 0.28 M M 4.8 20 220 M M 5 138 31 220
19 86 63 75 -3 0 10 0.00 M M 5.7 14 350 M M 4 12 19 350
20 90 65 78 0 0 13 0.00 M M 6.8 15 40 M M 0 24 50
21 87 69 78 0 0 13 0.00 M M 8.0 15 50 M M 3 22 50
22 88 66 77 -1 0 12 0.00 M M 5.7 16 50 M M 1 26 30
23 93 63 78 0 0 13 0.00 M M 2.7 15 350 M M 2 1 21 340
24 91 67 79 1 0 14 0.00 M M 6.6 18 200 M M 1 1 26 230
25 98 72 85 6 0 20 0.02 M M 9.7 29 210 M M 1 3 37 200
26 93 69 81 2 0 16 0.00 M M 7.4 18 270 M M 0 28 260
27 90 63 77 -2 0 12 0.00 M M 4.2 14 190 M M 0 18 180
28 90 67 79 0 0 14 T M M 5.6 14 160 M M 1 3 19 170
29 96 74 85 6 0 20 0.00 M M 7.7 16 200 M M 1 1 22 220
30 98 77 88 9 0 23 0.00 M M 7.9 17 190 M M 0 1 25 190
================================================================================
SM 2654 1932 0 350 1.15 M 165.9 M 49
================================================================================
AV 88.5 64.4 5.5 FASTST M M 2 MAX(MPH)
MISC ----> 32 360 44 10
================================================================================
NOTES:
# LAST OF SEVERAL OCCURRENCES
COLUMN 17 PEAK WIND IN M.P.H.
PRELIMINARY LOCAL CLIMATOLOGICAL DATA (WS FORM: F-6) , PAGE 2
STATION: POPLAR BLUFF MO
MONTH: JUNE
YEAR: 2023
LATITUDE: 36 46 N
LONGITUDE: 90 19 W
[TEMPERATURE DATA] [PRECIPITATION DATA] SYMBOLS USED IN COLUMN 16
AVERAGE MONTHLY: 76.4 TOTAL FOR MONTH: 1.15 1 = FOG OR MIST
DPTR FM NORMAL: -0.3 DPTR FM NORMAL: -2.59 2 = FOG REDUCING VISIBILITY
HIGHEST: 98 ON 30,25 GRTST 24HR 0.55 ON 4- 4 TO 1/4 MILE OR LESS
LOWEST: 53 ON 13 3 = THUNDER
SNOW, ICE PELLETS, HAIL 4 = ICE PELLETS
TOTAL MONTH: M 5 = HAIL
GRTST 24HR M ON M 6 = FREEZING RAIN OR DRIZZLE
GRTST DEPTH: M ON M 7 = DUSTSTORM OR SANDSTORM:
VSBY 1/2 MILE OR LESS
8 = SMOKE OR HAZE
[NO. OF DAYS WITH] [WEATHER - DAYS WITH] 9 = BLOWING SNOW
X = TORNADO
MAX 32 OR BELOW: 0 0.01 INCH OR MORE: 5
MAX 90 OR ABOVE: 13 0.10 INCH OR MORE: 3
MIN 32 OR BELOW: 0 0.50 INCH OR MORE: 1
MIN 0 OR BELOW: 0 1.00 INCH OR MORE: 0
[HDD (BASE 65) ]
TOTAL THIS MO. 0 CLEAR (SCALE 0-3) 25
DPTR FM NORMAL -1 PTCLDY (SCALE 4-7) 5
TOTAL FM JUL 1 3446 CLOUDY (SCALE 8-10) 0
DPTR FM NORMAL -487
[CDD (BASE 65) ]
TOTAL THIS MO. 350
DPTR FM NORMAL -1 [PRESSURE DATA]
TOTAL FM JAN 1 559 HIGHEST SLP M ON M
DPTR FM NORMAL 19 LOWEST SLP 29.65 ON 11
[REMARKS]
#FINAL-06-23#