000
CXUS55 KPAH 010700
CF6POF
PRELIMINARY LOCAL CLIMATOLOGICAL DATA (WS FORM: F-6)
STATION: POPLAR BLUFF MO
MONTH: APRIL
YEAR: 2021
LATITUDE: 36 46 N
LONGITUDE: 90 19 W
TEMPERATURE IN F: :PCPN: SNOW: WIND :SUNSHINE: SKY :PK WND
================================================================================
1 2 3 4 5 6A 6B 7 8 9 10 11 12 13 14 15 16 17 18
12Z AVG MX 2MIN
DY MAX MIN AVG DEP HDD CDD WTR SNW DPTH SPD SPD DIR MIN PSBL S-S WX SPD DR
================================================================================
1 53 31 42 -11 23 0 0.00 M M 8.2 21 350 M M 0 31 340
2 53 26 40 -14 25 0 0.00 M M 3.3 12 170 M M 0 8 16 130
3 66 31 49 -5 16 0 0.00 M M 6.5 20 210 M M 0 18 26 210
4 75 40 58 4 7 0 0.00 M M 4.6 14 210 M M 1 8 20 210
5 77 43 60 5 5 0 0.00 M M 6.7 18 210 M M 1 8 26 210
6 79 49 64 9 1 0 0.00 M M 7.6 22 180 M M 1 18 32 190
7 77 57 67 12 0 2 0.34 M M 13.5 28 210 M M 8 138 42 190
8 64 50 57 1 8 0 0.00 M M 9.7 20 200 M M 6 27 220
9 83 49 66 10 0 1 M M M 6.9 31 190 M M 1 3 57 180
10 68 52 60 4 5 0 0.06 M M 14.7 28 270 M M 7 1 42 230
11 78 51 65 8 0 0 0.00 M M 9.9 23 290 M M 0 38 280
12 76 46 61 4 4 0 0.00 M M 4.5 17 20 M M 1 23 20
13 69 52 61 4 4 0 0.15 M M 10.2 18 40 M M 8 27 20
14 65 49 57 -1 8 0 0.55 M M 4.5 14 90 M M 6 1 18 40
15 63 44 54 -4 11 0 0.00 M M 6.6 17 20 M M 0 23 10
16 62 42 52 -6 13 0 0.02 M M 3.8 10 50 M M 6 16 120
17 59 45 52 -7 13 0 T M M 6.4 14 350 M M 9 18 350
18 64 40 52 -7 13 0 T M M 4.2 21 320 M M 4 1 27 320
19 70 39 55 -4 10 0 0.00 M M 5.7 17 200 M M 0 1 24 200
20 62 33 48 -12 17 0 0.13 M M 10.7 26 330 M M 4 1 35 340
21 57 31 44 -16 21 0 0.00 M M 5.6 14 300 M M 3 20 330
22 58 34 46 -14 19 0 0.00 M M 3.6 12 140 M M 1 8 16 140
23 66 47 57 -4 8 0 0.01 M M 6.5 15 140 M M 9 20 150
24 60 47 54 -7 11 0 0.98 M M 8.1 20 350 M M 8 18 27 340
25 69 42 56 -5 9 0 0.00 M M 3.9 10 150 M M 0 1 14 30
26 77 47 62 0 3 0 0.00 M M 9.1 21 200 M M 0 1 29 200
27 78 61 70 8 0 5 0.00 M M 12.7 29 200 M M 1 1 43 210
28 74 64 69 7 0 4 1.34 M M 4.9 21 320 M M 6 1238 30 310
29 75 57 66 4 0 1 1.22 M M 5.6 21 330 M M 7 13 25 340
30 78 52 65 2 0 0 0.00 M M 3.6 10 140 M M 0 1 16 170
================================================================================
SM 2055 1351 254 13 4.80 M 211.8 M 98
================================================================================
AV 68.5 45.0 7.1 FASTST M M 3 MAX(MPH)
MISC ----> 31 190 57 180
================================================================================
NOTES:
# LAST OF SEVERAL OCCURRENCES
COLUMN 17 PEAK WIND IN M.P.H.
PRELIMINARY LOCAL CLIMATOLOGICAL DATA (WS FORM: F-6) , PAGE 2
STATION: POPLAR BLUFF MO
MONTH: APRIL
YEAR: 2021
LATITUDE: 36 46 N
LONGITUDE: 90 19 W
[TEMPERATURE DATA] [PRECIPITATION DATA] SYMBOLS USED IN COLUMN 16
AVERAGE MONTHLY: 56.8 TOTAL FOR MONTH: 4.80 1 = FOG OR MIST
DPTR FM NORMAL: -1.3 DPTR FM NORMAL: 0.14 2 = FOG REDUCING VISIBILITY
HIGHEST: 83 ON 9 GRTST 24HR 2.50 ON 28-29 TO 1/4 MILE OR LESS
LOWEST: 26 ON 2 3 = THUNDER
SNOW, ICE PELLETS, HAIL 4 = ICE PELLETS
TOTAL MONTH: M 5 = HAIL
GRTST 24HR M ON M 6 = FREEZING RAIN OR DRIZZLE
GRTST DEPTH: M ON M 7 = DUSTSTORM OR SANDSTORM:
VSBY 1/2 MILE OR LESS
8 = SMOKE OR HAZE
[NO. OF DAYS WITH] [WEATHER - DAYS WITH] 9 = BLOWING SNOW
X = TORNADO
MAX 32 OR BELOW: 0 0.01 INCH OR MORE: 10
MAX 90 OR ABOVE: 0 0.10 INCH OR MORE: 7
MIN 32 OR BELOW: 4 0.50 INCH OR MORE: 4
MIN 0 OR BELOW: 0 1.00 INCH OR MORE: 2
[HDD (BASE 65) ]
TOTAL THIS MO. 254 CLEAR (SCALE 0-3) 16
DPTR FM NORMAL 21 PTCLDY (SCALE 4-7) 11
TOTAL FM JUL 1 3958 CLOUDY (SCALE 8-10) 3
DPTR FM NORMAL -64
[CDD (BASE 65) ]
TOTAL THIS MO. 13
DPTR FM NORMAL -13 [PRESSURE DATA]
TOTAL FM JAN 1 13 HIGHEST SLP M ON M
DPTR FM NORMAL -17 LOWEST SLP 29.43 ON 10
[REMARKS]
#FINAL-04-21#