000
CDUS41 KALY 192147
CLIPOU


CLIMATE REPORT
NATIONAL WEATHER SERVICE ALBANY NY
447 PM EST MON FEB 19 2018


...................................

...THE POUGHKEEPSIE NY CLIMATE SUMMARY FOR FEBRUARY 19 2018...
VALID TODAY AS OF 0400 PM LOCAL TIME.

CLIMATE NORMAL PERIOD 1981 TO 2010
CLIMATE RECORD PERIOD 1949 TO 2018


WEATHER ITEM   OBSERVED TIME   RECORD YEAR NORMAL DEPARTURE LAST
                VALUE   (LST)  VALUE       VALUE  FROM      YEAR
                                                  NORMAL
..................................................................
TEMPERATURE (F)
 TODAY
  MAXIMUM         44    343 PM  61    2017  40      4       61
                                      1981
  MINIMUM         19    634 AM   0    1958  18      1       29
  AVERAGE         32                        29      3       45

PRECIPITATION (IN)
  TODAY            0.05          1.30 1972   0.09  -0.04     0.00
  MONTH TO DATE    2.96                      1.76   1.20     1.46
  SINCE DEC 1      7.40                      8.37  -0.97     7.03
  SINCE JAN 1      5.84                      4.84   1.00     4.43

DEGREE DAYS
 HEATING
  TODAY           33                        36     -3       20
  MONTH TO DATE  657                       709    -52      656
  SINCE DEC 1   3037                      2983     54     2706
  SINCE JUL 1   4120                      4261   -141     3852

 COOLING
  TODAY            0                         0      0        0
  MONTH TO DATE    0                         0      0        0
  SINCE DEC 1      0                         0      0        0
  SINCE JAN 1      0                         0      0        0
..................................................................


WIND (MPH)
  HIGHEST WIND SPEED    10   HIGHEST WIND DIRECTION     S (180)
  HIGHEST GUST SPEED    17   HIGHEST GUST DIRECTION     S (180)
  AVERAGE WIND SPEED     2.7


SKY COVER
  AVERAGE SKY COVER 0.3



RELATIVE HUMIDITY (PERCENT)
 HIGHEST    96           800 AM
 LOWEST     62          1100 AM
 AVERAGE    79

..........................................................


THE POUGHKEEPSIE NY CLIMATE NORMALS FOR TOMORROW
                         NORMAL    RECORD    YEAR
 MAXIMUM TEMPERATURE (F)   41        63      2016
 MINIMUM TEMPERATURE (F)   19        -6      1978


SUNRISE AND SUNSET
FEBRUARY 19 2018......SUNRISE   645 AM EST   SUNSET   534 PM EST
FEBRUARY 20 2018......SUNRISE   644 AM EST   SUNSET   535 PM EST


-  INDICATES NEGATIVE NUMBERS.
R  INDICATES RECORD WAS SET OR TIED.
MM INDICATES DATA IS MISSING.
T  INDICATES TRACE AMOUNT.




RECORDS FOR KPOU DATE BACK TO 1949...
HOWEVER...DATA IS MISSING FROM JANUARY 1993 - JULY 2000.
$$
