000
CDUS41 KALY 050634
CLIPOU


CLIMATE REPORT
NATIONAL WEATHER SERVICE ALBANY NY
133 AM EST THU MAR 5 2015


...................................

...THE POUGHKEEPSIE NY CLIMATE SUMMARY FOR MARCH 4 2015...

CLIMATE NORMAL PERIOD 1981 TO 2010
CLIMATE RECORD PERIOD 1949 TO 2015


WEATHER ITEM   OBSERVED TIME   RECORD YEAR NORMAL DEPARTURE LAST
                VALUE   (LST)  VALUE       VALUE  FROM      YEAR
                                                  NORMAL
..................................................................
TEMPERATURE (F)
 YESTERDAY
  MAXIMUM         43    450 PM  67    1974  44     -1       27
  MINIMUM         35   1021 PM  -7    1950  22     13       -2
  AVERAGE         39                        33      6       13

PRECIPITATION (IN)
  YESTERDAY        0.01          1.04 1977   0.11  -0.10     0.00
  MONTH TO DATE    0.82                      0.43   0.39     0.00
  SINCE MAR 1      0.82                      0.43   0.39     0.00
  SINCE JAN 1      5.12                      6.17  -1.05     4.28

DEGREE DAYS
 HEATING
  YESTERDAY       26                        32     -6       52
  MONTH TO DATE  160                       131     29      185
  SINCE MAR 1    160                       131     29      185
  SINCE JUL 1   4845                      4702    143     4888

 COOLING
  YESTERDAY        0                         0      0        0
  MONTH TO DATE    0                         0      0        0
  SINCE MAR 1      0                         0      0        0
  SINCE JAN 1      0                         0      0        0
..................................................................


WIND (MPH)
  HIGHEST WIND SPEED    14   HIGHEST WIND DIRECTION     W (250)
  HIGHEST GUST SPEED    17   HIGHEST GUST DIRECTION    SW (230)
  AVERAGE WIND SPEED     5.9


SKY COVER
  AVERAGE SKY COVER 0.8



RELATIVE HUMIDITY (PERCENT)
 HIGHEST    89           700 AM
 LOWEST     67           200 PM
 AVERAGE    78

..........................................................


THE POUGHKEEPSIE NY CLIMATE NORMALS FOR TODAY
                         NORMAL    RECORD    YEAR
 MAXIMUM TEMPERATURE (F)   44        71      1964
 MINIMUM TEMPERATURE (F)   22        -1      1969


SUNRISE AND SUNSET
MARCH  5 2015.........SUNRISE   624 AM EST   SUNSET   550 PM EST
MARCH  6 2015.........SUNRISE   623 AM EST   SUNSET   552 PM EST


-  INDICATES NEGATIVE NUMBERS.
R  INDICATES RECORD WAS SET OR TIED.
MM INDICATES DATA IS MISSING.
T  INDICATES TRACE AMOUNT.




RECORDS FOR KPOU DATE BACK TO 1949...
HOWEVER...DATA IS MISSING FROM JANUARY 1993 - JULY 2000.
$$
