000
CDUS41 KALY 290631
CLIPOU


CLIMATE REPORT
NATIONAL WEATHER SERVICE ALBANY NY
230 AM EDT TUE JUL 29 2014




THE POUGHKEEPSIE NY CLIMATE SUMMARY FOR JULY 28 2014...

CLIMATE NORMAL PERIOD 1981 TO 2010
CLIMATE RECORD PERIOD 1949 TO 2014


WEATHER ITEM   OBSERVED TIME   RECORD YEAR NORMAL DEPARTURE LAST
                VALUE   (LST)  VALUE       VALUE  FROM      YEAR
                                                  NORMAL

TEMPERATURE (F)
 YESTERDAY
  MAXIMUM         83    226 PM  96    1949  85     -2       78
  MINIMUM         67   1159 PM  47    1977  61      6       65
  AVERAGE         75                        73      2       72

PRECIPITATION (IN)
  YESTERDAY        0.05          2.01 1986   0.16  -0.11     0.22
  MONTH TO DATE    4.96                      4.14   0.82     3.14
  SINCE JUN 1      7.25                      8.57  -1.32    12.96
  SINCE JAN 1     21.28                     26.07  -4.79    23.61

DEGREE DAYS
 HEATING
  YESTERDAY        0                         0      0        0
  MONTH TO DATE    0                         0      0        0
  SINCE JUN 1      7                        49    -42       31
  SINCE JUL 1      0                         0      0        0

 COOLING
  YESTERDAY       10                         8      2        7
  MONTH TO DATE  255                       216     39      368
  SINCE JUN 1    393                       343     50      522
  SINCE JAN 1    426                       379     47      575



WIND (MPH)
  HIGHEST WIND SPEED    24   HIGHEST WIND DIRECTION     W (250)
  HIGHEST GUST SPEED    30   HIGHEST GUST DIRECTION     W (250)
  AVERAGE WIND SPEED     6.8


SKY COVER
  AVERAGE SKY COVER 0.5



RELATIVE HUMIDITY (PERCENT)
 HIGHEST    90           500 AM
 LOWEST     51           200 PM
 AVERAGE    71




THE POUGHKEEPSIE NY CLIMATE NORMALS FOR TODAY
                         NORMAL    RECORD    YEAR
 MAXIMUM TEMPERATURE (F)   85        95      1949
 MINIMUM TEMPERATURE (F)   61        49      1987


SUNRISE AND SUNSET
JULY 29 2014..........SUNRISE   547 AM EDT   SUNSET   816 PM EDT
JULY 30 2014..........SUNRISE   548 AM EDT   SUNSET   815 PM EDT


-  INDICATES NEGATIVE NUMBERS.
R  INDICATES RECORD WAS SET OR TIED.
MM INDICATES DATA IS MISSING.
T  INDICATES TRACE AMOUNT.






RECORDS FOR KPOU DATE BACK TO 1949...
HOWEVER...DATA IS MISSING FROM JANUARY 1993 - JULY 2000.
$$
