000
CDUS41 KALY 130639
CLIPOU


CLIMATE REPORT
NATIONAL WEATHER SERVICE ALBANY NY
136 AM EST WED DEC 13 2017


...................................

...THE POUGHKEEPSIE NY CLIMATE SUMMARY FOR DECEMBER 12 2017...

CLIMATE NORMAL PERIOD 1981 TO 2010
CLIMATE RECORD PERIOD 1949 TO 2017


WEATHER ITEM   OBSERVED TIME   RECORD YEAR NORMAL DEPARTURE LAST
                VALUE   (LST)  VALUE       VALUE  FROM      YEAR
                                                  NORMAL
..................................................................
TEMPERATURE (F)
 YESTERDAY
  MAXIMUM         40    328 PM  66    1979  41     -1       42
  MINIMUM         26   1159 PM  -3    1962  23      3       28
  AVERAGE         33                        32      1       35

PRECIPITATION (IN)
  YESTERDAY        0.10          1.50 2008   0.11  -0.01     0.40
  MONTH TO DATE    0.67                      1.44  -0.77     1.16
  SINCE DEC 1      0.67                      1.44  -0.77     1.16
  SINCE JAN 1     36.21                     44.44  -8.23    31.68

DEGREE DAYS
 HEATING
  YESTERDAY       32                        33     -1       30
  MONTH TO DATE  356                       368    -12      363
  SINCE DEC 1    356                       368    -12      363
  SINCE JUL 1   1439                      1646   -207     1509

 COOLING
  YESTERDAY        0                         0      0        0
  MONTH TO DATE    0                         0      0        0
  SINCE DEC 1      0                         0      0        0
  SINCE JAN 1    718                       672     46     1053
..................................................................


WIND (MPH)
  HIGHEST WIND SPEED    20   HIGHEST WIND DIRECTION     W (280)
  HIGHEST GUST SPEED    28   HIGHEST GUST DIRECTION     W (270)
  AVERAGE WIND SPEED     4.3


SKY COVER
  AVERAGE SKY COVER 1.0



RELATIVE HUMIDITY (PERCENT)
 HIGHEST   100          1100 AM
 LOWEST     50          1100 PM
 AVERAGE    75

..........................................................


THE POUGHKEEPSIE NY CLIMATE NORMALS FOR TODAY
                         NORMAL    RECORD    YEAR
 MAXIMUM TEMPERATURE (F)   41        61      1984
 MINIMUM TEMPERATURE (F)   23         1      1988
                                             1982


SUNRISE AND SUNSET
DECEMBER 13 2017......SUNRISE   714 AM EST   SUNSET   426 PM EST
DECEMBER 14 2017......SUNRISE   715 AM EST   SUNSET   426 PM EST


-  INDICATES NEGATIVE NUMBERS.
R  INDICATES RECORD WAS SET OR TIED.
MM INDICATES DATA IS MISSING.
T  INDICATES TRACE AMOUNT.




RECORDS FOR KPOU DATE BACK TO 1949...
HOWEVER...DATA IS MISSING FROM JANUARY 1993 - JULY 2000.
$$
