000
CDUS41 KALY 160635
CLIPOU


CLIMATE REPORT
NATIONAL WEATHER SERVICE ALBANY NY
132 AM EST THU FEB 16 2017


...................................

...THE POUGHKEEPSIE NY CLIMATE SUMMARY FOR FEBRUARY 15 2017...

CLIMATE NORMAL PERIOD 1981 TO 2010
CLIMATE RECORD PERIOD 1949 TO 2017


WEATHER ITEM   OBSERVED TIME   RECORD YEAR NORMAL DEPARTURE LAST
                VALUE   (LST)  VALUE       VALUE  FROM      YEAR
                                                  NORMAL
..................................................................
TEMPERATURE (F)
 YESTERDAY
  MAXIMUM         45    307 PM  66    1954  39      6       26
  MINIMUM         20    542 AM  -4    1958  18      2        0
  AVERAGE         33                        28      5       13

PRECIPITATION (IN)
  YESTERDAY        0.05          0.72 1953   0.09  -0.04     0.16
  MONTH TO DATE    0.76                      1.39  -0.63     0.84
  SINCE DEC 1      6.33                      8.00  -1.67     5.95
  SINCE JAN 1      3.73                      4.47  -0.74     2.05

DEGREE DAYS
 HEATING
  YESTERDAY       32                        36     -4       52
  MONTH TO DATE  537                       565    -28      527
  SINCE DEC 1   2587                      2839   -252     2191
  SINCE JUL 1   3733                      4117   -384     3179

 COOLING
  YESTERDAY        0                         0      0        0
  MONTH TO DATE    0                         0      0        0
  SINCE DEC 1      0                         0      0        0
  SINCE JAN 1      0                         0      0        0
..................................................................


WIND (MPH)
  HIGHEST WIND SPEED    21   HIGHEST WIND DIRECTION     W (270)
  HIGHEST GUST SPEED    29   HIGHEST GUST DIRECTION     W (270)
  AVERAGE WIND SPEED     4.5


SKY COVER
  AVERAGE SKY COVER 0.4



RELATIVE HUMIDITY (PERCENT)
 HIGHEST    96           600 AM
 LOWEST     53           300 PM
 AVERAGE    75

..........................................................


THE POUGHKEEPSIE NY CLIMATE NORMALS FOR TODAY
                         NORMAL    RECORD    YEAR
 MAXIMUM TEMPERATURE (F)   40        72      1954
 MINIMUM TEMPERATURE (F)   18       -14      2015


SUNRISE AND SUNSET
FEBRUARY 16 2017......SUNRISE   649 AM EST   SUNSET   531 PM EST
FEBRUARY 17 2017......SUNRISE   648 AM EST   SUNSET   532 PM EST


-  INDICATES NEGATIVE NUMBERS.
R  INDICATES RECORD WAS SET OR TIED.
MM INDICATES DATA IS MISSING.
T  INDICATES TRACE AMOUNT.




RECORDS FOR KPOU DATE BACK TO 1949...
HOWEVER...DATA IS MISSING FROM JANUARY 1993 - JULY 2000.
$$
