000
CDUS41 KALY 040630
CLIPOU


CLIMATE REPORT
NATIONAL WEATHER SERVICE ALBANY NY
129 AM EST THU FEB 4 2016


...................................

...THE POUGHKEEPSIE NY CLIMATE SUMMARY FOR FEBRUARY 3 2016...

CLIMATE NORMAL PERIOD 1981 TO 2010
CLIMATE RECORD PERIOD 1949 TO 2016


WEATHER ITEM   OBSERVED TIME   RECORD YEAR NORMAL DEPARTURE LAST
                VALUE   (LST)  VALUE       VALUE  FROM      YEAR
                                                  NORMAL
..................................................................
TEMPERATURE (F)
 YESTERDAY
  MAXIMUM         63R   655 PM  60    1991  37     26       26
  MINIMUM         29   1202 AM -15    1961  16     13       -6
  AVERAGE         46                        26     20       10

PRECIPITATION (IN)
  YESTERDAY        0.61          1.83 1982   0.09   0.52     0.00
  MONTH TO DATE    0.61                      0.28   0.33     0.48
  SINCE DEC 1      5.72                      6.89  -1.17     6.42
  SINCE JAN 1      1.82                      3.36  -1.54     3.42

DEGREE DAYS
 HEATING
  YESTERDAY       19                        38    -19       55
  MONTH TO DATE   66                       116    -50      148
  SINCE DEC 1   1730                      2390   -660     2308
  SINCE JUL 1   2718                      3668   -950     3459

 COOLING
  YESTERDAY        0                         0      0        0
  MONTH TO DATE    0                         0      0        0
  SINCE DEC 1      0                         0      0        0
  SINCE JAN 1      0                         0      0        0
..................................................................


WIND (MPH)
  HIGHEST WIND SPEED    25   HIGHEST WIND DIRECTION    SE (150)
  HIGHEST GUST SPEED    39   HIGHEST GUST DIRECTION    SE (140)
  AVERAGE WIND SPEED     5.4


SKY COVER
  AVERAGE SKY COVER 0.8



RELATIVE HUMIDITY (PERCENT)
 HIGHEST    89           200 PM
 LOWEST     62           500 AM
 AVERAGE    76

..........................................................


THE POUGHKEEPSIE NY CLIMATE NORMALS FOR TODAY
                         NORMAL    RECORD    YEAR
 MAXIMUM TEMPERATURE (F)   37        62      1991
 MINIMUM TEMPERATURE (F)   16       -10      1985


SUNRISE AND SUNSET
FEBRUARY  4 2016......SUNRISE   705 AM EST   SUNSET   514 PM EST
FEBRUARY  5 2016......SUNRISE   704 AM EST   SUNSET   516 PM EST


-  INDICATES NEGATIVE NUMBERS.
R  INDICATES RECORD WAS SET OR TIED.
MM INDICATES DATA IS MISSING.
T  INDICATES TRACE AMOUNT.




RECORDS FOR KPOU DATE BACK TO 1949...
HOWEVER...DATA IS MISSING FROM JANUARY 1993 - JULY 2000.
$$
