000
CDUS41 KALY 150634
CLIPOU


CLIMATE REPORT
NATIONAL WEATHER SERVICE ALBANY NY
133 AM EST FRI DEC 15 2017


...................................

...THE POUGHKEEPSIE NY CLIMATE SUMMARY FOR DECEMBER 14 2017...

CLIMATE NORMAL PERIOD 1981 TO 2010
CLIMATE RECORD PERIOD 1949 TO 2017


WEATHER ITEM   OBSERVED TIME   RECORD YEAR NORMAL DEPARTURE LAST
                VALUE   (LST)  VALUE       VALUE  FROM      YEAR
                                                  NORMAL
..................................................................
TEMPERATURE (F)
 YESTERDAY
  MAXIMUM         30    132 PM  64    2015  41    -11       39
  MINIMUM          9   1106 PM  -6    1960  23    -14       23
  AVERAGE         20                        32    -12       31

PRECIPITATION (IN)
  YESTERDAY        0.03          1.60 1956   0.11  -0.08     0.00
  MONTH TO DATE    0.70                      1.67  -0.97     1.16
  SINCE DEC 1      0.70                      1.67  -0.97     1.16
  SINCE JAN 1     36.24                     44.67  -8.43    31.68

DEGREE DAYS
 HEATING
  YESTERDAY       45                        33     12       34
  MONTH TO DATE  444                       434     10      431
  SINCE DEC 1    444                       434     10      431
  SINCE JUL 1   1527                      1712   -185     1577

 COOLING
  YESTERDAY        0                         0      0        0
  MONTH TO DATE    0                         0      0        0
  SINCE DEC 1      0                         0      0        0
  SINCE JAN 1    718                       672     46     1053
..................................................................


WIND (MPH)
  HIGHEST WIND SPEED    18   HIGHEST WIND DIRECTION     W (280)
  HIGHEST GUST SPEED    24   HIGHEST GUST DIRECTION     W (270)
  AVERAGE WIND SPEED     6.3


SKY COVER
  AVERAGE SKY COVER 0.5



RELATIVE HUMIDITY (PERCENT)
 HIGHEST    84           300 AM
 LOWEST     39           300 PM
 AVERAGE    62

..........................................................


THE POUGHKEEPSIE NY CLIMATE NORMALS FOR TODAY
                         NORMAL    RECORD    YEAR
 MAXIMUM TEMPERATURE (F)   40        64      2015
 MINIMUM TEMPERATURE (F)   22        -4      2005


SUNRISE AND SUNSET
DECEMBER 15 2017......SUNRISE   715 AM EST   SUNSET   426 PM EST
DECEMBER 16 2017......SUNRISE   716 AM EST   SUNSET   426 PM EST


-  INDICATES NEGATIVE NUMBERS.
R  INDICATES RECORD WAS SET OR TIED.
MM INDICATES DATA IS MISSING.
T  INDICATES TRACE AMOUNT.




RECORDS FOR KPOU DATE BACK TO 1949...
HOWEVER...DATA IS MISSING FROM JANUARY 1993 - JULY 2000.
$$
