000
CDUS41 KALY 202151
CLIPOU


CLIMATE REPORT
NATIONAL WEATHER SERVICE ALBANY NY
450 PM EST MON FEB 20 2017


...................................

...THE POUGHKEEPSIE NY CLIMATE SUMMARY FOR FEBRUARY 20 2017...
VALID TODAY AS OF 0400 PM LOCAL TIME.

CLIMATE NORMAL PERIOD 1981 TO 2010
CLIMATE RECORD PERIOD 1949 TO 2017


WEATHER ITEM   OBSERVED TIME   RECORD YEAR NORMAL DEPARTURE LAST
                VALUE   (LST)  VALUE       VALUE  FROM      YEAR
                                                  NORMAL
..................................................................
TEMPERATURE (F)
 TODAY
  MAXIMUM         48    144 PM  63    2016  41      7       63
  MINIMUM         26    704 AM  -6    1978  19      7       38
  AVERAGE         37                        30      7       51

PRECIPITATION (IN)
  TODAY            0.00          1.19 1981   0.09  -0.09      T
  MONTH TO DATE    0.76                      1.85  -1.09     1.81
  SINCE DEC 1      6.33                      8.46  -2.13     6.92
  SINCE JAN 1      3.73                      4.93  -1.20     3.02

DEGREE DAYS
 HEATING
  TODAY           28                        35     -7       14
  MONTH TO DATE  684                       744    -60      670
  SINCE DEC 1   2734                      3018   -284     2334
  SINCE JUL 1   3880                      4296   -416     3322

 COOLING
  TODAY            0                         0      0        0
  MONTH TO DATE    0                         0      0        0
  SINCE DEC 1      0                         0      0        0
  SINCE JAN 1      0                         0      0        0
..................................................................


WIND (MPH)
  HIGHEST WIND SPEED    17   HIGHEST WIND DIRECTION     N (10)
  HIGHEST GUST SPEED    24   HIGHEST GUST DIRECTION    NE (40)
  AVERAGE WIND SPEED     5.0


SKY COVER
  AVERAGE SKY COVER 0.0



RELATIVE HUMIDITY (PERCENT)
 HIGHEST    92           600 AM
 LOWEST     26           300 PM
 AVERAGE    59

..........................................................


THE POUGHKEEPSIE NY CLIMATE NORMALS FOR TOMORROW
                         NORMAL    RECORD    YEAR
 MAXIMUM TEMPERATURE (F)   41        67      1953
 MINIMUM TEMPERATURE (F)   19        -9      1972


SUNRISE AND SUNSET
FEBRUARY 20 2017......SUNRISE   643 AM EST   SUNSET   535 PM EST
FEBRUARY 21 2017......SUNRISE   642 AM EST   SUNSET   537 PM EST


-  INDICATES NEGATIVE NUMBERS.
R  INDICATES RECORD WAS SET OR TIED.
MM INDICATES DATA IS MISSING.
T  INDICATES TRACE AMOUNT.




RECORDS FOR KPOU DATE BACK TO 1949...
HOWEVER...DATA IS MISSING FROM JANUARY 1993 - JULY 2000.
$$
