000
CDUS41 KALY 260622
CLIPOU


CLIMATE REPORT
NATIONAL WEATHER SERVICE ALBANY NY
221 AM EDT TUE AUG 26 2014




THE POUGHKEEPSIE NY CLIMATE SUMMARY FOR AUGUST 25 2014...

CLIMATE NORMAL PERIOD 1981 TO 2010
CLIMATE RECORD PERIOD 1949 TO 2014


WEATHER ITEM   OBSERVED TIME   RECORD YEAR NORMAL DEPARTURE LAST
                VALUE   (LST)  VALUE       VALUE  FROM      YEAR
                                                  NORMAL

TEMPERATURE (F)
 YESTERDAY
  MAXIMUM         86    425 PM  93    1972  81      5       82
  MINIMUM         55    518 AM  40    1987  58     -3       49
  AVERAGE         71                        70      1       66

PRECIPITATION (IN)
  YESTERDAY        0.00          1.67 1967   0.13  -0.13     0.00
  MONTH TO DATE    2.82                      3.51  -0.69     5.87
  SINCE JUN 1     10.08                     12.59  -2.51    18.83
  SINCE JAN 1     24.11                     30.09  -5.98    29.48

DEGREE DAYS
 HEATING
  YESTERDAY        0                         1     -1        0
  MONTH TO DATE    3                         3      0        3
  SINCE JUN 1     10                        57    -47       34
  SINCE JUL 1      3                         8     -5        3

 COOLING
  YESTERDAY        6                         5      1        1
  MONTH TO DATE  124                       173    -49      110
  SINCE JUN 1    527                       540    -13      647
  SINCE JAN 1    560                       576    -16      700



WIND (MPH)
  HIGHEST WIND SPEED     9   HIGHEST WIND DIRECTION     S (160)
  HIGHEST GUST SPEED    14   HIGHEST GUST DIRECTION    NW (330)
  AVERAGE WIND SPEED     1.1


SKY COVER
  AVERAGE SKY COVER 0.1



RELATIVE HUMIDITY (PERCENT)
 HIGHEST   100           200 AM
 LOWEST     44           100 PM
 AVERAGE    72




THE POUGHKEEPSIE NY CLIMATE NORMALS FOR TODAY
                         NORMAL    RECORD    YEAR
 MAXIMUM TEMPERATURE (F)   81        92      1949
 MINIMUM TEMPERATURE (F)   58        43      1963


SUNRISE AND SUNSET
AUGUST 26 2014........SUNRISE   615 AM EDT   SUNSET   739 PM EDT
AUGUST 27 2014........SUNRISE   616 AM EDT   SUNSET   737 PM EDT


-  INDICATES NEGATIVE NUMBERS.
R  INDICATES RECORD WAS SET OR TIED.
MM INDICATES DATA IS MISSING.
T  INDICATES TRACE AMOUNT.





RECORDS FOR KPOU DATE BACK TO 1949...
HOWEVER...DATA IS MISSING FROM JANUARY 1993 - JULY 2000.
$$
