000
CDUS41 KALY 150627
CLIPOU


CLIMATE REPORT
NATIONAL WEATHER SERVICE ALBANY NY
126 AM EST MON DEC 15 2014


...................................

...THE POUGHKEEPSIE NY CLIMATE SUMMARY FOR DECEMBER 14 2014...

CLIMATE NORMAL PERIOD 1981 TO 2010
CLIMATE RECORD PERIOD 1949 TO 2014


WEATHER ITEM   OBSERVED TIME   RECORD YEAR NORMAL DEPARTURE LAST
                VALUE   (LST)  VALUE       VALUE  FROM      YEAR
                                                  NORMAL
..................................................................
TEMPERATURE (F)
 YESTERDAY
  MAXIMUM         43    317 PM  58    1991  41      2       24
  MINIMUM         26   1159 PM  -6    1960  23      3       15
  AVERAGE         35                        32      3       20

PRECIPITATION (IN)
  YESTERDAY        0.00          1.60 1956   0.11  -0.11     0.31
  MONTH TO DATE    2.39                      1.67   0.72     1.24
  SINCE DEC 1      2.39                      1.67   0.72     1.24
  SINCE JAN 1     33.53                     44.67 -11.14    37.82

DEGREE DAYS
 HEATING
  YESTERDAY       30                        33     -3       45
  MONTH TO DATE  428                       434     -6      456
  SINCE DEC 1    428                       434     -6      456
  SINCE JUL 1   1579                      1712   -133     1699

 COOLING
  YESTERDAY        0                         0      0        0
  MONTH TO DATE    0                         0      0        0
  SINCE DEC 1      0                         0      0        0
  SINCE JAN 1    696                       672     24      829
..................................................................


WIND (MPH)
  HIGHEST WIND SPEED     9   HIGHEST WIND DIRECTION     N (350)
  HIGHEST GUST SPEED    13   HIGHEST GUST DIRECTION     N (340)
  AVERAGE WIND SPEED     1.0


SKY COVER
  AVERAGE SKY COVER 0.6



RELATIVE HUMIDITY (PERCENT)
 HIGHEST    92          1000 PM
 LOWEST     62           100 PM
 AVERAGE    77

..........................................................


THE POUGHKEEPSIE NY CLIMATE NORMALS FOR TODAY
                         NORMAL    RECORD    YEAR
 MAXIMUM TEMPERATURE (F)   40        63      2008
 MINIMUM TEMPERATURE (F)   22        -4      2005


SUNRISE AND SUNSET
DECEMBER 15 2014......SUNRISE   715 AM EST   SUNSET   426 PM EST
DECEMBER 16 2014......SUNRISE   716 AM EST   SUNSET   426 PM EST


-  INDICATES NEGATIVE NUMBERS.
R  INDICATES RECORD WAS SET OR TIED.
MM INDICATES DATA IS MISSING.
T  INDICATES TRACE AMOUNT.





RECORDS FOR KPOU DATE BACK TO 1949...
HOWEVER...DATA IS MISSING FROM JANUARY 1993 - JULY 2000.
$$
