000
CDUS41 KALY 220623
CLIPOU


CLIMATE REPORT
NATIONAL WEATHER SERVICE ALBANY NY
122 AM EST THU JAN 22 2015


...................................

...THE POUGHKEEPSIE NY CLIMATE SUMMARY FOR JANUARY 21 2015...

CLIMATE NORMAL PERIOD 1981 TO 2010
CLIMATE RECORD PERIOD 1949 TO 2015


WEATHER ITEM   OBSERVED TIME   RECORD YEAR NORMAL DEPARTURE LAST
                VALUE   (LST)  VALUE       VALUE  FROM      YEAR
                                                  NORMAL
..................................................................
TEMPERATURE (F)
 YESTERDAY
  MAXIMUM         30    321 PM  60    2006  35     -5       28
  MINIMUM         13    746 AM -30    1961  15     -2       10
  AVERAGE         22                        25     -3       19

PRECIPITATION (IN)
  YESTERDAY        T             2.02 1979   0.10  -0.10      T
  MONTH TO DATE    2.41                      2.11   0.30     1.45
  SINCE DEC 1      5.41                      5.64  -0.23     4.78
  SINCE JAN 1      2.41                      2.11   0.30     1.45

DEGREE DAYS
 HEATING
  YESTERDAY       43                        40      3       46
  MONTH TO DATE  833                       832      1      788
  SINCE DEC 1   1733                      1883   -150     1823
  SINCE JUL 1   2884                      3161   -277     3066

 COOLING
  YESTERDAY        0                         0      0        0
  MONTH TO DATE    0                         0      0        0
  SINCE DEC 1      0                         0      0        0
  SINCE JAN 1      0                         0      0        0
..................................................................


WIND (MPH)
  HIGHEST WIND SPEED    10   HIGHEST WIND DIRECTION     N (20)
  HIGHEST GUST SPEED    13   HIGHEST GUST DIRECTION     N (20)
  AVERAGE WIND SPEED     2.7


SKY COVER
  AVERAGE SKY COVER 0.2



RELATIVE HUMIDITY (PERCENT)
 HIGHEST    80           500 AM
 LOWEST     46           200 PM
 AVERAGE    63

..........................................................


THE POUGHKEEPSIE NY CLIMATE NORMALS FOR TODAY
                         NORMAL    RECORD    YEAR
 MAXIMUM TEMPERATURE (F)   35        60      1959
 MINIMUM TEMPERATURE (F)   15       -29      1961


SUNRISE AND SUNSET
JANUARY 22 2015.......SUNRISE   716 AM EST   SUNSET   458 PM EST
JANUARY 23 2015.......SUNRISE   715 AM EST   SUNSET   500 PM EST


-  INDICATES NEGATIVE NUMBERS.
R  INDICATES RECORD WAS SET OR TIED.
MM INDICATES DATA IS MISSING.
T  INDICATES TRACE AMOUNT.





RECORDS FOR KPOU DATE BACK TO 1949...
HOWEVER...DATA IS MISSING FROM JANUARY 1993 - JULY 2000.
$$
