000
CDUS41 KALY 190644
CLIPOU


CLIMATE REPORT
NATIONAL WEATHER SERVICE ALBANY NY
140 AM EST WED NOV 19 2014


...................................

...THE POUGHKEEPSIE NY CLIMATE SUMMARY FOR NOVEMBER 18 2014...

CLIMATE NORMAL PERIOD 1981 TO 2010
CLIMATE RECORD PERIOD 1949 TO 2014


WEATHER ITEM   OBSERVED TIME   RECORD YEAR NORMAL DEPARTURE LAST
                VALUE   (LST)  VALUE       VALUE  FROM      YEAR
                                                  NORMAL
..................................................................
TEMPERATURE (F)
 YESTERDAY
  MAXIMUM         44   1211 AM  69    1963  52     -8       64
  MINIMUM         22   1145 PM  17    1959  30     -8       48
  AVERAGE         33                        41     -8       56

PRECIPITATION (IN)
  YESTERDAY        0.00          0.75 1980   0.11  -0.11     0.18
  MONTH TO DATE    1.07                      2.04  -0.97     0.67
  SINCE SEP 1      5.35                     10.79  -5.44     4.60
  SINCE JAN 1     30.02                     41.57 -11.55    34.82

DEGREE DAYS
 HEATING
  YESTERDAY       32                        24      8        9
  MONTH TO DATE  402                       386     16      373
  SINCE SEP 1    806                       945   -139      858
  SINCE JUL 1    811                       962   -151      861

 COOLING
  YESTERDAY        0                         0      0        0
  MONTH TO DATE    0                         0      0        0
  SINCE SEP 1     99                        68     31       72
  SINCE JAN 1    696                       672     24      829
..................................................................


WIND (MPH)
  HIGHEST WIND SPEED    25   HIGHEST WIND DIRECTION     W (270)
  HIGHEST GUST SPEED    34   HIGHEST GUST DIRECTION     W (270)
  AVERAGE WIND SPEED    14.0


SKY COVER
  AVERAGE SKY COVER 0.2



RELATIVE HUMIDITY (PERCENT)
 HIGHEST    70          1200 AM
 LOWEST     26           300 PM
 AVERAGE    48

..........................................................


THE POUGHKEEPSIE NY CLIMATE NORMALS FOR TODAY
                         NORMAL    RECORD    YEAR
 MAXIMUM TEMPERATURE (F)   51        67      1991
 MINIMUM TEMPERATURE (F)   30        16      1986


SUNRISE AND SUNSET
NOVEMBER 19 2014......SUNRISE   649 AM EST   SUNSET   432 PM EST
NOVEMBER 20 2014......SUNRISE   650 AM EST   SUNSET   432 PM EST


-  INDICATES NEGATIVE NUMBERS.
R  INDICATES RECORD WAS SET OR TIED.
MM INDICATES DATA IS MISSING.
T  INDICATES TRACE AMOUNT.





RECORDS FOR KPOU DATE BACK TO 1949...
HOWEVER...DATA IS MISSING FROM JANUARY 1993 - JULY 2000.
$$
