000
CDUS41 KALY 212158
CLIPOU


CLIMATE REPORT
NATIONAL WEATHER SERVICE ALBANY NY
458 PM EST SUN DEC 21 2014


...................................

...THE POUGHKEEPSIE NY CLIMATE SUMMARY FOR DECEMBER 21 2014...
VALID TODAY AS OF 0400 PM LOCAL TIME.

CLIMATE NORMAL PERIOD 1981 TO 2010
CLIMATE RECORD PERIOD 1949 TO 2014


WEATHER ITEM   OBSERVED TIME   RECORD YEAR NORMAL DEPARTURE LAST
                VALUE   (LST)  VALUE       VALUE  FROM      YEAR
                                                  NORMAL
..................................................................
TEMPERATURE (F)
 TODAY
  MAXIMUM         34    354 PM  61    1957  38     -4       58
  MINIMUM         29    704 AM  -8    1963  20      9       32
  AVERAGE         32                        29      3       45

PRECIPITATION (IN)
  TODAY            T             2.02 1973   0.11  -0.11     0.01
  MONTH TO DATE    2.62                      2.45   0.17     1.75
  SINCE DEC 1      2.62                      2.45   0.17     1.75
  SINCE JAN 1     33.76                     45.45 -11.69    38.33

DEGREE DAYS
 HEATING
  TODAY           33                        36     -3       20
  MONTH TO DATE  635                       677    -42      712
  SINCE DEC 1    635                       677    -42      712
  SINCE JUL 1   1786                      1955   -169     1955

 COOLING
  TODAY            0                         0      0        0
  MONTH TO DATE    0                         0      0        0
  SINCE DEC 1      0                         0      0        0
  SINCE JAN 1    696                       672     24      829
..................................................................


WIND (MPH)
  HIGHEST WIND SPEED     8   HIGHEST WIND DIRECTION     N (20)
  HIGHEST GUST SPEED    12   HIGHEST GUST DIRECTION     N (360)
  AVERAGE WIND SPEED     4.3


SKY COVER
  AVERAGE SKY COVER 1.0



RELATIVE HUMIDITY (PERCENT)
 HIGHEST    85           300 AM
 LOWEST     69          1200 AM
 AVERAGE    77

..........................................................


THE POUGHKEEPSIE NY CLIMATE NORMALS FOR TOMORROW
                         NORMAL    RECORD    YEAR
 MAXIMUM TEMPERATURE (F)   38        68      2013
 MINIMUM TEMPERATURE (F)   20        -5      1989


SUNRISE AND SUNSET
DECEMBER 21 2014......SUNRISE   719 AM EST   SUNSET   428 PM EST
DECEMBER 22 2014......SUNRISE   719 AM EST   SUNSET   429 PM EST


-  INDICATES NEGATIVE NUMBERS.
R  INDICATES RECORD WAS SET OR TIED.
MM INDICATES DATA IS MISSING.
T  INDICATES TRACE AMOUNT.





RECORDS FOR KPOU DATE BACK TO 1949...
HOWEVER...DATA IS MISSING FROM JANUARY 1993 - JULY 2000.
$$
