000
CDUS41 KALY 280622
CLIPOU


CLIMATE REPORT
NATIONAL WEATHER SERVICE ALBANY NY
222 AM EDT THU APR 28 2016


...................................

...THE POUGHKEEPSIE NY CLIMATE SUMMARY FOR APRIL 27 2016...

CLIMATE NORMAL PERIOD 1981 TO 2010
CLIMATE RECORD PERIOD 1949 TO 2016


WEATHER ITEM   OBSERVED TIME   RECORD YEAR NORMAL DEPARTURE LAST
                VALUE   (LST)  VALUE       VALUE  FROM      YEAR
                                                  NORMAL
..................................................................
TEMPERATURE (F)
 YESTERDAY
  MAXIMUM         66    555 PM  91    1990  66      0       60
  MINIMUM         42    611 AM  25    2002  40      2       45
  AVERAGE         54                        53      1       53

PRECIPITATION (IN)
  YESTERDAY        0.00          0.72 1979   0.13  -0.13      T
  MONTH TO DATE    1.94                      3.38  -1.44     2.23
  SINCE MAR 1      2.98                      6.95  -3.97     4.40
  SINCE JAN 1      8.66                     12.69  -4.03     8.70

DEGREE DAYS
 HEATING
  YESTERDAY       11                        12     -1       12
  MONTH TO DATE  433                       458    -25      441
  SINCE MAR 1   1016                      1332   -316     1442
  SINCE JUL 1   4548                      5903  -1355     6127

 COOLING
  YESTERDAY        0                         0      0        0
  MONTH TO DATE    4                         0      4        0
  SINCE MAR 1      4                         0      4        0
  SINCE JAN 1      4                         0      4        0
..................................................................


WIND (MPH)
  HIGHEST WIND SPEED    13   HIGHEST WIND DIRECTION    SW (240)
  HIGHEST GUST SPEED    16   HIGHEST GUST DIRECTION    SW (220)
  AVERAGE WIND SPEED     4.3


SKY COVER
  AVERAGE SKY COVER 0.3



RELATIVE HUMIDITY (PERCENT)
 HIGHEST    76          1200 AM
 LOWEST     28           400 PM
 AVERAGE    52

..........................................................


THE POUGHKEEPSIE NY CLIMATE NORMALS FOR TODAY
                         NORMAL    RECORD    YEAR
 MAXIMUM TEMPERATURE (F)   66        93      1990
 MINIMUM TEMPERATURE (F)   41        29      2012


SUNRISE AND SUNSET
APRIL 28 2016.........SUNRISE   556 AM EDT   SUNSET   751 PM EDT
APRIL 29 2016.........SUNRISE   554 AM EDT   SUNSET   752 PM EDT


-  INDICATES NEGATIVE NUMBERS.
R  INDICATES RECORD WAS SET OR TIED.
MM INDICATES DATA IS MISSING.
T  INDICATES TRACE AMOUNT.




RECORDS FOR KPOU DATE BACK TO 1949...
HOWEVER...DATA IS MISSING FROM JANUARY 1993 - JULY 2000.
$$
