000
CDUS41 KALY 270622
CLIPOU


CLIMATE REPORT
NATIONAL WEATHER SERVICE ALBANY NY
221 AM EDT WED APR 27 2016


...................................

...THE POUGHKEEPSIE NY CLIMATE SUMMARY FOR APRIL 26 2016...

CLIMATE NORMAL PERIOD 1981 TO 2010
CLIMATE RECORD PERIOD 1949 TO 2016


WEATHER ITEM   OBSERVED TIME   RECORD YEAR NORMAL DEPARTURE LAST
                VALUE   (LST)  VALUE       VALUE  FROM      YEAR
                                                  NORMAL
..................................................................
TEMPERATURE (F)
 YESTERDAY
  MAXIMUM         53    336 PM  90    2009  65    -12       62
  MINIMUM         45   1159 PM  26    1963  40      5       30
  AVERAGE         49                        53     -4       46

PRECIPITATION (IN)
  YESTERDAY        0.42          1.18 1982   0.12   0.30     0.00
  MONTH TO DATE    1.94                      3.25  -1.31     2.23
  SINCE MAR 1      2.98                      6.82  -3.84     4.40
  SINCE JAN 1      8.66                     12.56  -3.90     8.70

DEGREE DAYS
 HEATING
  YESTERDAY       16                        13      3       19
  MONTH TO DATE  422                       446    -24      429
  SINCE MAR 1   1005                      1320   -315     1430
  SINCE JUL 1   4537                      5891  -1354     6115

 COOLING
  YESTERDAY        0                         0      0        0
  MONTH TO DATE    4                         0      4        0
  SINCE MAR 1      4                         0      4        0
  SINCE JAN 1      4                         0      4        0
..................................................................


WIND (MPH)
  HIGHEST WIND SPEED    16   HIGHEST WIND DIRECTION    NW (320)
  HIGHEST GUST SPEED    20   HIGHEST GUST DIRECTION    NW (330)
  AVERAGE WIND SPEED     4.5


SKY COVER
  AVERAGE SKY COVER 1.0



RELATIVE HUMIDITY (PERCENT)
 HIGHEST    89          1200 PM
 LOWEST     56          1200 AM
 AVERAGE    73

..........................................................


THE POUGHKEEPSIE NY CLIMATE NORMALS FOR TODAY
                         NORMAL    RECORD    YEAR
 MAXIMUM TEMPERATURE (F)   66        91      1990
 MINIMUM TEMPERATURE (F)   40        25      2002


SUNRISE AND SUNSET
APRIL 27 2016.........SUNRISE   557 AM EDT   SUNSET   750 PM EDT
APRIL 28 2016.........SUNRISE   556 AM EDT   SUNSET   751 PM EDT


-  INDICATES NEGATIVE NUMBERS.
R  INDICATES RECORD WAS SET OR TIED.
MM INDICATES DATA IS MISSING.
T  INDICATES TRACE AMOUNT.




RECORDS FOR KPOU DATE BACK TO 1949...
HOWEVER...DATA IS MISSING FROM JANUARY 1993 - JULY 2000.
$$
