000
CDUS41 KALY 270622
CLIPOU


CLIMATE REPORT
NATIONAL WEATHER SERVICE ALBANY NY
222 AM EDT SAT SEP 27 2014




THE POUGHKEEPSIE NY CLIMATE SUMMARY FOR SEPTEMBER 26 2014...

CLIMATE NORMAL PERIOD 1981 TO 2010
CLIMATE RECORD PERIOD 1949 TO 2014


WEATHER ITEM   OBSERVED TIME   RECORD YEAR NORMAL DEPARTURE LAST
                VALUE   (LST)  VALUE       VALUE  FROM      YEAR
                                                  NORMAL

TEMPERATURE (F)
 YESTERDAY
  MAXIMUM         79    346 PM  90    2007  71      8       70
  MINIMUM         47    620 AM  34    1966  47      0       49
  AVERAGE         63                        59      4       60

PRECIPITATION (IN)
  YESTERDAY        0.00          1.19 1977   0.15  -0.15     0.00
  MONTH TO DATE    0.52                      3.66  -3.14     2.32
  SINCE SEP 1      0.52                      3.66  -3.14     2.32
  SINCE JAN 1     25.19                     34.44  -9.25    32.54

DEGREE DAYS
 HEATING
  YESTERDAY        2                         7     -5        5
  MONTH TO DATE   89                        93     -4      114
  SINCE SEP 1     89                        93     -4      114
  SINCE JUL 1     94                       110    -16      117

 COOLING
  YESTERDAY        0                         1     -1        0
  MONTH TO DATE   78                        62     16       64
  SINCE SEP 1     78                        62     16       64
  SINCE JAN 1    675                       666      9      821



WIND (MPH)
  HIGHEST WIND SPEED    15   HIGHEST WIND DIRECTION     N (20)
  HIGHEST GUST SPEED    21   HIGHEST GUST DIRECTION     N (20)
  AVERAGE WIND SPEED     4.1


SKY COVER
  AVERAGE SKY COVER 0.0



RELATIVE HUMIDITY (PERCENT)
 HIGHEST    96          1100 PM
 LOWEST     35           100 PM
 AVERAGE    66




THE POUGHKEEPSIE NY CLIMATE NORMALS FOR TODAY
                         NORMAL    RECORD    YEAR
 MAXIMUM TEMPERATURE (F)   71        84      2007
 MINIMUM TEMPERATURE (F)   46        28      1957


SUNRISE AND SUNSET
SEPTEMBER 27 2014.....SUNRISE   648 AM EDT   SUNSET   644 PM EDT
SEPTEMBER 28 2014.....SUNRISE   649 AM EDT   SUNSET   642 PM EDT


-  INDICATES NEGATIVE NUMBERS.
R  INDICATES RECORD WAS SET OR TIED.
MM INDICATES DATA IS MISSING.
T  INDICATES TRACE AMOUNT.






RECORDS FOR KPOU DATE BACK TO 1949...
HOWEVER...DATA IS MISSING FROM JANUARY 1993 - JULY 2000.
$$
