546
CDUS41 KALY 250627
CLIPOU


CLIMATE REPORT
NATIONAL WEATHER SERVICE ALBANY NY
227 AM EDT SUN SEP 25 2016


...................................

...THE POUGHKEEPSIE NY CLIMATE SUMMARY FOR SEPTEMBER 24 2016...

CLIMATE NORMAL PERIOD 1981 TO 2010
CLIMATE RECORD PERIOD 1949 TO 2016


WEATHER ITEM   OBSERVED TIME   RECORD YEAR NORMAL DEPARTURE LAST
                VALUE   (LST)  VALUE       VALUE  FROM      YEAR
                                                  NORMAL
..................................................................
TEMPERATURE (F)
 YESTERDAY
  MAXIMUM         70    244 PM  91    1959  72     -2       81
  MINIMUM         42   1155 PM  26    1963  48     -6       45
  AVERAGE         56                        60     -4       63

PRECIPITATION (IN)
  YESTERDAY        T             2.62 1975   0.14  -0.14     0.00
  MONTH TO DATE    0.46                      3.36  -2.90     1.69
  SINCE SEP 1      0.46                      3.36  -2.90     1.69
  SINCE JAN 1     22.78                     34.14 -11.36    20.65

DEGREE DAYS
 HEATING
  YESTERDAY        9                         6      3        2
  MONTH TO DATE   25                        79    -54       20
  SINCE SEP 1     25                        79    -54       20
  SINCE JUL 1     27                        96    -69       20

 COOLING
  YESTERDAY        0                         1     -1        0
  MONTH TO DATE  107                        60     47      145
  SINCE SEP 1    107                        60     47      145
  SINCE JAN 1   1049                       664    385      950
..................................................................


WIND (MPH)
  HIGHEST WIND SPEED    18   HIGHEST WIND DIRECTION     N (340)
  HIGHEST GUST SPEED    26   HIGHEST GUST DIRECTION    NE (30)
  AVERAGE WIND SPEED     6.2


SKY COVER
  AVERAGE SKY COVER 0.4



RELATIVE HUMIDITY (PERCENT)
 HIGHEST    92          1100 PM
 LOWEST     35           200 PM
 AVERAGE    64

..........................................................


THE POUGHKEEPSIE NY CLIMATE NORMALS FOR TODAY
                         NORMAL    RECORD    YEAR
 MAXIMUM TEMPERATURE (F)   71        89      1970
 MINIMUM TEMPERATURE (F)   47        29      1963


SUNRISE AND SUNSET
SEPTEMBER 25 2016.....SUNRISE   646 AM EDT   SUNSET   647 PM EDT
SEPTEMBER 26 2016.....SUNRISE   648 AM EDT   SUNSET   645 PM EDT


-  INDICATES NEGATIVE NUMBERS.
R  INDICATES RECORD WAS SET OR TIED.
MM INDICATES DATA IS MISSING.
T  INDICATES TRACE AMOUNT.




RECORDS FOR KPOU DATE BACK TO 1949...
HOWEVER...DATA IS MISSING FROM JANUARY 1993 - JULY 2000.
$$
