000
CDUS41 KALY 180633
CLIPOU


CLIMATE REPORT
NATIONAL WEATHER SERVICE ALBANY NY
228 AM EDT MON AUG 18 2014




THE POUGHKEEPSIE NY CLIMATE SUMMARY FOR AUGUST 17 2014...

CLIMATE NORMAL PERIOD 1981 TO 2010
CLIMATE RECORD PERIOD 1949 TO 2014


WEATHER ITEM   OBSERVED TIME   RECORD YEAR NORMAL DEPARTURE LAST
                VALUE   (LST)  VALUE       VALUE  FROM      YEAR
                                                  NORMAL

TEMPERATURE (F)
 YESTERDAY
  MAXIMUM         82    312 PM  94    1959  83     -1       81
  MINIMUM         57   1159 PM  42    1979  60     -3       53
  AVERAGE         70                        71     -1       67

PRECIPITATION (IN)
  YESTERDAY        0.00          0.82 1963   0.14  -0.14     0.00
  MONTH TO DATE    2.74                      2.46   0.28     5.87
  SINCE JUN 1     10.00                     11.54  -1.54    18.83
  SINCE JAN 1     24.03                     29.04  -5.01    29.48

DEGREE DAYS
 HEATING
  YESTERDAY        0                         0      0        0
  MONTH TO DATE    3                         0      3        3
  SINCE JUN 1     10                        54    -44       34
  SINCE JUL 1      3                         5     -2        3

 COOLING
  YESTERDAY        5                         7     -2        2
  MONTH TO DATE   90                       126    -36       73
  SINCE JUN 1    493                       493      0      610
  SINCE JAN 1    526                       529     -3      663



WIND (MPH)
  HIGHEST WIND SPEED    17   HIGHEST WIND DIRECTION     N (350)
  HIGHEST GUST SPEED    23   HIGHEST GUST DIRECTION     N (10)
  AVERAGE WIND SPEED     4.0


SKY COVER
  AVERAGE SKY COVER 0.6



RELATIVE HUMIDITY (PERCENT)
 HIGHEST    90           200 AM
 LOWEST     42           300 PM
 AVERAGE    66




THE POUGHKEEPSIE NY CLIMATE NORMALS FOR TODAY
                         NORMAL    RECORD    YEAR
 MAXIMUM TEMPERATURE (F)   83        94      2002
 MINIMUM TEMPERATURE (F)   60        43      1954


SUNRISE AND SUNSET
AUGUST 18 2014........SUNRISE   607 AM EDT   SUNSET   751 PM EDT
AUGUST 19 2014........SUNRISE   608 AM EDT   SUNSET   749 PM EDT


-  INDICATES NEGATIVE NUMBERS.
R  INDICATES RECORD WAS SET OR TIED.
MM INDICATES DATA IS MISSING.
T  INDICATES TRACE AMOUNT.





RECORDS FOR KPOU DATE BACK TO 1949...
HOWEVER...DATA IS MISSING FROM JANUARY 1993 - JULY 2000.
$$
