000
CDUS41 KALY 132058
CLIPOU


CLIMATE REPORT
NATIONAL WEATHER SERVICE ALBANY NY
456 PM EDT SUN AUG 13 2017


...................................

...THE POUGHKEEPSIE NY CLIMATE SUMMARY FOR AUGUST 13 2017...
VALID TODAY AS OF 0400 PM LOCAL TIME.

CLIMATE NORMAL PERIOD 1981 TO 2010
CLIMATE RECORD PERIOD 1949 TO 2017


WEATHER ITEM   OBSERVED TIME   RECORD YEAR NORMAL DEPARTURE LAST
                VALUE   (LST)  VALUE       VALUE  FROM      YEAR
                                                  NORMAL
..................................................................
TEMPERATURE (F)
 TODAY
  MAXIMUM         83    325 PM  98    2005  83      0       97
                                      1947
                                      1944
  MINIMUM         63    550 AM  44    1950  60      3       74
  AVERAGE         73                        72      1       86

PRECIPITATION (IN)
  TODAY            0.00          2.66 1955   0.13  -0.13     0.08
  MONTH TO DATE    3.85                      1.92   1.93     1.22
  SINCE JUN 1     10.83                     11.00  -0.17     9.18
  SINCE JAN 1     27.39                     28.50  -1.11    21.34

DEGREE DAYS
 HEATING
  TODAY            0                         0      0        0
  MONTH TO DATE    3                         0      3        0
  SINCE JUN 1     56                        54      2        8
  SINCE JUL 1      6                         5      1        0

 COOLING
  TODAY            8                         7      1       21
  MONTH TO DATE   79                        98    -19      152
  SINCE JUN 1    449                       465    -16      687
  SINCE JAN 1    497                       501     -4      768
..................................................................


WIND (MPH)
  HIGHEST WIND SPEED    13   HIGHEST WIND DIRECTION     W (280)
  HIGHEST GUST SPEED    19   HIGHEST GUST DIRECTION     N (340)
  AVERAGE WIND SPEED     3.6


SKY COVER
  AVERAGE SKY COVER 0.5



RELATIVE HUMIDITY (PERCENT)
 HIGHEST   100           400 AM
 LOWEST     43           300 PM
 AVERAGE    72

..........................................................


THE POUGHKEEPSIE NY CLIMATE NORMALS FOR TOMORROW
                         NORMAL    RECORD    YEAR
 MAXIMUM TEMPERATURE (F)   83        96      2002
 MINIMUM TEMPERATURE (F)   60        44      1961


SUNRISE AND SUNSET
AUGUST 13 2017........SUNRISE   602 AM EDT   SUNSET   758 PM EDT
AUGUST 14 2017........SUNRISE   603 AM EDT   SUNSET   756 PM EDT


-  INDICATES NEGATIVE NUMBERS.
R  INDICATES RECORD WAS SET OR TIED.
MM INDICATES DATA IS MISSING.
T  INDICATES TRACE AMOUNT.




RECORDS FOR KPOU DATE BACK TO 1949...
HOWEVER...DATA IS MISSING FROM JANUARY 1993 - JULY 2000.
$$
