000
CDUS41 KALY 212047
CLIPOU


CLIMATE REPORT
NATIONAL WEATHER SERVICE ALBANY NY
446 PM EDT WED JUN 21 2017


...................................

...THE POUGHKEEPSIE NY CLIMATE SUMMARY FOR JUNE 21 2017...
VALID TODAY AS OF 0400 PM LOCAL TIME.

CLIMATE NORMAL PERIOD 1981 TO 2010
CLIMATE RECORD PERIOD 1949 TO 2017


WEATHER ITEM   OBSERVED TIME   RECORD YEAR NORMAL DEPARTURE LAST
                VALUE   (LST)  VALUE       VALUE  FROM      YEAR
                                                  NORMAL
..................................................................
TEMPERATURE (F)
 TODAY
  MAXIMUM         82    322 PM  97    1949  81      1       88
  MINIMUM         58    433 AM  43    1986  57      1       58
  AVERAGE         70                        69      1       73

PRECIPITATION (IN)
  TODAY            0.00          1.03 2003   0.13  -0.13     0.00
  MONTH TO DATE    2.58                      3.25  -0.67     1.23
  SINCE JUN 1      2.58                      3.25  -0.67     1.23
  SINCE JAN 1     19.14                     20.75  -1.61    13.39

DEGREE DAYS
 HEATING
  TODAY            0                         1     -1        0
  MONTH TO DATE   50                        43      7        8
  SINCE JUN 1     50                        43      7        8
  SINCE JUL 1   5714                      6205   -491     4777

 COOLING
  TODAY            5                         5      0        8
  MONTH TO DATE   87                        74     13      102
  SINCE JUN 1     87                        74     13      102
  SINCE JAN 1    135                       110     25      183
..................................................................


WIND (MPH)
  HIGHEST WIND SPEED    12   HIGHEST WIND DIRECTION    SW (220)
  HIGHEST GUST SPEED    21   HIGHEST GUST DIRECTION    SW (210)
  AVERAGE WIND SPEED     4.8


SKY COVER
  AVERAGE SKY COVER 0.2



RELATIVE HUMIDITY (PERCENT)
 HIGHEST    93           200 AM
 LOWEST     42           200 PM
 AVERAGE    68

..........................................................


THE POUGHKEEPSIE NY CLIMATE NORMALS FOR TOMORROW
                         NORMAL    RECORD    YEAR
 MAXIMUM TEMPERATURE (F)   81        92      1988
 MINIMUM TEMPERATURE (F)   58        41      1992


SUNRISE AND SUNSET
JUNE 21 2017..........SUNRISE   521 AM EDT   SUNSET   833 PM EDT
JUNE 22 2017..........SUNRISE   522 AM EDT   SUNSET   834 PM EDT


-  INDICATES NEGATIVE NUMBERS.
R  INDICATES RECORD WAS SET OR TIED.
MM INDICATES DATA IS MISSING.
T  INDICATES TRACE AMOUNT.




RECORDS FOR KPOU DATE BACK TO 1949...
HOWEVER...DATA IS MISSING FROM JANUARY 1993 - JULY 2000.
$$
