000
CDUS41 KALY 130627
CLIPOU


CLIMATE REPORT
NATIONAL WEATHER SERVICE ALBANY NY
126 AM EST MON FEB 13 2017


...................................

...THE POUGHKEEPSIE NY CLIMATE SUMMARY FOR FEBRUARY 12 2017...

CLIMATE NORMAL PERIOD 1981 TO 2010
CLIMATE RECORD PERIOD 1949 TO 2017


WEATHER ITEM   OBSERVED TIME   RECORD YEAR NORMAL DEPARTURE LAST
                VALUE   (LST)  VALUE       VALUE  FROM      YEAR
                                                  NORMAL
..................................................................
TEMPERATURE (F)
 YESTERDAY
  MAXIMUM         33    148 AM  51    1966  39     -6       28
  MINIMUM         27   1154 AM -15    1979  17     10        9
  AVERAGE         30                        28      2       19

PRECIPITATION (IN)
  YESTERDAY        0.54          1.22 1985   0.10   0.44     0.00
  MONTH TO DATE    0.71                      1.12  -0.41     0.68
  SINCE DEC 1      6.28                      7.73  -1.45     5.79
  SINCE JAN 1      3.68                      4.20  -0.52     1.89

DEGREE DAYS
 HEATING
  YESTERDAY       35                        37     -2       46
  MONTH TO DATE  432                       455    -23      363
  SINCE DEC 1   2482                      2729   -247     2027
  SINCE JUL 1   3628                      4007   -379     3015

 COOLING
  YESTERDAY        0                         0      0        0
  MONTH TO DATE    0                         0      0        0
  SINCE DEC 1      0                         0      0        0
  SINCE JAN 1      0                         0      0        0
..................................................................


WIND (MPH)
  HIGHEST WIND SPEED    12   HIGHEST WIND DIRECTION     E (90)
  HIGHEST GUST SPEED    16   HIGHEST GUST DIRECTION     E (100)
  AVERAGE WIND SPEED     3.7


SKY COVER
  AVERAGE SKY COVER 1.0



RELATIVE HUMIDITY (PERCENT)
 HIGHEST   100          1200 PM
 LOWEST     63           600 AM
 AVERAGE    82

..........................................................


THE POUGHKEEPSIE NY CLIMATE NORMALS FOR TODAY
                         NORMAL    RECORD    YEAR
 MAXIMUM TEMPERATURE (F)   39        60      1951
 MINIMUM TEMPERATURE (F)   17       -19      1967


SUNRISE AND SUNSET
FEBRUARY 13 2017......SUNRISE   653 AM EST   SUNSET   527 PM EST
FEBRUARY 14 2017......SUNRISE   652 AM EST   SUNSET   528 PM EST


-  INDICATES NEGATIVE NUMBERS.
R  INDICATES RECORD WAS SET OR TIED.
MM INDICATES DATA IS MISSING.
T  INDICATES TRACE AMOUNT.




RECORDS FOR KPOU DATE BACK TO 1949...
HOWEVER...DATA IS MISSING FROM JANUARY 1993 - JULY 2000.
$$
