000
CDUS41 KALY 070622
CLIPOU


CLIMATE REPORT
NATIONAL WEATHER SERVICE ALBANY NY
121 AM EST THU DEC 7 2017


...................................

...THE POUGHKEEPSIE NY CLIMATE SUMMARY FOR DECEMBER 6 2017...

CLIMATE NORMAL PERIOD 1981 TO 2010
CLIMATE RECORD PERIOD 1949 TO 2017


WEATHER ITEM   OBSERVED TIME   RECORD YEAR NORMAL DEPARTURE LAST
                VALUE   (LST)  VALUE       VALUE  FROM      YEAR
                                                  NORMAL
..................................................................
TEMPERATURE (F)
 YESTERDAY
  MAXIMUM         57    207 AM  72    2001  44     13       43
  MINIMUM         26    915 PM   6    1976  25      1       22
  AVERAGE         42                        34      8       33

PRECIPITATION (IN)
  YESTERDAY        0.05          1.03 1972   0.12  -0.07     0.24
  MONTH TO DATE    0.33                      0.74  -0.41     0.66
  SINCE DEC 1      0.33                      0.74  -0.41     0.66
  SINCE JAN 1     35.87                     43.74  -7.87    31.18

DEGREE DAYS
 HEATING
  YESTERDAY       23                        30     -7       32
  MONTH TO DATE  157                       177    -20      159
  SINCE DEC 1    157                       177    -20      159
  SINCE JUL 1   1240                      1455   -215     1305

 COOLING
  YESTERDAY        0                         0      0        0
  MONTH TO DATE    0                         0      0        0
  SINCE DEC 1      0                         0      0        0
  SINCE JAN 1    718                       672     46     1053
..................................................................


WIND (MPH)
  HIGHEST WIND SPEED    29   HIGHEST WIND DIRECTION     W (270)
  HIGHEST GUST SPEED    44   HIGHEST GUST DIRECTION    SW (240)
  AVERAGE WIND SPEED     8.3


SKY COVER
  AVERAGE SKY COVER 0.4



RELATIVE HUMIDITY (PERCENT)
 HIGHEST    86           100 AM
 LOWEST     30           200 PM
 AVERAGE    58

..........................................................


THE POUGHKEEPSIE NY CLIMATE NORMALS FOR TODAY
                         NORMAL    RECORD    YEAR
 MAXIMUM TEMPERATURE (F)   43        60      2001
 MINIMUM TEMPERATURE (F)   25         1      1964


SUNRISE AND SUNSET
DECEMBER  7 2017......SUNRISE   709 AM EST   SUNSET   425 PM EST
DECEMBER  8 2017......SUNRISE   710 AM EST   SUNSET   425 PM EST


-  INDICATES NEGATIVE NUMBERS.
R  INDICATES RECORD WAS SET OR TIED.
MM INDICATES DATA IS MISSING.
T  INDICATES TRACE AMOUNT.




RECORDS FOR KPOU DATE BACK TO 1949...
HOWEVER...DATA IS MISSING FROM JANUARY 1993 - JULY 2000.
$$
