000
CDUS41 KALY 102055
CLIPOU


CLIMATE REPORT
NATIONAL WEATHER SERVICE ALBANY NY
455 PM EDT THU AUG 10 2017


...................................

...THE POUGHKEEPSIE NY CLIMATE SUMMARY FOR AUGUST 10 2017...
VALID TODAY AS OF 0400 PM LOCAL TIME.

CLIMATE NORMAL PERIOD 1981 TO 2010
CLIMATE RECORD PERIOD 1949 TO 2017


WEATHER ITEM   OBSERVED TIME   RECORD YEAR NORMAL DEPARTURE LAST
                VALUE   (LST)  VALUE       VALUE  FROM      YEAR
                                                  NORMAL
..................................................................
TEMPERATURE (F)
 TODAY
  MAXIMUM         84        MM 100    1949  84      0       87
  MINIMUM         58        MM  42    1964  61     -3       74
  AVERAGE         71                        72     -1       81

PRECIPITATION (IN)
  TODAY            0.00          2.08 1976   0.13  -0.13     0.47
  MONTH TO DATE    2.37                      1.52   0.85     1.05
  SINCE JUN 1      9.35                     10.60  -1.25     9.01
  SINCE JAN 1     25.91                     28.10  -2.19    21.17

DEGREE DAYS
 HEATING
  TODAY            0                         0      0        0
  MONTH TO DATE    3                         0      3        0
  SINCE JUN 1     56                        54      2        8
  SINCE JUL 1      6                         5      1        0

 COOLING
  TODAY            6                         7     -1       16
  MONTH TO DATE   59                        77    -18       93
  SINCE JUN 1    429                       444    -15      628
  SINCE JAN 1    477                       480     -3      709
..................................................................


WIND (MPH)
  HIGHEST WIND SPEED     7   HIGHEST WIND DIRECTION    SW (240)
  HIGHEST GUST SPEED    MM   HIGHEST GUST DIRECTION    MM
  AVERAGE WIND SPEED     1.1


SKY COVER
  AVERAGE SKY COVER 0.2



RELATIVE HUMIDITY (PERCENT)
 HIGHEST   100           500 AM
 LOWEST     43           100 PM
 AVERAGE    72

..........................................................


THE POUGHKEEPSIE NY CLIMATE NORMALS FOR TOMORROW
                         NORMAL    RECORD    YEAR
 MAXIMUM TEMPERATURE (F)   83        98      1949
 MINIMUM TEMPERATURE (F)   61        47      1972
                                             1963


SUNRISE AND SUNSET
AUGUST 10 2017........SUNRISE   559 AM EDT   SUNSET   802 PM EDT
AUGUST 11 2017........SUNRISE   600 AM EDT   SUNSET   800 PM EDT


-  INDICATES NEGATIVE NUMBERS.
R  INDICATES RECORD WAS SET OR TIED.
MM INDICATES DATA IS MISSING.
T  INDICATES TRACE AMOUNT.




RECORDS FOR KPOU DATE BACK TO 1949...
HOWEVER...DATA IS MISSING FROM JANUARY 1993 - JULY 2000.
$$
