000
CDUS41 KALY 250629
CLIPOU


CLIMATE REPORT
NATIONAL WEATHER SERVICE ALBANY NY
128 AM EST SAT FEB 25 2017


...................................

...THE POUGHKEEPSIE NY CLIMATE SUMMARY FOR FEBRUARY 24 2017...

CLIMATE NORMAL PERIOD 1981 TO 2010
CLIMATE RECORD PERIOD 1949 TO 2017


WEATHER ITEM   OBSERVED TIME   RECORD YEAR NORMAL DEPARTURE LAST
                VALUE   (LST)  VALUE       VALUE  FROM      YEAR
                                                  NORMAL
..................................................................
TEMPERATURE (F)
 YESTERDAY
  MAXIMUM         73R   311 PM  71    1985  42     31       66
  MINIMUM         44    659 AM -12    2015  20     24       34
  AVERAGE         59                        30     29       50

PRECIPITATION (IN)
  YESTERDAY        0.01          2.22 2016   0.10  -0.09     2.22
  MONTH TO DATE    0.77                      2.24  -1.47     4.16
  SINCE DEC 1      6.34                      8.85  -2.51     9.27
  SINCE JAN 1      3.74                      5.32  -1.58     5.37

DEGREE DAYS
 HEATING
  YESTERDAY        6                        34    -28       15
  MONTH TO DATE  758                       883   -125      764
  SINCE DEC 1   2808                      3157   -349     2428
  SINCE JUL 1   3954                      4435   -481     3416

 COOLING
  YESTERDAY        0                         0      0        0
  MONTH TO DATE    0                         0      0        0
  SINCE DEC 1      0                         0      0        0
  SINCE JAN 1      0                         0      0        0
..................................................................


WIND (MPH)
  HIGHEST WIND SPEED    15   HIGHEST WIND DIRECTION     S (170)
  HIGHEST GUST SPEED    22   HIGHEST GUST DIRECTION    SE (150)
  AVERAGE WIND SPEED     5.1


SKY COVER
  AVERAGE SKY COVER 0.3



RELATIVE HUMIDITY (PERCENT)
 HIGHEST   100           200 AM
 LOWEST     46           200 PM
 AVERAGE    73

..........................................................


THE POUGHKEEPSIE NY CLIMATE NORMALS FOR TODAY
                         NORMAL    RECORD    YEAR
 MAXIMUM TEMPERATURE (F)   42        70      1976
 MINIMUM TEMPERATURE (F)   20        -3      1964


SUNRISE AND SUNSET
FEBRUARY 25 2017......SUNRISE   636 AM EST   SUNSET   542 PM EST
FEBRUARY 26 2017......SUNRISE   635 AM EST   SUNSET   543 PM EST


-  INDICATES NEGATIVE NUMBERS.
R  INDICATES RECORD WAS SET OR TIED.
MM INDICATES DATA IS MISSING.
T  INDICATES TRACE AMOUNT.




RECORDS FOR KPOU DATE BACK TO 1949...
HOWEVER...DATA IS MISSING FROM JANUARY 1993 - JULY 2000.
$$
