136
CDUS41 KALY 030624
CLIPOU


CLIMATE REPORT
NATIONAL WEATHER SERVICE ALBANY NY
123 AM EST SAT DEC 3 2016


...................................

...THE POUGHKEEPSIE NY CLIMATE SUMMARY FOR DECEMBER 2 2016...

CLIMATE NORMAL PERIOD 1981 TO 2010
CLIMATE RECORD PERIOD 1949 TO 2016


WEATHER ITEM   OBSERVED TIME   RECORD YEAR NORMAL DEPARTURE LAST
                VALUE   (LST)  VALUE       VALUE  FROM      YEAR
                                                  NORMAL
..................................................................
TEMPERATURE (F)
 YESTERDAY
  MAXIMUM         49   1254 PM  64    1970  46      3       50
  MINIMUM         37    742 AM   4    1967  27     10       42
  AVERAGE         43                        36      7       46

PRECIPITATION (IN)
  YESTERDAY        T             0.61 1974   0.12  -0.12     0.55
  MONTH TO DATE    0.29                      0.24   0.05     0.80
  SINCE DEC 1      0.29                      0.24   0.05     0.80
  SINCE JAN 1     30.81                     43.24 -12.43    26.72

DEGREE DAYS
 HEATING
  YESTERDAY       22                        29     -7       19
  MONTH TO DATE   42                        58    -16       43
  SINCE DEC 1     42                        58    -16       43
  SINCE JUL 1   1188                      1336   -148     1031

 COOLING
  YESTERDAY        0                         0      0        0
  MONTH TO DATE    0                         0      0        0
  SINCE DEC 1      0                         0      0        0
  SINCE JAN 1   1053                       672    381      964
..................................................................


WIND (MPH)
  HIGHEST WIND SPEED    25   HIGHEST WIND DIRECTION     W (260)
  HIGHEST GUST SPEED    30   HIGHEST GUST DIRECTION     W (260)
  AVERAGE WIND SPEED    10.4


SKY COVER
  AVERAGE SKY COVER 0.6



RELATIVE HUMIDITY (PERCENT)
 HIGHEST    70           400 AM
 LOWEST     49           500 PM
 AVERAGE    60

..........................................................


THE POUGHKEEPSIE NY CLIMATE NORMALS FOR TODAY
                         NORMAL    RECORD    YEAR
 MAXIMUM TEMPERATURE (F)   45        65      2009
 MINIMUM TEMPERATURE (F)   26         4      1976


SUNRISE AND SUNSET
DECEMBER  3 2016......SUNRISE   705 AM EST   SUNSET   426 PM EST
DECEMBER  4 2016......SUNRISE   706 AM EST   SUNSET   425 PM EST


-  INDICATES NEGATIVE NUMBERS.
R  INDICATES RECORD WAS SET OR TIED.
MM INDICATES DATA IS MISSING.
T  INDICATES TRACE AMOUNT.




RECORDS FOR KPOU DATE BACK TO 1949...
HOWEVER...DATA IS MISSING FROM JANUARY 1993 - JULY 2000.
$$
