000
CDUS41 KALY 290623
CLIPOU


CLIMATE REPORT
NATIONAL WEATHER SERVICE ALBANY NY
222 AM EDT FRI MAY 29 2015


...................................

...THE POUGHKEEPSIE NY CLIMATE SUMMARY FOR MAY 28 2015...

CLIMATE NORMAL PERIOD 1981 TO 2010
CLIMATE RECORD PERIOD 1949 TO 2015


WEATHER ITEM   OBSERVED TIME   RECORD YEAR NORMAL DEPARTURE LAST
                VALUE   (LST)  VALUE       VALUE  FROM      YEAR
                                                  NORMAL
..................................................................
TEMPERATURE (F)
 YESTERDAY
  MAXIMUM         88    320 PM  90    2012  75     13       69
  MINIMUM         60   1159 PM  32    1949  50     10       51
  AVERAGE         74                        62     12       60

PRECIPITATION (IN)
  YESTERDAY        0.00          1.13 1984   0.15  -0.15     0.11
  MONTH TO DATE    1.41                      3.94  -2.53     2.55
  SINCE MAR 1      5.81                     11.29  -5.48     9.73
  SINCE JAN 1     10.11                     17.03  -6.92    14.01

DEGREE DAYS
 HEATING
  YESTERDAY        0                         4     -4        5
  MONTH TO DATE   94                       211   -117      126
  SINCE MAR 1   1560                      1579    -19     1627
  SINCE JUL 1   6245                      6150     95     6330

 COOLING
  YESTERDAY        9                         2      7        0
  MONTH TO DATE  100                        26     74       27
  SINCE MAR 1    100                        31     69       33
  SINCE JAN 1    100                        31     69       33
..................................................................


WIND (MPH)
  HIGHEST WIND SPEED    18   HIGHEST WIND DIRECTION     W (270)
  HIGHEST GUST SPEED    24   HIGHEST GUST DIRECTION     W (290)
  AVERAGE WIND SPEED     5.9


SKY COVER
  AVERAGE SKY COVER 0.4



RELATIVE HUMIDITY (PERCENT)
 HIGHEST    93          1200 AM
 LOWEST     36           400 PM
 AVERAGE    65

..........................................................


THE POUGHKEEPSIE NY CLIMATE NORMALS FOR TODAY
                         NORMAL    RECORD    YEAR
 MAXIMUM TEMPERATURE (F)   75        96      1969
 MINIMUM TEMPERATURE (F)   51        35      2008


SUNRISE AND SUNSET
MAY 29 2015...........SUNRISE   525 AM EDT   SUNSET   821 PM EDT
MAY 30 2015...........SUNRISE   525 AM EDT   SUNSET   822 PM EDT


-  INDICATES NEGATIVE NUMBERS.
R  INDICATES RECORD WAS SET OR TIED.
MM INDICATES DATA IS MISSING.
T  INDICATES TRACE AMOUNT.




RECORDS FOR KPOU DATE BACK TO 1949...
HOWEVER...DATA IS MISSING FROM JANUARY 1993 - JULY 2000.
$$
