000
CDUS41 KALY 190623
CLIPOU


CLIMATE REPORT
NATIONAL WEATHER SERVICE ALBANY NY
122 AM EST THU JAN 19 2017


...................................

...THE POUGHKEEPSIE NY CLIMATE SUMMARY FOR JANUARY 18 2017...

CLIMATE NORMAL PERIOD 1981 TO 2010
CLIMATE RECORD PERIOD 1949 TO 2017


WEATHER ITEM   OBSERVED TIME   RECORD YEAR NORMAL DEPARTURE LAST
                VALUE   (LST)  VALUE       VALUE  FROM      YEAR
                                                  NORMAL
..................................................................
TEMPERATURE (F)
 YESTERDAY
  MAXIMUM         39    338 PM  62    2006  35      4       31
  MINIMUM         32    119 AM -22    1954  15     17       21
  AVERAGE         36                        25     11       26

PRECIPITATION (IN)
  YESTERDAY        0.06          1.16 2006   0.09  -0.03     0.00
  MONTH TO DATE    1.48                      1.82  -0.34     1.21
  SINCE DEC 1      4.08                      5.35  -1.27     5.11
  SINCE JAN 1      1.48                      1.82  -0.34     1.21

DEGREE DAYS
 HEATING
  YESTERDAY       29                        40    -11       39
  MONTH TO DATE  641                       712    -71      582
  SINCE DEC 1   1681                      1763    -82     1216
  SINCE JUL 1   2827                      3041   -214     2204

 COOLING
  YESTERDAY        0                         0      0        0
  MONTH TO DATE    0                         0      0        0
  SINCE DEC 1      0                         0      0        0
  SINCE JAN 1      0                         0      0        0
..................................................................


WIND (MPH)
  HIGHEST WIND SPEED     9   HIGHEST WIND DIRECTION    NW (330)
  HIGHEST GUST SPEED    10   HIGHEST GUST DIRECTION     N (350)
  AVERAGE WIND SPEED     2.4


SKY COVER
  AVERAGE SKY COVER 1.0



RELATIVE HUMIDITY (PERCENT)
 HIGHEST   100          1200 AM
 LOWEST     85           300 PM
 AVERAGE    93

..........................................................


THE POUGHKEEPSIE NY CLIMATE NORMALS FOR TODAY
                         NORMAL    RECORD    YEAR
 MAXIMUM TEMPERATURE (F)   35        61      1949
 MINIMUM TEMPERATURE (F)   15       -18      1971


SUNRISE AND SUNSET
JANUARY 19 2017.......SUNRISE   718 AM EST   SUNSET   455 PM EST
JANUARY 20 2017.......SUNRISE   717 AM EST   SUNSET   457 PM EST


-  INDICATES NEGATIVE NUMBERS.
R  INDICATES RECORD WAS SET OR TIED.
MM INDICATES DATA IS MISSING.
T  INDICATES TRACE AMOUNT.




RECORDS FOR KPOU DATE BACK TO 1949...
HOWEVER...DATA IS MISSING FROM JANUARY 1993 - JULY 2000.
$$
