757
CDUS41 KALY 180626
CLIPOU


CLIMATE REPORT
NATIONAL WEATHER SERVICE ALBANY NY
126 AM EST SAT FEB 18 2017


...................................

...THE POUGHKEEPSIE NY CLIMATE SUMMARY FOR FEBRUARY 17 2017...

CLIMATE NORMAL PERIOD 1981 TO 2010
CLIMATE RECORD PERIOD 1949 TO 2017


WEATHER ITEM   OBSERVED TIME   RECORD YEAR NORMAL DEPARTURE LAST
                VALUE   (LST)  VALUE       VALUE  FROM      YEAR
                                                  NORMAL
..................................................................
TEMPERATURE (F)
 YESTERDAY
  MAXIMUM         40    338 PM  60    1981  40      0       38
  MINIMUM         17    742 AM -12    1963  18     -1       30
  AVERAGE         29                        29      0       34

PRECIPITATION (IN)
  YESTERDAY        0.00          0.83 1954   0.09  -0.09      T
  MONTH TO DATE    0.76                      1.58  -0.82     1.81
  SINCE DEC 1      6.33                      8.19  -1.86     6.92
  SINCE JAN 1      3.73                      4.66  -0.93     3.02

DEGREE DAYS
 HEATING
  YESTERDAY       36                        36      0       31
  MONTH TO DATE  609                       637    -28      581
  SINCE DEC 1   2659                      2911   -252     2245
  SINCE JUL 1   3805                      4189   -384     3233

 COOLING
  YESTERDAY        0                         0      0        0
  MONTH TO DATE    0                         0      0        0
  SINCE DEC 1      0                         0      0        0
  SINCE JAN 1      0                         0      0        0
..................................................................


WIND (MPH)
  HIGHEST WIND SPEED    15   HIGHEST WIND DIRECTION     W (270)
  HIGHEST GUST SPEED    20   HIGHEST GUST DIRECTION     W (270)
  AVERAGE WIND SPEED     5.3


SKY COVER
  AVERAGE SKY COVER 0.0



RELATIVE HUMIDITY (PERCENT)
 HIGHEST    75          1100 PM
 LOWEST     34           300 PM
 AVERAGE    55

..........................................................


THE POUGHKEEPSIE NY CLIMATE NORMALS FOR TODAY
                         NORMAL    RECORD    YEAR
 MAXIMUM TEMPERATURE (F)   40        65      1981
 MINIMUM TEMPERATURE (F)   18       -14      1979


SUNRISE AND SUNSET
FEBRUARY 18 2017......SUNRISE   646 AM EST   SUNSET   533 PM EST
FEBRUARY 19 2017......SUNRISE   645 AM EST   SUNSET   534 PM EST


-  INDICATES NEGATIVE NUMBERS.
R  INDICATES RECORD WAS SET OR TIED.
MM INDICATES DATA IS MISSING.
T  INDICATES TRACE AMOUNT.




RECORDS FOR KPOU DATE BACK TO 1949...
HOWEVER...DATA IS MISSING FROM JANUARY 1993 - JULY 2000.
$$
