000
CDUS41 KALY 282044
CLIPOU


CLIMATE REPORT
NATIONAL WEATHER SERVICE ALBANY NY
443 PM EDT FRI AUG 28 2015


...................................

...THE POUGHKEEPSIE NY CLIMATE SUMMARY FOR AUGUST 28 2015...
VALID TODAY AS OF 0400 PM LOCAL TIME.

CLIMATE NORMAL PERIOD 1981 TO 2010
CLIMATE RECORD PERIOD 1949 TO 2015


WEATHER ITEM   OBSERVED TIME   RECORD YEAR NORMAL DEPARTURE LAST
                VALUE   (LST)  VALUE       VALUE  FROM      YEAR
                                                  NORMAL
..................................................................
TEMPERATURE (F)
 TODAY
  MAXIMUM         78    215 PM  98    1973  81     -3       81
  MINIMUM         52    549 AM  45    1986  58     -6       55
  AVERAGE         65                        69     -4       68

PRECIPITATION (IN)
  TODAY            0.00          5.95 2011   0.11  -0.11     0.00
  MONTH TO DATE    2.12                      3.86  -1.74     2.83
  SINCE JUN 1      8.20                     12.94  -4.74    10.09
  SINCE JAN 1     18.87                     30.44 -11.57    24.12

DEGREE DAYS
 HEATING
  TODAY            0                         1     -1        0
  MONTH TO DATE    0                         6     -6        3
  SINCE JUN 1     46                        60    -14       10
  SINCE JUL 1      0                        11    -11        3

 COOLING
  TODAY            0                         5     -5        3
  MONTH TO DATE  247                       188     59      146
  SINCE JUN 1    665                       555    110      549
  SINCE JAN 1    778                       591    187      582
..................................................................


WIND (MPH)
  HIGHEST WIND SPEED    10   HIGHEST WIND DIRECTION    NW (320)
  HIGHEST GUST SPEED    13   HIGHEST GUST DIRECTION    NW (330)
  AVERAGE WIND SPEED     1.7


SKY COVER
  AVERAGE SKY COVER 0.1



RELATIVE HUMIDITY (PERCENT)
 HIGHEST    96           500 AM
 LOWEST     39           100 PM
 AVERAGE    68

..........................................................


THE POUGHKEEPSIE NY CLIMATE NORMALS FOR TOMORROW
                         NORMAL    RECORD    YEAR
 MAXIMUM TEMPERATURE (F)   81        97      1953
 MINIMUM TEMPERATURE (F)   57        38      1986


SUNRISE AND SUNSET
AUGUST 28 2015........SUNRISE   617 AM EDT   SUNSET   736 PM EDT
AUGUST 29 2015........SUNRISE   618 AM EDT   SUNSET   734 PM EDT


-  INDICATES NEGATIVE NUMBERS.
R  INDICATES RECORD WAS SET OR TIED.
MM INDICATES DATA IS MISSING.
T  INDICATES TRACE AMOUNT.




RECORDS FOR KPOU DATE BACK TO 1949...
HOWEVER...DATA IS MISSING FROM JANUARY 1993 - JULY 2000.
$$
