000
CDUS41 KALY 152128
CLIPOU


CLIMATE REPORT
NATIONAL WEATHER SERVICE ALBANY NY
527 PM EDT WED MAR 15 2017


...................................

...THE POUGHKEEPSIE NY CLIMATE SUMMARY FOR MARCH 15 2017...
VALID TODAY AS OF 0400 PM LOCAL TIME.

CLIMATE NORMAL PERIOD 1981 TO 2010
CLIMATE RECORD PERIOD 1949 TO 2017


WEATHER ITEM   OBSERVED TIME   RECORD YEAR NORMAL DEPARTURE LAST
                VALUE   (LST)  VALUE       VALUE  FROM      YEAR
                                                  NORMAL
..................................................................
TEMPERATURE (F)
 TODAY
  MAXIMUM         25    327 PM  76    1990  48    -23       61
  MINIMUM         15    435 AM  11    1960  25    -10       42
  AVERAGE         20                        36    -16       52

PRECIPITATION (IN)
  TODAY            T             1.19 1967   0.11  -0.11     0.00
  MONTH TO DATE    1.05                      1.64  -0.59     0.31
  SINCE MAR 1      1.05                      1.64  -0.59     0.31
  SINCE JAN 1      5.92                      7.38  -1.46     5.99

DEGREE DAYS
 HEATING
  TODAY           45                        29     16       13
  MONTH TO DATE  513                       465     48      300
  SINCE MAR 1    513                       465     48      300
  SINCE JUL 1   4555                      5036   -481     3832

 COOLING
  TODAY            0                         0      0        0
  MONTH TO DATE    0                         0      0        0
  SINCE MAR 1      0                         0      0        0
  SINCE JAN 1      0                         0      0        0
..................................................................


WIND (MPH)
  HIGHEST WIND SPEED    23   HIGHEST WIND DIRECTION     W (270)
  HIGHEST GUST SPEED    31   HIGHEST GUST DIRECTION     W (270)
  AVERAGE WIND SPEED    12.2


SKY COVER
  AVERAGE SKY COVER 0.5



RELATIVE HUMIDITY (PERCENT)
 HIGHEST    61           700 AM
 LOWEST     46          1200 PM
 AVERAGE    54

..........................................................


THE POUGHKEEPSIE NY CLIMATE NORMALS FOR TOMORROW
                         NORMAL    RECORD    YEAR
 MAXIMUM TEMPERATURE (F)   48        80      1990
 MINIMUM TEMPERATURE (F)   25         7      1992


SUNRISE AND SUNSET
MARCH 15 2017.........SUNRISE   707 AM EDT   SUNSET   702 PM EDT
MARCH 16 2017.........SUNRISE   705 AM EDT   SUNSET   704 PM EDT


-  INDICATES NEGATIVE NUMBERS.
R  INDICATES RECORD WAS SET OR TIED.
MM INDICATES DATA IS MISSING.
T  INDICATES TRACE AMOUNT.




RECORDS FOR KPOU DATE BACK TO 1949...
HOWEVER...DATA IS MISSING FROM JANUARY 1993 - JULY 2000.
$$
