000
CDUS41 KALY 240624
CLIPOU


CLIMATE REPORT
NATIONAL WEATHER SERVICE ALBANY NY
223 AM EDT SUN AUG 24 2014




THE POUGHKEEPSIE NY CLIMATE SUMMARY FOR AUGUST 23 2014...

CLIMATE NORMAL PERIOD 1981 TO 2010
CLIMATE RECORD PERIOD 1949 TO 2014


WEATHER ITEM   OBSERVED TIME   RECORD YEAR NORMAL DEPARTURE LAST
                VALUE   (LST)  VALUE       VALUE  FROM      YEAR
                                                  NORMAL

TEMPERATURE (F)
 YESTERDAY
  MAXIMUM         77    214 PM  89    1966  82     -5       80
  MINIMUM         59   1159 PM  43    1988  59      0       57
  AVERAGE         68                        70     -2       69

PRECIPITATION (IN)
  YESTERDAY        T             2.53 1970   0.12  -0.12     0.00
  MONTH TO DATE    2.82                      3.26  -0.44     5.87
  SINCE JUN 1     10.08                     12.34  -2.26    18.83
  SINCE JAN 1     24.11                     29.84  -5.73    29.48

DEGREE DAYS
 HEATING
  YESTERDAY        0                         1     -1        0
  MONTH TO DATE    3                         1      2        3
  SINCE JUN 1     10                        55    -45       34
  SINCE JUL 1      3                         6     -3        3

 COOLING
  YESTERDAY        3                         6     -3        4
  MONTH TO DATE  115                       162    -47      109
  SINCE JUN 1    518                       529    -11      646
  SINCE JAN 1    551                       565    -14      699



WIND (MPH)
  HIGHEST WIND SPEED    10   HIGHEST WIND DIRECTION     E (90)
  HIGHEST GUST SPEED    12   HIGHEST GUST DIRECTION    SE (120)
  AVERAGE WIND SPEED     2.0


SKY COVER
  AVERAGE SKY COVER 0.9



RELATIVE HUMIDITY (PERCENT)
 HIGHEST    97          1100 PM
 LOWEST     53          1200 PM
 AVERAGE    75




THE POUGHKEEPSIE NY CLIMATE NORMALS FOR TODAY
                         NORMAL    RECORD    YEAR
 MAXIMUM TEMPERATURE (F)   82        91      1972
 MINIMUM TEMPERATURE (F)   59        41      1987


SUNRISE AND SUNSET
AUGUST 24 2014........SUNRISE   613 AM EDT   SUNSET   742 PM EDT
AUGUST 25 2014........SUNRISE   614 AM EDT   SUNSET   740 PM EDT


-  INDICATES NEGATIVE NUMBERS.
R  INDICATES RECORD WAS SET OR TIED.
MM INDICATES DATA IS MISSING.
T  INDICATES TRACE AMOUNT.






RECORDS FOR KPOU DATE BACK TO 1949...
HOWEVER...DATA IS MISSING FROM JANUARY 1993 - JULY 2000.
$$
