000
CDUS41 KALY 120637
CLIPOU


CLIMATE REPORT
NATIONAL WEATHER SERVICE ALBANY NY
137 AM EST SUN NOV 12 2017


...................................

...THE POUGHKEEPSIE NY CLIMATE SUMMARY FOR NOVEMBER 11 2017...

CLIMATE NORMAL PERIOD 1981 TO 2010
CLIMATE RECORD PERIOD 1949 TO 2017


WEATHER ITEM   OBSERVED TIME   RECORD YEAR NORMAL DEPARTURE LAST
                VALUE   (LST)  VALUE       VALUE  FROM      YEAR
                                                  NORMAL
..................................................................
TEMPERATURE (F)
 YESTERDAY
  MAXIMUM         35    157 PM  71    2002  54    -19       59
  MINIMUM         14    415 AM  13    1956  32    -18       35
  AVERAGE         25                        43    -18       47

PRECIPITATION (IN)
  YESTERDAY        0.00          0.89 1991   0.11  -0.11     0.00
  MONTH TO DATE    0.21                      1.26  -1.05     0.03
  SINCE SEP 1      5.83                     10.01  -4.18     3.50
  SINCE JAN 1     34.93                     40.79  -5.86    25.82

DEGREE DAYS
 HEATING
  YESTERDAY       40                        22     18       18
  MONTH TO DATE  234                       225      9      218
  SINCE SEP 1    551                       784   -233      678
  SINCE JUL 1    571                       801   -230      680

 COOLING
  YESTERDAY        0                         0      0        0
  MONTH TO DATE    0                         0      0        0
  SINCE SEP 1    144                        68     76      111
  SINCE JAN 1    718                       672     46     1053
..................................................................


WIND (MPH)
  HIGHEST WIND SPEED    18   HIGHEST WIND DIRECTION    NE (30)
  HIGHEST GUST SPEED    26   HIGHEST GUST DIRECTION     N (350)
  AVERAGE WIND SPEED     4.3


SKY COVER
  AVERAGE SKY COVER 0.0



RELATIVE HUMIDITY (PERCENT)
 HIGHEST    80           300 AM
 LOWEST     29           200 PM
 AVERAGE    55

..........................................................


THE POUGHKEEPSIE NY CLIMATE NORMALS FOR TODAY
                         NORMAL    RECORD    YEAR
 MAXIMUM TEMPERATURE (F)   54        69      1964
 MINIMUM TEMPERATURE (F)   32        19      2001
                                             1981


SUNRISE AND SUNSET
NOVEMBER 12 2017......SUNRISE   641 AM EST   SUNSET   438 PM EST
NOVEMBER 13 2017......SUNRISE   642 AM EST   SUNSET   437 PM EST


-  INDICATES NEGATIVE NUMBERS.
R  INDICATES RECORD WAS SET OR TIED.
MM INDICATES DATA IS MISSING.
T  INDICATES TRACE AMOUNT.




RECORDS FOR KPOU DATE BACK TO 1949...
HOWEVER...DATA IS MISSING FROM JANUARY 1993 - JULY 2000.
$$
