000
CDUS41 KALY 030628
CLIPOU


CLIMATE REPORT
NATIONAL WEATHER SERVICE ALBANY NY
127 AM EST WED FEB 3 2016


...................................

...THE POUGHKEEPSIE NY CLIMATE SUMMARY FOR FEBRUARY 2 2016...

CLIMATE NORMAL PERIOD 1981 TO 2010
CLIMATE RECORD PERIOD 1949 TO 2016


WEATHER ITEM   OBSERVED TIME   RECORD YEAR NORMAL DEPARTURE LAST
                VALUE   (LST)  VALUE       VALUE  FROM      YEAR
                                                  NORMAL
..................................................................
TEMPERATURE (F)
 YESTERDAY
  MAXIMUM         51    325 PM  54    1983  37     14       25
  MINIMUM         23    729 AM -22    1961  16      7       11
  AVERAGE         37                        26     11       18

PRECIPITATION (IN)
  YESTERDAY        0.00          1.08 1973   0.10  -0.10     0.46
  MONTH TO DATE    0.00                      0.19  -0.19     0.48
  SINCE DEC 1      5.11                      6.80  -1.69     6.42
  SINCE JAN 1      1.21                      3.27  -2.06     3.42

DEGREE DAYS
 HEATING
  YESTERDAY       28                        39    -11       47
  MONTH TO DATE   47                        78    -31       93
  SINCE DEC 1   1711                      2352   -641     2253
  SINCE JUL 1   2699                      3630   -931     3404

 COOLING
  YESTERDAY        0                         0      0        0
  MONTH TO DATE    0                         0      0        0
  SINCE DEC 1      0                         0      0        0
  SINCE JAN 1      0                         0      0        0
..................................................................


WIND (MPH)
  HIGHEST WIND SPEED     9   HIGHEST WIND DIRECTION     N (10)
  HIGHEST GUST SPEED    13   HIGHEST GUST DIRECTION    NE (60)
  AVERAGE WIND SPEED     1.0


SKY COVER
  AVERAGE SKY COVER 0.0



RELATIVE HUMIDITY (PERCENT)
 HIGHEST    81           400 AM
 LOWEST     32           300 PM
 AVERAGE    57

..........................................................


THE POUGHKEEPSIE NY CLIMATE NORMALS FOR TODAY
                         NORMAL    RECORD    YEAR
 MAXIMUM TEMPERATURE (F)   37        60      1991
 MINIMUM TEMPERATURE (F)   16       -15      1961


SUNRISE AND SUNSET
FEBRUARY  3 2016......SUNRISE   706 AM EST   SUNSET   513 PM EST
FEBRUARY  4 2016......SUNRISE   705 AM EST   SUNSET   514 PM EST


-  INDICATES NEGATIVE NUMBERS.
R  INDICATES RECORD WAS SET OR TIED.
MM INDICATES DATA IS MISSING.
T  INDICATES TRACE AMOUNT.




RECORDS FOR KPOU DATE BACK TO 1949...
HOWEVER...DATA IS MISSING FROM JANUARY 1993 - JULY 2000.
$$
