000
CDUS41 KALY 172046
CLIPOU


CLIMATE REPORT
NATIONAL WEATHER SERVICE ALBANY NY
445 PM EDT TUE MAY 17 2016


...................................

...THE POUGHKEEPSIE NY CLIMATE SUMMARY FOR MAY 17 2016...
VALID TODAY AS OF 0400 PM LOCAL TIME.

CLIMATE NORMAL PERIOD 1981 TO 2010
CLIMATE RECORD PERIOD 1949 TO 2016


WEATHER ITEM   OBSERVED TIME   RECORD YEAR NORMAL DEPARTURE LAST
                VALUE   (LST)  VALUE       VALUE  FROM      YEAR
                                                  NORMAL
..................................................................
TEMPERATURE (F)
 TODAY
  MAXIMUM         71   1254 PM  90    1977  72     -1       85
  MINIMUM         41    202 AM  31    1983  47     -6       62
  AVERAGE         56                        59     -3       74

PRECIPITATION (IN)
  TODAY            0.00          1.75 1991   0.15  -0.15     0.01
  MONTH TO DATE    2.53                      2.23   0.30     0.86
  SINCE MAR 1      5.80                      9.58  -3.78     5.26
  SINCE JAN 1     11.48                     15.32  -3.84     9.56

DEGREE DAYS
 HEATING
  TODAY            9                         7      2        0
  MONTH TO DATE  164                       151     13       53
  SINCE MAR 1   1217                      1519   -302     1519
  SINCE JUL 1   4749                      6090  -1341     6204

 COOLING
  TODAY            0                         1     -1        9
  MONTH TO DATE    0                        11    -11       58
  SINCE MAR 1      4                        16    -12       58
  SINCE JAN 1      4                        16    -12       58
..................................................................


WIND (MPH)
  HIGHEST WIND SPEED    18   HIGHEST WIND DIRECTION     W (270)
  HIGHEST GUST SPEED    24   HIGHEST GUST DIRECTION     W (280)
  AVERAGE WIND SPEED     5.4


SKY COVER
  AVERAGE SKY COVER 0.3



RELATIVE HUMIDITY (PERCENT)
 HIGHEST    83          1200 AM
 LOWEST     33           200 PM
 AVERAGE    58

..........................................................


THE POUGHKEEPSIE NY CLIMATE NORMALS FOR TOMORROW
                         NORMAL    RECORD    YEAR
 MAXIMUM TEMPERATURE (F)   72        96      1962
 MINIMUM TEMPERATURE (F)   47        30      1983


SUNRISE AND SUNSET
MAY 17 2016...........SUNRISE   534 AM EDT   SUNSET   811 PM EDT
MAY 18 2016...........SUNRISE   533 AM EDT   SUNSET   812 PM EDT


-  INDICATES NEGATIVE NUMBERS.
R  INDICATES RECORD WAS SET OR TIED.
MM INDICATES DATA IS MISSING.
T  INDICATES TRACE AMOUNT.




RECORDS FOR KPOU DATE BACK TO 1949...
HOWEVER...DATA IS MISSING FROM JANUARY 1993 - JULY 2000.
$$
