000
CDUS41 KALY 160623
CLIPOU


CLIMATE REPORT
NATIONAL WEATHER SERVICE ALBANY NY
222 AM EDT WED AUG 16 2017


...................................

...THE POUGHKEEPSIE NY CLIMATE SUMMARY FOR AUGUST 15 2017...

CLIMATE NORMAL PERIOD 1981 TO 2010
CLIMATE RECORD PERIOD 1949 TO 2017


WEATHER ITEM   OBSERVED TIME   RECORD YEAR NORMAL DEPARTURE LAST
                VALUE   (LST)  VALUE       VALUE  FROM      YEAR
                                                  NORMAL
..................................................................
TEMPERATURE (F)
 YESTERDAY
  MAXIMUM         76    617 PM  96    1988  83     -7       90
  MINIMUM         66   1159 PM  47    1964  60      6       73
  AVERAGE         71                        72     -1       82

PRECIPITATION (IN)
  YESTERDAY        0.05          0.80 1951   0.13  -0.08     0.00
  MONTH TO DATE    3.90                      2.18   1.72     1.41
  SINCE JUN 1     10.88                     11.26  -0.38     9.37
  SINCE JAN 1     27.44                     28.76  -1.32    21.53

DEGREE DAYS
 HEATING
  YESTERDAY        0                         0      0        0
  MONTH TO DATE    3                         0      3        0
  SINCE JUN 1     56                        54      2        8
  SINCE JUL 1      6                         5      1        0

 COOLING
  YESTERDAY        6                         7     -1       17
  MONTH TO DATE   87                       112    -25      189
  SINCE JUN 1    457                       479    -22      724
  SINCE JAN 1    505                       515    -10      805
..................................................................


WIND (MPH)
  HIGHEST WIND SPEED     8   HIGHEST WIND DIRECTION     S (170)
  HIGHEST GUST SPEED    12   HIGHEST GUST DIRECTION     S (180)
  AVERAGE WIND SPEED     2.2


SKY COVER
  AVERAGE SKY COVER 0.8



RELATIVE HUMIDITY (PERCENT)
 HIGHEST   100          1100 PM
 LOWEST     74           200 PM
 AVERAGE    87

..........................................................


THE POUGHKEEPSIE NY CLIMATE NORMALS FOR TODAY
                         NORMAL    RECORD    YEAR
 MAXIMUM TEMPERATURE (F)   83        94      1970
                                             1965
 MINIMUM TEMPERATURE (F)   60        46      1968


SUNRISE AND SUNSET
AUGUST 16 2017........SUNRISE   605 AM EDT   SUNSET   753 PM EDT
AUGUST 17 2017........SUNRISE   606 AM EDT   SUNSET   752 PM EDT


-  INDICATES NEGATIVE NUMBERS.
R  INDICATES RECORD WAS SET OR TIED.
MM INDICATES DATA IS MISSING.
T  INDICATES TRACE AMOUNT.




RECORDS FOR KPOU DATE BACK TO 1949...
HOWEVER...DATA IS MISSING FROM JANUARY 1993 - JULY 2000.
$$
