000
CDUS41 KALY 142045
CLIPOU


CLIMATE REPORT
NATIONAL WEATHER SERVICE ALBANY NY
445 PM EDT SAT OCT 14 2017


...................................

...THE POUGHKEEPSIE NY CLIMATE SUMMARY FOR OCTOBER 14 2017...
VALID TODAY AS OF 0400 PM LOCAL TIME.

CLIMATE NORMAL PERIOD 1981 TO 2010
CLIMATE RECORD PERIOD 1949 TO 2017


WEATHER ITEM   OBSERVED TIME   RECORD YEAR NORMAL DEPARTURE LAST
                VALUE   (LST)  VALUE       VALUE  FROM      YEAR
                                                  NORMAL
..................................................................
TEMPERATURE (F)
 TODAY
  MAXIMUM         70    337 PM  82    1954  64      6       59
  MINIMUM         58    708 AM  21    1953  39     19       30
  AVERAGE         64                        52     12       45

PRECIPITATION (IN)
  TODAY            0.00          2.88 2005   0.15  -0.15     0.00
  MONTH TO DATE    1.17                      2.09  -0.92     0.03
  SINCE SEP 1      2.92                      6.37  -3.45     0.96
  SINCE JAN 1     32.02                     37.15  -5.13    23.28

DEGREE DAYS
 HEATING
  TODAY            1                        14    -13       20
  MONTH TO DATE   62                       158    -96      151
  SINCE SEP 1    155                       281   -126      222
  SINCE JUL 1    175                       298   -123      224

 COOLING
  TODAY            0                         0      0        0
  MONTH TO DATE   27                         0     27        0
  SINCE SEP 1    141                        64     77      107
  SINCE JAN 1    715                       668     47     1049
..................................................................


WIND (MPH)
  HIGHEST WIND SPEED    10   HIGHEST WIND DIRECTION    SW (210)
  HIGHEST GUST SPEED    12   HIGHEST GUST DIRECTION    SW (210)
  AVERAGE WIND SPEED     1.4


SKY COVER
  AVERAGE SKY COVER 0.9



RELATIVE HUMIDITY (PERCENT)
 HIGHEST    93           500 AM
 LOWEST     66           200 PM
 AVERAGE    80

..........................................................


THE POUGHKEEPSIE NY CLIMATE NORMALS FOR TOMORROW
                         NORMAL    RECORD    YEAR
 MAXIMUM TEMPERATURE (F)   63        85      1956
 MINIMUM TEMPERATURE (F)   39        27      2016


SUNRISE AND SUNSET
OCTOBER 14 2017.......SUNRISE   707 AM EDT   SUNSET   616 PM EDT
OCTOBER 15 2017.......SUNRISE   708 AM EDT   SUNSET   614 PM EDT


-  INDICATES NEGATIVE NUMBERS.
R  INDICATES RECORD WAS SET OR TIED.
MM INDICATES DATA IS MISSING.
T  INDICATES TRACE AMOUNT.




RECORDS FOR KPOU DATE BACK TO 1949...
HOWEVER...DATA IS MISSING FROM JANUARY 1993 - JULY 2000.
$$
