170
CDUS41 KALY 222055
CLIPOU


CLIMATE REPORT
NATIONAL WEATHER SERVICE ALBANY NY
455 PM EDT MON AUG 22 2016


...................................

...THE POUGHKEEPSIE NY CLIMATE SUMMARY FOR AUGUST 22 2016...
VALID TODAY AS OF 0400 PM LOCAL TIME.

CLIMATE NORMAL PERIOD 1981 TO 2010
CLIMATE RECORD PERIOD 1949 TO 2016


WEATHER ITEM   OBSERVED TIME   RECORD YEAR NORMAL DEPARTURE LAST
                VALUE   (LST)  VALUE       VALUE  FROM      YEAR
                                                  NORMAL
..................................................................
TEMPERATURE (F)
 TODAY
  MAXIMUM         MM        MM  90    2003  82     MM       81
  MINIMUM         MM        MM  41    1982  59     MM       57
  AVERAGE         MM                        70     MM       69

PRECIPITATION (IN)
  TODAY            0.00          3.70 2010   0.13  -0.13     0.00
  MONTH TO DATE    1.49                      3.14  -1.65     1.88
  SINCE JUN 1      9.45                     12.22  -2.77     7.96
  SINCE JAN 1     21.61                     29.72  -8.11    18.63

DEGREE DAYS
 HEATING
  TODAY           MM                         0     MM        0
  MONTH TO DATE    0                         0      0        0
  SINCE JUN 1      8                        54    -46       46
  SINCE JUL 1      0                         5     -5        0

 COOLING
  TODAY           MM                         6     MM        4
  MONTH TO DATE  245                       156     89      210
  SINCE JUN 1    780                       523    257      628
  SINCE JAN 1    861                       559    302      741
..................................................................


WIND (MPH)
  HIGHEST WIND SPEED    MM   HIGHEST WIND DIRECTION    MM
  HIGHEST GUST SPEED    MM   HIGHEST GUST DIRECTION    MM
  AVERAGE WIND SPEED    MM


SKY COVER
  AVERAGE SKY COVER 0.0



RELATIVE HUMIDITY (PERCENT)
 HIGHEST    MM
 LOWEST     MM
 AVERAGE    MM

..........................................................


THE POUGHKEEPSIE NY CLIMATE NORMALS FOR TOMORROW
                         NORMAL    RECORD    YEAR
 MAXIMUM TEMPERATURE (F)   82        89      1966
 MINIMUM TEMPERATURE (F)   59        43      1988


SUNRISE AND SUNSET
AUGUST 22 2016........SUNRISE   612 AM EDT   SUNSET   744 PM EDT
AUGUST 23 2016........SUNRISE   613 AM EDT   SUNSET   742 PM EDT


-  INDICATES NEGATIVE NUMBERS.
R  INDICATES RECORD WAS SET OR TIED.
MM INDICATES DATA IS MISSING.
T  INDICATES TRACE AMOUNT.




RECORDS FOR KPOU DATE BACK TO 1949...
HOWEVER...DATA IS MISSING FROM JANUARY 1993 - JULY 2000.
$$
