000
CDUS41 KALY 160627
CLIPOU


CLIMATE REPORT
NATIONAL WEATHER SERVICE ALBANY NY
225 AM EDT SUN JUL 16 2017


...................................

...THE POUGHKEEPSIE NY CLIMATE SUMMARY FOR JULY 15 2017...

CLIMATE NORMAL PERIOD 1981 TO 2010
CLIMATE RECORD PERIOD 1949 TO 2017


WEATHER ITEM   OBSERVED TIME   RECORD YEAR NORMAL DEPARTURE LAST
                VALUE   (LST)  VALUE       VALUE  FROM      YEAR
                                                  NORMAL
..................................................................
TEMPERATURE (F)
 YESTERDAY
  MAXIMUM         82    417 PM  93    2013  85     -3       92
  MINIMUM         62   1159 PM  48    1950  61      1       69
  AVERAGE         72                        73     -1       81

PRECIPITATION (IN)
  YESTERDAY        0.03          1.69 1992   0.16  -0.13     0.00
  MONTH TO DATE    2.31                      2.11   0.20     2.24
  SINCE JUN 1      5.69                      6.54  -0.85     4.27
  SINCE JAN 1     22.25                     24.04  -1.79    16.43

DEGREE DAYS
 HEATING
  YESTERDAY        0                         0      0        0
  MONTH TO DATE    0                         0      0        0
  SINCE JUN 1     50                        49      1        8
  SINCE JUL 1      0                         0      0        0

 COOLING
  YESTERDAY        7                         8     -1       16
  MONTH TO DATE  118                       112      6      154
  SINCE JUN 1    257                       239     18      325
  SINCE JAN 1    305                       275     30      406
..................................................................


WIND (MPH)
  HIGHEST WIND SPEED    14   HIGHEST WIND DIRECTION     W (280)
  HIGHEST GUST SPEED    19   HIGHEST GUST DIRECTION     W (280)
  AVERAGE WIND SPEED     3.3


SKY COVER
  AVERAGE SKY COVER 0.5



RELATIVE HUMIDITY (PERCENT)
 HIGHEST    93           200 AM
 LOWEST     47           400 PM
 AVERAGE    70

..........................................................


THE POUGHKEEPSIE NY CLIMATE NORMALS FOR TODAY
                         NORMAL    RECORD    YEAR
 MAXIMUM TEMPERATURE (F)   85        96      1980
                                             1968
 MINIMUM TEMPERATURE (F)   61        48      1966


SUNRISE AND SUNSET
JULY 16 2017..........SUNRISE   535 AM EDT   SUNSET   827 PM EDT
JULY 17 2017..........SUNRISE   536 AM EDT   SUNSET   827 PM EDT


-  INDICATES NEGATIVE NUMBERS.
R  INDICATES RECORD WAS SET OR TIED.
MM INDICATES DATA IS MISSING.
T  INDICATES TRACE AMOUNT.




RECORDS FOR KPOU DATE BACK TO 1949...
HOWEVER...DATA IS MISSING FROM JANUARY 1993 - JULY 2000.
$$
