000
CDUS41 KALY 110627
CLIPOU


CLIMATE REPORT
NATIONAL WEATHER SERVICE ALBANY NY
125 AM EST WED JAN 11 2017


...................................

...THE POUGHKEEPSIE NY CLIMATE SUMMARY FOR JANUARY 10 2017...

CLIMATE NORMAL PERIOD 1981 TO 2010
CLIMATE RECORD PERIOD 1949 TO 2017


WEATHER ITEM   OBSERVED TIME   RECORD YEAR NORMAL DEPARTURE LAST
                VALUE   (LST)  VALUE       VALUE  FROM      YEAR
                                                  NORMAL
..................................................................
TEMPERATURE (F)
 YESTERDAY
  MAXIMUM         42   1159 PM  65    2016  35      7       65
  MINIMUM          5    336 AM -16    1968  16    -11       42
  AVERAGE         24                        25     -1       54

PRECIPITATION (IN)
  YESTERDAY        T             0.91 2016   0.10  -0.10     0.91
  MONTH TO DATE    0.50                      1.02  -0.52     0.91
  SINCE DEC 1      3.10                      4.55  -1.45     4.81
  SINCE JAN 1      0.50                      1.02  -0.52     0.91

DEGREE DAYS
 HEATING
  YESTERDAY       41                        40      1       11
  MONTH TO DATE  399                       392      7      320
  SINCE DEC 1   1439                      1443     -4      954
  SINCE JUL 1   2585                      2721   -136     1942

 COOLING
  YESTERDAY        0                         0      0        0
  MONTH TO DATE    0                         0      0        0
  SINCE DEC 1      0                         0      0        0
  SINCE JAN 1      0                         0      0        0
..................................................................


WIND (MPH)
  HIGHEST WIND SPEED    15   HIGHEST WIND DIRECTION     S (170)
  HIGHEST GUST SPEED    21   HIGHEST GUST DIRECTION     S (170)
  AVERAGE WIND SPEED     3.8


SKY COVER
  AVERAGE SKY COVER 0.4



RELATIVE HUMIDITY (PERCENT)
 HIGHEST    88           400 AM
 LOWEST     49           100 PM
 AVERAGE    69

..........................................................


THE POUGHKEEPSIE NY CLIMATE NORMALS FOR TODAY
                         NORMAL    RECORD    YEAR
 MAXIMUM TEMPERATURE (F)   35        63      1975
 MINIMUM TEMPERATURE (F)   16       -20      1968


SUNRISE AND SUNSET
JANUARY 11 2017.......SUNRISE   721 AM EST   SUNSET   446 PM EST
JANUARY 12 2017.......SUNRISE   721 AM EST   SUNSET   447 PM EST


-  INDICATES NEGATIVE NUMBERS.
R  INDICATES RECORD WAS SET OR TIED.
MM INDICATES DATA IS MISSING.
T  INDICATES TRACE AMOUNT.




RECORDS FOR KPOU DATE BACK TO 1949...
HOWEVER...DATA IS MISSING FROM JANUARY 1993 - JULY 2000.
$$
