000
CDUS41 KALY 102155
CLIPOU


CLIMATE REPORT
NATIONAL WEATHER SERVICE ALBANY NY
454 PM EST WED JAN 10 2018


...................................

...THE POUGHKEEPSIE NY CLIMATE SUMMARY FOR JANUARY 10 2018...
VALID TODAY AS OF 0400 PM LOCAL TIME.

CLIMATE NORMAL PERIOD 1981 TO 2010
CLIMATE RECORD PERIOD 1949 TO 2018


WEATHER ITEM   OBSERVED TIME   RECORD YEAR NORMAL DEPARTURE LAST
                VALUE   (LST)  VALUE       VALUE  FROM      YEAR
                                                  NORMAL
..................................................................
TEMPERATURE (F)
 TODAY
  MAXIMUM         39    359 PM  65    2016  35      4       42
  MINIMUM          8    757 AM -16    1968  16     -8        5
  AVERAGE         24                        25     -1       24

PRECIPITATION (IN)
  TODAY            0.00          0.91 2016   0.10  -0.10      T
  MONTH TO DATE    0.55                      1.02  -0.47     0.50
  SINCE DEC 1      2.11                      4.55  -2.44     3.10
  SINCE JAN 1      0.55                      1.02  -0.47     0.50

DEGREE DAYS
 HEATING
  TODAY           41                        40      1       41
  MONTH TO DATE  500                       392    108      399
  SINCE DEC 1   1646                      1443    203     1439
  SINCE JUL 1   2729                      2721      8     2585

 COOLING
  TODAY            0                         0      0        0
  MONTH TO DATE    0                         0      0        0
  SINCE DEC 1      0                         0      0        0
  SINCE JAN 1      0                         0      0        0
..................................................................


WIND (MPH)
  HIGHEST WIND SPEED    10   HIGHEST WIND DIRECTION     W (250)
  HIGHEST GUST SPEED    13   HIGHEST GUST DIRECTION    SW (210)
  AVERAGE WIND SPEED     2.0


SKY COVER
  AVERAGE SKY COVER 0.0



RELATIVE HUMIDITY (PERCENT)
 HIGHEST    91           800 AM
 LOWEST     48           200 PM
 AVERAGE    70

..........................................................


THE POUGHKEEPSIE NY CLIMATE NORMALS FOR TOMORROW
                         NORMAL    RECORD    YEAR
 MAXIMUM TEMPERATURE (F)   35        63      1975
 MINIMUM TEMPERATURE (F)   16       -20      1968


SUNRISE AND SUNSET
JANUARY 10 2018.......SUNRISE   722 AM EST   SUNSET   445 PM EST
JANUARY 11 2018.......SUNRISE   721 AM EST   SUNSET   446 PM EST


-  INDICATES NEGATIVE NUMBERS.
R  INDICATES RECORD WAS SET OR TIED.
MM INDICATES DATA IS MISSING.
T  INDICATES TRACE AMOUNT.




RECORDS FOR KPOU DATE BACK TO 1949...
HOWEVER...DATA IS MISSING FROM JANUARY 1993 - JULY 2000.
$$
