000
CDUS41 KALY 150624
CLIPOU


CLIMATE REPORT
NATIONAL WEATHER SERVICE ALBANY NY
223 AM EDT MON MAY 15 2017


...................................

...THE POUGHKEEPSIE NY CLIMATE SUMMARY FOR MAY 14 2017...

CLIMATE NORMAL PERIOD 1981 TO 2010
CLIMATE RECORD PERIOD 1949 TO 2017


WEATHER ITEM   OBSERVED TIME   RECORD YEAR NORMAL DEPARTURE LAST
                VALUE   (LST)  VALUE       VALUE  FROM      YEAR
                                                  NORMAL
..................................................................
TEMPERATURE (F)
 YESTERDAY
  MAXIMUM         64    219 PM  87    1944  71     -7       75
  MINIMUM         42    538 AM  30    2013  46     -4       51
                                      1951
  AVERAGE         53                        58     -5       63

PRECIPITATION (IN)
  YESTERDAY        T             1.14 1978   0.13  -0.13     0.04
  MONTH TO DATE    1.47                      1.79  -0.32     2.53
  SINCE MAR 1      9.16                      9.14   0.02     5.80
  SINCE JAN 1     14.03                     14.88  -0.85    11.48

DEGREE DAYS
 HEATING
  YESTERDAY       12                         8      4        2
  MONTH TO DATE  186                       130     56      130
  SINCE MAR 1   1548                      1498     50     1183
  SINCE JUL 1   5590                      6069   -479     4715

 COOLING
  YESTERDAY        0                         1     -1        0
  MONTH TO DATE    0                         8     -8        0
  SINCE MAR 1     17                        13      4        4
  SINCE JAN 1     17                        13      4        4
..................................................................


WIND (MPH)
  HIGHEST WIND SPEED    16   HIGHEST WIND DIRECTION    NW (330)
  HIGHEST GUST SPEED    23   HIGHEST GUST DIRECTION     N (340)
  AVERAGE WIND SPEED     6.4


SKY COVER
  AVERAGE SKY COVER 0.6



RELATIVE HUMIDITY (PERCENT)
 HIGHEST   100          1200 AM
 LOWEST     52           100 PM
 AVERAGE    76

..........................................................


THE POUGHKEEPSIE NY CLIMATE NORMALS FOR TODAY
                         NORMAL    RECORD    YEAR
 MAXIMUM TEMPERATURE (F)   71        88      2007
                                             2004
 MINIMUM TEMPERATURE (F)   46        31      1984


SUNRISE AND SUNSET
MAY 15 2017...........SUNRISE   536 AM EDT   SUNSET   808 PM EDT
MAY 16 2017...........SUNRISE   535 AM EDT   SUNSET   809 PM EDT


-  INDICATES NEGATIVE NUMBERS.
R  INDICATES RECORD WAS SET OR TIED.
MM INDICATES DATA IS MISSING.
T  INDICATES TRACE AMOUNT.




RECORDS FOR KPOU DATE BACK TO 1949...
HOWEVER...DATA IS MISSING FROM JANUARY 1993 - JULY 2000.
$$
