000
CDUS41 KALY 170625
CLIPOU


CLIMATE REPORT
NATIONAL WEATHER SERVICE ALBANY NY
225 AM EDT MON JUL 17 2017


...................................

...THE POUGHKEEPSIE NY CLIMATE SUMMARY FOR JULY 16 2017...

CLIMATE NORMAL PERIOD 1981 TO 2010
CLIMATE RECORD PERIOD 1949 TO 2017


WEATHER ITEM   OBSERVED TIME   RECORD YEAR NORMAL DEPARTURE LAST
                VALUE   (LST)  VALUE       VALUE  FROM      YEAR
                                                  NORMAL
..................................................................
TEMPERATURE (F)
 YESTERDAY
  MAXIMUM         84    525 PM  96    1980  85     -1       90
                                      1968
  MINIMUM         59    513 AM  48    1966  61     -2       66
  AVERAGE         72                        73     -1       78

PRECIPITATION (IN)
  YESTERDAY        0.00          1.42 2014   0.15  -0.15     0.00
  MONTH TO DATE    2.31                      2.26   0.05     2.24
  SINCE JUN 1      5.69                      6.69  -1.00     4.27
  SINCE JAN 1     22.25                     24.19  -1.94    16.43

DEGREE DAYS
 HEATING
  YESTERDAY        0                         0      0        0
  MONTH TO DATE    0                         0      0        0
  SINCE JUN 1     50                        49      1        8
  SINCE JUL 1      0                         0      0        0

 COOLING
  YESTERDAY        7                         8     -1       13
  MONTH TO DATE  125                       120      5      167
  SINCE JUN 1    264                       247     17      338
  SINCE JAN 1    312                       283     29      419
..................................................................


WIND (MPH)
  HIGHEST WIND SPEED     7   HIGHEST WIND DIRECTION     S (170)
  HIGHEST GUST SPEED    13   HIGHEST GUST DIRECTION     W (280)
  AVERAGE WIND SPEED     1.0


SKY COVER
  AVERAGE SKY COVER 0.0



RELATIVE HUMIDITY (PERCENT)
 HIGHEST    97           300 AM
 LOWEST     44           400 PM
 AVERAGE    71

..........................................................


THE POUGHKEEPSIE NY CLIMATE NORMALS FOR TODAY
                         NORMAL    RECORD    YEAR
 MAXIMUM TEMPERATURE (F)   85        98      2006
                                             1991
 MINIMUM TEMPERATURE (F)   61        45      1954


SUNRISE AND SUNSET
JULY 17 2017..........SUNRISE   536 AM EDT   SUNSET   827 PM EDT
JULY 18 2017..........SUNRISE   537 AM EDT   SUNSET   826 PM EDT


-  INDICATES NEGATIVE NUMBERS.
R  INDICATES RECORD WAS SET OR TIED.
MM INDICATES DATA IS MISSING.
T  INDICATES TRACE AMOUNT.




RECORDS FOR KPOU DATE BACK TO 1949...
HOWEVER...DATA IS MISSING FROM JANUARY 1993 - JULY 2000.
$$
