000
CDUS41 KALY 142043
CLIPOU


CLIMATE REPORT
NATIONAL WEATHER SERVICE ALBANY NY
442 PM EDT SAT MAY 14 2016


...................................

...THE POUGHKEEPSIE NY CLIMATE SUMMARY FOR MAY 14 2016...
VALID TODAY AS OF 0400 PM LOCAL TIME.

CLIMATE NORMAL PERIOD 1981 TO 2010
CLIMATE RECORD PERIOD 1949 TO 2016


WEATHER ITEM   OBSERVED TIME   RECORD YEAR NORMAL DEPARTURE LAST
                VALUE   (LST)  VALUE       VALUE  FROM      YEAR
                                                  NORMAL
..................................................................
TEMPERATURE (F)
 TODAY
  MAXIMUM         75    140 PM  86    1961  71      4       73
  MINIMUM         51    501 AM  30    2013  46      5       35
  AVERAGE         63                        58      5       54

PRECIPITATION (IN)
  TODAY            0.02          1.14 1978   0.13  -0.11     0.00
  MONTH TO DATE    2.51                      1.79   0.72     0.02
  SINCE MAR 1      5.78                      9.14  -3.36     4.42
  SINCE JAN 1     11.46                     14.88  -3.42     8.72

DEGREE DAYS
 HEATING
  TODAY            2                         8     -6       11
  MONTH TO DATE  130                       130      0       46
  SINCE MAR 1   1183                      1498   -315     1512
  SINCE JUL 1   4715                      6069  -1354     6197

 COOLING
  TODAY            0                         1     -1        0
  MONTH TO DATE    0                         8     -8       49
  SINCE MAR 1      4                        13     -9       49
  SINCE JAN 1      4                        13     -9       49
..................................................................


WIND (MPH)
  HIGHEST WIND SPEED    12   HIGHEST WIND DIRECTION    SW (220)
  HIGHEST GUST SPEED    20   HIGHEST GUST DIRECTION     S (190)
  AVERAGE WIND SPEED     3.5


SKY COVER
  AVERAGE SKY COVER 0.7



RELATIVE HUMIDITY (PERCENT)
 HIGHEST    96           500 AM
 LOWEST     38           200 PM
 AVERAGE    67

..........................................................


THE POUGHKEEPSIE NY CLIMATE NORMALS FOR TOMORROW
                         NORMAL    RECORD    YEAR
 MAXIMUM TEMPERATURE (F)   71        88      2007
 MINIMUM TEMPERATURE (F)   46        31      1984


SUNRISE AND SUNSET
MAY 14 2016...........SUNRISE   537 AM EDT   SUNSET   808 PM EDT
MAY 15 2016...........SUNRISE   536 AM EDT   SUNSET   809 PM EDT


-  INDICATES NEGATIVE NUMBERS.
R  INDICATES RECORD WAS SET OR TIED.
MM INDICATES DATA IS MISSING.
T  INDICATES TRACE AMOUNT.




RECORDS FOR KPOU DATE BACK TO 1949...
HOWEVER...DATA IS MISSING FROM JANUARY 1993 - JULY 2000.
$$
