000
CDUS41 KALY 060634
CLIPOU


CLIMATE REPORT
NATIONAL WEATHER SERVICE ALBANY NY
133 AM EST WED DEC 6 2017


...................................

...THE POUGHKEEPSIE NY CLIMATE SUMMARY FOR DECEMBER 5 2017...

CLIMATE NORMAL PERIOD 1981 TO 2010
CLIMATE RECORD PERIOD 1949 TO 2017


WEATHER ITEM   OBSERVED TIME   RECORD YEAR NORMAL DEPARTURE LAST
                VALUE   (LST)  VALUE       VALUE  FROM      YEAR
                                                  NORMAL
..................................................................
TEMPERATURE (F)
 YESTERDAY
  MAXIMUM         59    512 PM  66    2001  44     15       44
  MINIMUM         41   1213 AM   7    1989  26     15       29
                                      1966
  AVERAGE         50                        35     15       37

PRECIPITATION (IN)
  YESTERDAY        0.27          1.43 1962   0.13   0.14     0.13
  MONTH TO DATE    0.28                      0.62  -0.34     0.42
  SINCE DEC 1      0.28                      0.62  -0.34     0.42
  SINCE JAN 1     35.82                     43.62  -7.80    30.94

DEGREE DAYS
 HEATING
  YESTERDAY       15                        30    -15       28
  MONTH TO DATE  134                       147    -13      127
  SINCE DEC 1    134                       147    -13      127
  SINCE JUL 1   1217                      1425   -208     1273

 COOLING
  YESTERDAY        0                         0      0        0
  MONTH TO DATE    0                         0      0        0
  SINCE DEC 1      0                         0      0        0
  SINCE JAN 1    718                       672     46     1053
..................................................................


WIND (MPH)
  HIGHEST WIND SPEED    10   HIGHEST WIND DIRECTION     S (170)
  HIGHEST GUST SPEED    20   HIGHEST GUST DIRECTION    SE (140)
  AVERAGE WIND SPEED     6.2


SKY COVER
  AVERAGE SKY COVER 1.0



RELATIVE HUMIDITY (PERCENT)
 HIGHEST   100           800 PM
 LOWEST     71           300 AM
 AVERAGE    86

..........................................................


THE POUGHKEEPSIE NY CLIMATE NORMALS FOR TODAY
                         NORMAL    RECORD    YEAR
 MAXIMUM TEMPERATURE (F)   44        72      2001
 MINIMUM TEMPERATURE (F)   25         6      1976


SUNRISE AND SUNSET
DECEMBER  6 2017......SUNRISE   708 AM EST   SUNSET   425 PM EST
DECEMBER  7 2017......SUNRISE   709 AM EST   SUNSET   425 PM EST


-  INDICATES NEGATIVE NUMBERS.
R  INDICATES RECORD WAS SET OR TIED.
MM INDICATES DATA IS MISSING.
T  INDICATES TRACE AMOUNT.




RECORDS FOR KPOU DATE BACK TO 1949...
HOWEVER...DATA IS MISSING FROM JANUARY 1993 - JULY 2000.
$$
