000
CDUS41 KALY 180622
CLIPOU


CLIMATE REPORT
NATIONAL WEATHER SERVICE ALBANY NY
221 AM EDT THU AUG 18 2016


...................................

...THE POUGHKEEPSIE NY CLIMATE SUMMARY FOR AUGUST 17 2016...

CLIMATE NORMAL PERIOD 1981 TO 2010
CLIMATE RECORD PERIOD 1949 TO 2016


WEATHER ITEM   OBSERVED TIME   RECORD YEAR NORMAL DEPARTURE LAST
                VALUE   (LST)  VALUE       VALUE  FROM      YEAR
                                                  NORMAL
..................................................................
TEMPERATURE (F)
 YESTERDAY
  MAXIMUM         86    252 PM  95    2015  83      3       95
  MINIMUM         70   1159 PM  42    1979  60     10       66
  AVERAGE         78                        71      7       81

PRECIPITATION (IN)
  YESTERDAY        0.00          0.82 1963   0.14  -0.14     0.00
  MONTH TO DATE    1.42                      2.46  -1.04     1.12
  SINCE JUN 1      9.38                     11.54  -2.16     7.20
  SINCE JAN 1     21.54                     29.04  -7.50    17.87

DEGREE DAYS
 HEATING
  YESTERDAY        0                         0      0        0
  MONTH TO DATE    0                         0      0        0
  SINCE JUN 1      8                        54    -46       46
  SINCE JUL 1      0                         5     -5        0

 COOLING
  YESTERDAY       13                         7      6       16
  MONTH TO DATE  218                       126     92      152
  SINCE JUN 1    753                       493    260      570
  SINCE JAN 1    834                       529    305      683
..................................................................


WIND (MPH)
  HIGHEST WIND SPEED    17   HIGHEST WIND DIRECTION     W (260)
  HIGHEST GUST SPEED    24   HIGHEST GUST DIRECTION    NW (300)
  AVERAGE WIND SPEED     7.0


SKY COVER
  AVERAGE SKY COVER 0.1



RELATIVE HUMIDITY (PERCENT)
 HIGHEST    84          1000 PM
 LOWEST     44           200 PM
 AVERAGE    64

..........................................................


THE POUGHKEEPSIE NY CLIMATE NORMALS FOR TODAY
                         NORMAL    RECORD    YEAR
 MAXIMUM TEMPERATURE (F)   83        94      2002
 MINIMUM TEMPERATURE (F)   60        43      1954


SUNRISE AND SUNSET
AUGUST 18 2016........SUNRISE   608 AM EDT   SUNSET   750 PM EDT
AUGUST 19 2016........SUNRISE   609 AM EDT   SUNSET   749 PM EDT


-  INDICATES NEGATIVE NUMBERS.
R  INDICATES RECORD WAS SET OR TIED.
MM INDICATES DATA IS MISSING.
T  INDICATES TRACE AMOUNT.




RECORDS FOR KPOU DATE BACK TO 1949...
HOWEVER...DATA IS MISSING FROM JANUARY 1993 - JULY 2000.
$$
