000
CDUS41 KALY 250629
CLIPOU


CLIMATE REPORT
NATIONAL WEATHER SERVICE ALBANY NY
225 AM EDT TUE AUG 25 2015


...................................

...THE POUGHKEEPSIE NY CLIMATE SUMMARY FOR AUGUST 24 2015...

CLIMATE NORMAL PERIOD 1981 TO 2010
CLIMATE RECORD PERIOD 1949 TO 2015


WEATHER ITEM   OBSERVED TIME   RECORD YEAR NORMAL DEPARTURE LAST
                VALUE   (LST)  VALUE       VALUE  FROM      YEAR
                                                  NORMAL
..................................................................
TEMPERATURE (F)
 YESTERDAY
  MAXIMUM         87    303 PM  91    1972  82      5       82
  MINIMUM         66    538 AM  41    1987  59      7       54
  AVERAGE         77                        70      7       68

PRECIPITATION (IN)
  YESTERDAY        0.01          1.82 1988   0.12  -0.11     0.00
  MONTH TO DATE    1.89                      3.38  -1.49     2.82
  SINCE JUN 1      7.97                     12.46  -4.49    10.08
  SINCE JAN 1     18.64                     29.96 -11.32    24.11

DEGREE DAYS
 HEATING
  YESTERDAY        0                         1     -1        0
  MONTH TO DATE    0                         2     -2        3
  SINCE JUN 1     46                        56    -10       10
  SINCE JUL 1      0                         7     -7        3

 COOLING
  YESTERDAY       12                         6      6        3
  MONTH TO DATE  229                       168     61      118
  SINCE JUN 1    647                       535    112      521
  SINCE JAN 1    760                       571    189      554
..................................................................


WIND (MPH)
  HIGHEST WIND SPEED    13   HIGHEST WIND DIRECTION     W (260)
  HIGHEST GUST SPEED    16   HIGHEST GUST DIRECTION     W (250)
  AVERAGE WIND SPEED     2.9


SKY COVER
  AVERAGE SKY COVER 0.3



RELATIVE HUMIDITY (PERCENT)
 HIGHEST    93           200 AM
 LOWEST     43           300 PM
 AVERAGE    68

..........................................................


THE POUGHKEEPSIE NY CLIMATE NORMALS FOR TODAY
                         NORMAL    RECORD    YEAR
 MAXIMUM TEMPERATURE (F)   81        93      1972
 MINIMUM TEMPERATURE (F)   58        40      1987


SUNRISE AND SUNSET
AUGUST 25 2015........SUNRISE   614 AM EDT   SUNSET   740 PM EDT
AUGUST 26 2015........SUNRISE   615 AM EDT   SUNSET   739 PM EDT


-  INDICATES NEGATIVE NUMBERS.
R  INDICATES RECORD WAS SET OR TIED.
MM INDICATES DATA IS MISSING.
T  INDICATES TRACE AMOUNT.




RECORDS FOR KPOU DATE BACK TO 1949...
HOWEVER...DATA IS MISSING FROM JANUARY 1993 - JULY 2000.
$$
