000
CDUS41 KALY 040625
CLIPOU


CLIMATE REPORT
NATIONAL WEATHER SERVICE ALBANY NY
224 AM EDT WED OCT 4 2017


...................................

...THE POUGHKEEPSIE NY CLIMATE SUMMARY FOR OCTOBER 3 2017...

CLIMATE NORMAL PERIOD 1981 TO 2010
CLIMATE RECORD PERIOD 1949 TO 2017


WEATHER ITEM   OBSERVED TIME   RECORD YEAR NORMAL DEPARTURE LAST
                VALUE   (LST)  VALUE       VALUE  FROM      YEAR
                                                  NORMAL
..................................................................
TEMPERATURE (F)
 YESTERDAY
  MAXIMUM         71    337 PM  82    1953  68      3       73
  MINIMUM         39    619 AM  31    2003  44     -5       53
                                      1957
  AVERAGE         55                        56     -1       63

PRECIPITATION (IN)
  YESTERDAY        0.00          2.52 1976   0.15  -0.15     0.00
  MONTH TO DATE    0.00                      0.45  -0.45      T
  SINCE SEP 1      1.75                      4.73  -2.98     0.93
  SINCE JAN 1     30.85                     35.51  -4.66    23.25

DEGREE DAYS
 HEATING
  YESTERDAY       10                        10      0        2
  MONTH TO DATE   32                        28      4       20
  SINCE SEP 1    125                       151    -26       91
  SINCE JUL 1    145                       168    -23       93

 COOLING
  YESTERDAY        0                         0      0        0
  MONTH TO DATE    0                         0      0        0
  SINCE SEP 1    114                        64     50      107
  SINCE JAN 1    688                       668     20     1049
..................................................................


WIND (MPH)
  HIGHEST WIND SPEED    10   HIGHEST WIND DIRECTION     S (190)
  HIGHEST GUST SPEED    14   HIGHEST GUST DIRECTION    SW (220)
  AVERAGE WIND SPEED     2.7


SKY COVER
  AVERAGE SKY COVER 0.0



RELATIVE HUMIDITY (PERCENT)
 HIGHEST    93           300 AM
 LOWEST     41           300 PM
 AVERAGE    67

..........................................................


THE POUGHKEEPSIE NY CLIMATE NORMALS FOR TODAY
                         NORMAL    RECORD    YEAR
 MAXIMUM TEMPERATURE (F)   68        85      2007
 MINIMUM TEMPERATURE (F)   43        29      1974


SUNRISE AND SUNSET
OCTOBER  4 2017.......SUNRISE   656 AM EDT   SUNSET   632 PM EDT
OCTOBER  5 2017.......SUNRISE   657 AM EDT   SUNSET   630 PM EDT


-  INDICATES NEGATIVE NUMBERS.
R  INDICATES RECORD WAS SET OR TIED.
MM INDICATES DATA IS MISSING.
T  INDICATES TRACE AMOUNT.




RECORDS FOR KPOU DATE BACK TO 1949...
HOWEVER...DATA IS MISSING FROM JANUARY 1993 - JULY 2000.
$$
