000
CDUS41 KALY 112043
CLIPOU


CLIMATE REPORT
NATIONAL WEATHER SERVICE ALBANY NY
443 PM EDT THU SEP 11 2014




THE POUGHKEEPSIE NY CLIMATE SUMMARY FOR SEPTEMBER 11 2014...
VALID TODAY AS OF 0400 PM LOCAL TIME.

CLIMATE NORMAL PERIOD 1981 TO 2010
CLIMATE RECORD PERIOD 1949 TO 2014


WEATHER ITEM   OBSERVED TIME   RECORD YEAR NORMAL DEPARTURE LAST
                VALUE   (LST)  VALUE       VALUE  FROM      YEAR
                                                  NORMAL

TEMPERATURE (F)
 TODAY
  MAXIMUM         80    337 PM  97    1983  77      3       95
  MINIMUM         65   1248 AM  37    1949  53     12       69
  AVERAGE         73                        65      8       82

PRECIPITATION (IN)
  TODAY            0.01          3.19 1954   0.14  -0.13     0.00
  MONTH TO DATE    0.16                      1.50  -1.34     1.20
  SINCE SEP 1      0.16                      1.50  -1.34     1.20
  SINCE JAN 1     24.83                     32.28  -7.45    31.42

DEGREE DAYS
 HEATING
  TODAY            0                         3     -3        0
  MONTH TO DATE    4                        21    -17       22
  SINCE SEP 1      4                        21    -17       22
  SINCE JUL 1      9                        38    -29       25

 COOLING
  TODAY            8                         3      5       17
  MONTH TO DATE   76                        38     38       54
  SINCE SEP 1     76                        38     38       54
  SINCE JAN 1    673                       642     31      811



WIND (MPH)
  HIGHEST WIND SPEED    13   HIGHEST WIND DIRECTION    SW (230)
  HIGHEST GUST SPEED    19   HIGHEST GUST DIRECTION     S (180)
  AVERAGE WIND SPEED     6.7


SKY COVER
  AVERAGE SKY COVER 0.9



RELATIVE HUMIDITY (PERCENT)
 HIGHEST    87           100 AM
 LOWEST     67           200 PM
 AVERAGE    77




THE POUGHKEEPSIE NY CLIMATE NORMALS FOR TOMORROW
                         NORMAL    RECORD    YEAR
 MAXIMUM TEMPERATURE (F)   77        94      2005
 MINIMUM TEMPERATURE (F)   53        36      1985


SUNRISE AND SUNSET
SEPTEMBER 11 2014.....SUNRISE   632 AM EDT   SUNSET   712 PM EDT
SEPTEMBER 12 2014.....SUNRISE   633 AM EDT   SUNSET   710 PM EDT


-  INDICATES NEGATIVE NUMBERS.
R  INDICATES RECORD WAS SET OR TIED.
MM INDICATES DATA IS MISSING.
T  INDICATES TRACE AMOUNT.






RECORDS FOR KPOU DATE BACK TO 1949...
HOWEVER...DATA IS MISSING FROM JANUARY 1993 - JULY 2000.
$$
