000
CDUS41 KALY 220622
CLIPOU


CLIMATE REPORT
NATIONAL WEATHER SERVICE ALBANY NY
221 AM EDT FRI APR 22 2016


...................................

...THE POUGHKEEPSIE NY CLIMATE SUMMARY FOR APRIL 21 2016...

CLIMATE NORMAL PERIOD 1981 TO 2010
CLIMATE RECORD PERIOD 1949 TO 2016


WEATHER ITEM   OBSERVED TIME   RECORD YEAR NORMAL DEPARTURE LAST
                VALUE   (LST)  VALUE       VALUE  FROM      YEAR
                                                  NORMAL
..................................................................
TEMPERATURE (F)
 YESTERDAY
  MAXIMUM         78    431 PM  84    1985  63     15       64
  MINIMUM         35    515 AM  27    1981  39     -4       43
  AVERAGE         57                        51      6       54

PRECIPITATION (IN)
  YESTERDAY        0.00          2.17 1991   0.12  -0.12     0.12
  MONTH TO DATE    1.43                      2.65  -1.22     2.10
  SINCE MAR 1      2.47                      6.22  -3.75     4.27
  SINCE JAN 1      8.15                     11.96  -3.81     8.57

DEGREE DAYS
 HEATING
  YESTERDAY        8                        14     -6       11
  MONTH TO DATE  383                       379      4      330
  SINCE MAR 1    966                      1253   -287     1331
  SINCE JUL 1   4498                      5824  -1326     6016

 COOLING
  YESTERDAY        0                         0      0        0
  MONTH TO DATE    0                         0      0        0
  SINCE MAR 1      0                         0      0        0
  SINCE JAN 1      0                         0      0        0
..................................................................


WIND (MPH)
  HIGHEST WIND SPEED    18   HIGHEST WIND DIRECTION    SW (240)
  HIGHEST GUST SPEED    26   HIGHEST GUST DIRECTION    SW (230)
  AVERAGE WIND SPEED     4.7


SKY COVER
  AVERAGE SKY COVER 0.1



RELATIVE HUMIDITY (PERCENT)
 HIGHEST    70           400 AM
 LOWEST     22           300 PM
 AVERAGE    46

..........................................................


THE POUGHKEEPSIE NY CLIMATE NORMALS FOR TODAY
                         NORMAL    RECORD    YEAR
 MAXIMUM TEMPERATURE (F)   64        87      1985
 MINIMUM TEMPERATURE (F)   39        24      1981


SUNRISE AND SUNSET
APRIL 22 2016.........SUNRISE   604 AM EDT   SUNSET   744 PM EDT
APRIL 23 2016.........SUNRISE   603 AM EDT   SUNSET   745 PM EDT


-  INDICATES NEGATIVE NUMBERS.
R  INDICATES RECORD WAS SET OR TIED.
MM INDICATES DATA IS MISSING.
T  INDICATES TRACE AMOUNT.




RECORDS FOR KPOU DATE BACK TO 1949...
HOWEVER...DATA IS MISSING FROM JANUARY 1993 - JULY 2000.
$$
