000
CDUS41 KALY 042058
CLIPOU


CLIMATE REPORT
NATIONAL WEATHER SERVICE ALBANY NY
457 PM EDT SAT NOV 4 2017


...................................

...THE POUGHKEEPSIE NY CLIMATE SUMMARY FOR NOVEMBER 4 2017...
VALID TODAY AS OF 0400 PM LOCAL TIME.

CLIMATE NORMAL PERIOD 1981 TO 2010
CLIMATE RECORD PERIOD 1949 TO 2017


WEATHER ITEM   OBSERVED TIME   RECORD YEAR NORMAL DEPARTURE LAST
                VALUE   (LST)  VALUE       VALUE  FROM      YEAR
                                                  NORMAL
..................................................................
TEMPERATURE (F)
 TODAY
  MAXIMUM         56    109 PM  74    2015  57     -1       57
                                      1987
  MINIMUM         34    727 AM  17    1951  34      0       28
  AVERAGE         45                        45      0       43

PRECIPITATION (IN)
  TODAY            0.00          1.12 1950   0.12  -0.12     0.00
  MONTH TO DATE    0.01                      0.48  -0.47      T
  SINCE SEP 1      5.63                      9.23  -3.60     3.47
  SINCE JAN 1     34.73                     40.01  -5.28    25.79

DEGREE DAYS
 HEATING
  TODAY           20                        20      0       22
  MONTH TO DATE   60                        78    -18       61
  SINCE SEP 1    377                       637   -260      521
  SINCE JUL 1    397                       654   -257      523

 COOLING
  TODAY            0                         0      0        0
  MONTH TO DATE    0                         0      0        0
  SINCE SEP 1    144                        68     76      111
  SINCE JAN 1    718                       672     46     1053
..................................................................


WIND (MPH)
  HIGHEST WIND SPEED    10   HIGHEST WIND DIRECTION    NW (300)
  HIGHEST GUST SPEED    14   HIGHEST GUST DIRECTION    NW (330)
  AVERAGE WIND SPEED     3.9


SKY COVER
  AVERAGE SKY COVER 0.0



RELATIVE HUMIDITY (PERCENT)
 HIGHEST    89           700 AM
 LOWEST     41           100 PM
 AVERAGE    65

..........................................................


THE POUGHKEEPSIE NY CLIMATE NORMALS FOR TOMORROW
                         NORMAL    RECORD    YEAR
 MAXIMUM TEMPERATURE (F)   56        76      2005
 MINIMUM TEMPERATURE (F)   33        19      1952
                                             1951


SUNRISE AND SUNSET
NOVEMBER  4 2017......SUNRISE   731 AM EDT   SUNSET   546 PM EDT
NOVEMBER  5 2017......SUNRISE   633 AM EST   SUNSET   445 PM EST


-  INDICATES NEGATIVE NUMBERS.
R  INDICATES RECORD WAS SET OR TIED.
MM INDICATES DATA IS MISSING.
T  INDICATES TRACE AMOUNT.




RECORDS FOR KPOU DATE BACK TO 1949...
HOWEVER...DATA IS MISSING FROM JANUARY 1993 - JULY 2000.
$$
