000
CDUS41 KALY 160623
CLIPOU


CLIMATE REPORT
NATIONAL WEATHER SERVICE ALBANY NY
122 AM EST SUN NOV 16 2014


...................................

...THE POUGHKEEPSIE NY CLIMATE SUMMARY FOR NOVEMBER 15 2014...

CLIMATE NORMAL PERIOD 1981 TO 2010
CLIMATE RECORD PERIOD 1949 TO 2014


WEATHER ITEM   OBSERVED TIME   RECORD YEAR NORMAL DEPARTURE LAST
                VALUE   (LST)  VALUE       VALUE  FROM      YEAR
                                                  NORMAL
..................................................................
TEMPERATURE (F)
 YESTERDAY
  MAXIMUM         42    327 PM  72    1973  53    -11       60
  MINIMUM         22   1159 PM  18    1965  31     -9       24
  AVERAGE         32                        42    -10       42

PRECIPITATION (IN)
  YESTERDAY        0.00          0.94 2007   0.11  -0.11     0.00
  MONTH TO DATE    0.42                      1.69  -1.27     0.46
  SINCE SEP 1      4.70                     10.44  -5.74     4.39
  SINCE JAN 1     29.37                     41.22 -11.85    34.61

DEGREE DAYS
 HEATING
  YESTERDAY       33                        23     10       23
  MONTH TO DATE  313                       315     -2      330
  SINCE SEP 1    717                       874   -157      815
  SINCE JUL 1    722                       891   -169      818

 COOLING
  YESTERDAY        0                         0      0        0
  MONTH TO DATE    0                         0      0        0
  SINCE SEP 1     99                        68     31       72
  SINCE JAN 1    696                       672     24      829
..................................................................


WIND (MPH)
  HIGHEST WIND SPEED    14   HIGHEST WIND DIRECTION    NW (330)
  HIGHEST GUST SPEED    20   HIGHEST GUST DIRECTION     W (280)
  AVERAGE WIND SPEED     2.9


SKY COVER
  AVERAGE SKY COVER 0.2



RELATIVE HUMIDITY (PERCENT)
 HIGHEST    88           500 AM
 LOWEST     30           100 PM
 AVERAGE    59

..........................................................


THE POUGHKEEPSIE NY CLIMATE NORMALS FOR TODAY
                         NORMAL    RECORD    YEAR
 MAXIMUM TEMPERATURE (F)   52        72      2005
 MINIMUM TEMPERATURE (F)   31        14      1972


SUNRISE AND SUNSET
NOVEMBER 16 2014......SUNRISE   646 AM EST   SUNSET   435 PM EST
NOVEMBER 17 2014......SUNRISE   647 AM EST   SUNSET   434 PM EST


-  INDICATES NEGATIVE NUMBERS.
R  INDICATES RECORD WAS SET OR TIED.
MM INDICATES DATA IS MISSING.
T  INDICATES TRACE AMOUNT.






RECORDS FOR KPOU DATE BACK TO 1949...
HOWEVER...DATA IS MISSING FROM JANUARY 1993 - JULY 2000.
$$
