000
CDUS41 KALY 030625
CLIPOU


CLIMATE REPORT
NATIONAL WEATHER SERVICE ALBANY NY
224 AM EDT THU APR 3 2014




THE POUGHKEEPSIE NY CLIMATE SUMMARY FOR APRIL 2 2014...

CLIMATE NORMAL PERIOD 1981 TO 2010
CLIMATE RECORD PERIOD 1949 TO 2014


WEATHER ITEM   OBSERVED TIME   RECORD YEAR NORMAL DEPARTURE LAST
                VALUE   (LST)  VALUE       VALUE  FROM      YEAR
                                                  NORMAL

TEMPERATURE (F)
 YESTERDAY
  MAXIMUM         63    457 PM  79    1963  55      8       42
  MINIMUM         36   1113 PM  14    1964  32      4       29
  AVERAGE         50                        43      7       36

PRECIPITATION (IN)
  YESTERDAY        0.00          2.51 1970   0.14  -0.14     0.00
  MONTH TO DATE    0.00                      0.26  -0.26      T
  SINCE MAR 1      2.75                      3.83  -1.08     1.48
  SINCE JAN 1      7.03                      9.57  -2.54     5.14

DEGREE DAYS
 HEATING
  YESTERDAY       15                        22     -7       29
  MONTH TO DATE   35                        44     -9       47
  SINCE MAR 1   1062                       918    144      915
  SINCE JUL 1   5765                      5489    276     5036

 COOLING
  YESTERDAY        0                         0      0        0
  MONTH TO DATE    0                         0      0        0
  SINCE MAR 1      0                         0      0        0
  SINCE JAN 1      0                         0      0        0



WIND (MPH)
  HIGHEST WIND SPEED    10   HIGHEST WIND DIRECTION    SW (220)
  HIGHEST GUST SPEED    14   HIGHEST GUST DIRECTION    SE (140)
  AVERAGE WIND SPEED     3.6


SKY COVER
  AVERAGE SKY COVER 0.1



RELATIVE HUMIDITY (PERCENT)
 HIGHEST    85          1100 PM
 LOWEST     34           300 PM
 AVERAGE    60




THE POUGHKEEPSIE NY CLIMATE NORMALS FOR TODAY
                         NORMAL    RECORD    YEAR
 MAXIMUM TEMPERATURE (F)   55        78      1981
 MINIMUM TEMPERATURE (F)   32        13      1954


SUNRISE AND SUNSET
APRIL  3 2014.........SUNRISE   635 AM EDT   SUNSET   723 PM EDT
APRIL  4 2014.........SUNRISE   634 AM EDT   SUNSET   724 PM EDT


-  INDICATES NEGATIVE NUMBERS.
R  INDICATES RECORD WAS SET OR TIED.
MM INDICATES DATA IS MISSING.
T  INDICATES TRACE AMOUNT.





RECORDS FOR KPOU DATE BACK TO 1949...
HOWEVER...DATA IS MISSING FROM JANUARY 1993 - JULY 2000.
$$
