000
CDUS41 KALY 090626
CLIPOU


CLIMATE REPORT
NATIONAL WEATHER SERVICE ALBANY NY
225 AM EDT FRI JUN 9 2017


...................................

...THE POUGHKEEPSIE NY CLIMATE SUMMARY FOR JUNE 8 2017...

CLIMATE NORMAL PERIOD 1981 TO 2010
CLIMATE RECORD PERIOD 1949 TO 2017


WEATHER ITEM   OBSERVED TIME   RECORD YEAR NORMAL DEPARTURE LAST
                VALUE   (LST)  VALUE       VALUE  FROM      YEAR
                                                  NORMAL
..................................................................
TEMPERATURE (F)
 YESTERDAY
  MAXIMUM         73    157 PM  95    2011  78     -5       66
                                      1984
  MINIMUM         45    451 AM  40    1949  54     -9       57
                                      1932
  AVERAGE         59                        66     -7       62

PRECIPITATION (IN)
  YESTERDAY        0.00          0.55 1986   0.17  -0.17     0.06
  MONTH TO DATE    0.97                      1.30  -0.33     1.16
  SINCE JUN 1      0.97                      1.30  -0.33     1.16
  SINCE JAN 1     17.53                     18.80  -1.27    13.32

DEGREE DAYS
 HEATING
  YESTERDAY        6                         2      4        3
  MONTH TO DATE   47                        24     23        3
  SINCE JUN 1     47                        24     23        3
  SINCE JUL 1   5711                      6186   -475     4772

 COOLING
  YESTERDAY        0                         3     -3        0
  MONTH TO DATE    0                        21    -21       44
  SINCE JUN 1      0                        21    -21       44
  SINCE JAN 1     48                        57     -9      125
..................................................................


WIND (MPH)
  HIGHEST WIND SPEED    12   HIGHEST WIND DIRECTION    SE (130)
  HIGHEST GUST SPEED    15   HIGHEST GUST DIRECTION    SE (120)
  AVERAGE WIND SPEED     2.6


SKY COVER
  AVERAGE SKY COVER 0.1



RELATIVE HUMIDITY (PERCENT)
 HIGHEST    93          1200 AM
 LOWEST     36           400 PM
 AVERAGE    65

..........................................................


THE POUGHKEEPSIE NY CLIMATE NORMALS FOR TODAY
                         NORMAL    RECORD    YEAR
 MAXIMUM TEMPERATURE (F)   78       100      1933
 MINIMUM TEMPERATURE (F)   54        38      1949


SUNRISE AND SUNSET
JUNE  9 2017..........SUNRISE   521 AM EDT   SUNSET   829 PM EDT
JUNE 10 2017..........SUNRISE   521 AM EDT   SUNSET   829 PM EDT


-  INDICATES NEGATIVE NUMBERS.
R  INDICATES RECORD WAS SET OR TIED.
MM INDICATES DATA IS MISSING.
T  INDICATES TRACE AMOUNT.




RECORDS FOR KPOU DATE BACK TO 1949...
HOWEVER...DATA IS MISSING FROM JANUARY 1993 - JULY 2000.
$$
