954
CDUS41 KALY 160628
CLIPOU


CLIMATE REPORT
NATIONAL WEATHER SERVICE ALBANY NY
227 AM EDT MON OCT 16 2017


...................................

...THE POUGHKEEPSIE NY CLIMATE SUMMARY FOR OCTOBER 15 2017...

CLIMATE NORMAL PERIOD 1981 TO 2010
CLIMATE RECORD PERIOD 1949 TO 2017


WEATHER ITEM   OBSERVED TIME   RECORD YEAR NORMAL DEPARTURE LAST
                VALUE   (LST)  VALUE       VALUE  FROM      YEAR
                                                  NORMAL
..................................................................
TEMPERATURE (F)
 YESTERDAY
  MAXIMUM         76    236 PM  85    1956  63     13       65
  MINIMUM         54   1206 AM  27    2016  39     15       27
  AVERAGE         65                        51     14       46

PRECIPITATION (IN)
  YESTERDAY        0.05          4.48 1955   0.16  -0.11     0.00
  MONTH TO DATE    1.22                      2.25  -1.03     0.03
  SINCE SEP 1      2.97                      6.53  -3.56     0.96
  SINCE JAN 1     32.07                     37.31  -5.24    23.28

DEGREE DAYS
 HEATING
  YESTERDAY        0                        14    -14       19
  MONTH TO DATE   64                       172   -108      170
  SINCE SEP 1    157                       295   -138      241
  SINCE JUL 1    177                       312   -135      243

 COOLING
  YESTERDAY        0                         0      0        0
  MONTH TO DATE   27                         0     27        0
  SINCE SEP 1    141                        64     77      107
  SINCE JAN 1    715                       668     47     1049
..................................................................


WIND (MPH)
  HIGHEST WIND SPEED    16   HIGHEST WIND DIRECTION    SW (230)
  HIGHEST GUST SPEED    24   HIGHEST GUST DIRECTION     W (250)
  AVERAGE WIND SPEED     6.6


SKY COVER
  AVERAGE SKY COVER 1.0



RELATIVE HUMIDITY (PERCENT)
 HIGHEST   100          1200 AM
 LOWEST     60           200 PM
 AVERAGE    80

..........................................................


THE POUGHKEEPSIE NY CLIMATE NORMALS FOR TODAY
                         NORMAL    RECORD    YEAR
 MAXIMUM TEMPERATURE (F)   63        83      1956
 MINIMUM TEMPERATURE (F)   39        27      1950


SUNRISE AND SUNSET
OCTOBER 16 2017.......SUNRISE   709 AM EDT   SUNSET   612 PM EDT
OCTOBER 17 2017.......SUNRISE   710 AM EDT   SUNSET   611 PM EDT


-  INDICATES NEGATIVE NUMBERS.
R  INDICATES RECORD WAS SET OR TIED.
MM INDICATES DATA IS MISSING.
T  INDICATES TRACE AMOUNT.




RECORDS FOR KPOU DATE BACK TO 1949...
HOWEVER...DATA IS MISSING FROM JANUARY 1993 - JULY 2000.
$$
