000
CDUS41 KALY 050625
CLIPOU


CLIMATE REPORT
NATIONAL WEATHER SERVICE ALBANY NY
122 AM EST MON DEC 5 2016


...................................

...THE POUGHKEEPSIE NY CLIMATE SUMMARY FOR DECEMBER 4 2016...

CLIMATE NORMAL PERIOD 1981 TO 2010
CLIMATE RECORD PERIOD 1949 TO 2016


WEATHER ITEM   OBSERVED TIME   RECORD YEAR NORMAL DEPARTURE LAST
                VALUE   (LST)  VALUE       VALUE  FROM      YEAR
                                                  NORMAL
..................................................................
TEMPERATURE (F)
 YESTERDAY
  MAXIMUM         40    306 PM  69    1982  45     -5       52
  MINIMUM         24    657 AM   2    1949  26     -2       26
  AVERAGE         32                        35     -3       39

PRECIPITATION (IN)
  YESTERDAY        0.00          1.34 1968   0.12  -0.12     0.00
  MONTH TO DATE    0.29                      0.49  -0.20     0.80
  SINCE DEC 1      0.29                      0.49  -0.20     0.80
  SINCE JAN 1     30.81                     43.49 -12.68    26.72

DEGREE DAYS
 HEATING
  YESTERDAY       33                        30      3       26
  MONTH TO DATE   99                       117    -18       89
  SINCE DEC 1     99                       117    -18       89
  SINCE JUL 1   1245                      1395   -150     1077

 COOLING
  YESTERDAY        0                         0      0        0
  MONTH TO DATE    0                         0      0        0
  SINCE DEC 1      0                         0      0        0
  SINCE JAN 1   1053                       672    381      964
..................................................................


WIND (MPH)
  HIGHEST WIND SPEED    13   HIGHEST WIND DIRECTION    NW (330)
  HIGHEST GUST SPEED    16   HIGHEST GUST DIRECTION     N (10)
  AVERAGE WIND SPEED     2.9


SKY COVER
  AVERAGE SKY COVER 0.3



RELATIVE HUMIDITY (PERCENT)
 HIGHEST    85           500 AM
 LOWEST     48          1200 PM
 AVERAGE    67

..........................................................


THE POUGHKEEPSIE NY CLIMATE NORMALS FOR TODAY
                         NORMAL    RECORD    YEAR
 MAXIMUM TEMPERATURE (F)   44        66      2001
 MINIMUM TEMPERATURE (F)   26         7      1989


SUNRISE AND SUNSET
DECEMBER  5 2016......SUNRISE   707 AM EST   SUNSET   425 PM EST
DECEMBER  6 2016......SUNRISE   708 AM EST   SUNSET   425 PM EST


-  INDICATES NEGATIVE NUMBERS.
R  INDICATES RECORD WAS SET OR TIED.
MM INDICATES DATA IS MISSING.
T  INDICATES TRACE AMOUNT.




RECORDS FOR KPOU DATE BACK TO 1949...
HOWEVER...DATA IS MISSING FROM JANUARY 1993 - JULY 2000.
$$
