000
CDUS41 KALY 020633
CLIPOU


CLIMATE REPORT
NATIONAL WEATHER SERVICE ALBANY NY
232 AM EDT MON OCT 2 2017


...................................

...THE POUGHKEEPSIE NY CLIMATE SUMMARY FOR OCTOBER 1 2017...

CLIMATE NORMAL PERIOD 1981 TO 2010
CLIMATE RECORD PERIOD 1949 TO 2017


WEATHER ITEM   OBSERVED TIME   RECORD YEAR NORMAL DEPARTURE LAST
                VALUE   (LST)  VALUE       VALUE  FROM      YEAR
                                                  NORMAL
..................................................................
TEMPERATURE (F)
 YESTERDAY
  MAXIMUM         66    329 PM  83    1954  69     -3       60
  MINIMUM         41   1159 PM  28    1992  45     -4       50
  AVERAGE         54                        57     -3       55

PRECIPITATION (IN)
  YESTERDAY        0.00          2.31 1966   0.15  -0.15     0.00
  MONTH TO DATE    0.00                      0.15  -0.15     0.00
  SINCE SEP 1      1.75                      4.43  -2.68     0.93
  SINCE JAN 1     30.85                     35.21  -4.36    23.25

DEGREE DAYS
 HEATING
  YESTERDAY       11                         9      2       10
  MONTH TO DATE   11                         9      2       10
  SINCE SEP 1    104                       132    -28       81
  SINCE JUL 1    124                       149    -25       83

 COOLING
  YESTERDAY        0                         0      0        0
  MONTH TO DATE    0                         0      0        0
  SINCE SEP 1    114                        64     50      107
  SINCE JAN 1    688                       668     20     1049
..................................................................


WIND (MPH)
  HIGHEST WIND SPEED     9   HIGHEST WIND DIRECTION    NW (310)
  HIGHEST GUST SPEED    13   HIGHEST GUST DIRECTION    NW (330)
  AVERAGE WIND SPEED     1.4


SKY COVER
  AVERAGE SKY COVER 0.3



RELATIVE HUMIDITY (PERCENT)
 HIGHEST   100          1200 AM
 LOWEST     37           300 PM
 AVERAGE    69

..........................................................


THE POUGHKEEPSIE NY CLIMATE NORMALS FOR TODAY
                         NORMAL    RECORD    YEAR
 MAXIMUM TEMPERATURE (F)   68        84      2002
                                             1954
 MINIMUM TEMPERATURE (F)   44        31      1960
                                             1958


SUNRISE AND SUNSET
OCTOBER  2 2017.......SUNRISE   654 AM EDT   SUNSET   635 PM EDT
OCTOBER  3 2017.......SUNRISE   655 AM EDT   SUNSET   634 PM EDT


-  INDICATES NEGATIVE NUMBERS.
R  INDICATES RECORD WAS SET OR TIED.
MM INDICATES DATA IS MISSING.
T  INDICATES TRACE AMOUNT.




RECORDS FOR KPOU DATE BACK TO 1949...
HOWEVER...DATA IS MISSING FROM JANUARY 1993 - JULY 2000.
$$
