000
CDUS41 KALY 230623
CLIPOU


CLIMATE REPORT
NATIONAL WEATHER SERVICE ALBANY NY
222 AM EDT SUN AUG 23 2015


...................................

...THE POUGHKEEPSIE NY CLIMATE SUMMARY FOR AUGUST 22 2015...

CLIMATE NORMAL PERIOD 1981 TO 2010
CLIMATE RECORD PERIOD 1949 TO 2015


WEATHER ITEM   OBSERVED TIME   RECORD YEAR NORMAL DEPARTURE LAST
                VALUE   (LST)  VALUE       VALUE  FROM      YEAR
                                                  NORMAL
..................................................................
TEMPERATURE (F)
 YESTERDAY
  MAXIMUM         81    424 PM  90    2003  82     -1       74
  MINIMUM         57    552 AM  41    1982  59     -2       66
  AVERAGE         69                        70     -1       70

PRECIPITATION (IN)
  YESTERDAY        0.00          3.70 2010   0.13  -0.13     0.00
  MONTH TO DATE    1.88                      3.14  -1.26     2.82
  SINCE JUN 1      7.96                     12.22  -4.26    10.08
  SINCE JAN 1     18.63                     29.72 -11.09    24.11

DEGREE DAYS
 HEATING
  YESTERDAY        0                         0      0        0
  MONTH TO DATE    0                         0      0        3
  SINCE JUN 1     46                        54     -8       10
  SINCE JUL 1      0                         5     -5        3

 COOLING
  YESTERDAY        4                         6     -2        5
  MONTH TO DATE  210                       156     54      112
  SINCE JUN 1    628                       523    105      515
  SINCE JAN 1    741                       559    182      548
..................................................................


WIND (MPH)
  HIGHEST WIND SPEED    14   HIGHEST WIND DIRECTION    NE (30)
  HIGHEST GUST SPEED    17   HIGHEST GUST DIRECTION     N (10)
  AVERAGE WIND SPEED     3.3


SKY COVER
  AVERAGE SKY COVER 0.0



RELATIVE HUMIDITY (PERCENT)
 HIGHEST    93           500 AM
 LOWEST     39           200 PM
 AVERAGE    66

..........................................................


THE POUGHKEEPSIE NY CLIMATE NORMALS FOR TODAY
                         NORMAL    RECORD    YEAR
 MAXIMUM TEMPERATURE (F)   82        89      1966
 MINIMUM TEMPERATURE (F)   59        43      1988


SUNRISE AND SUNSET
AUGUST 23 2015........SUNRISE   612 AM EDT   SUNSET   744 PM EDT
AUGUST 24 2015........SUNRISE   613 AM EDT   SUNSET   742 PM EDT


-  INDICATES NEGATIVE NUMBERS.
R  INDICATES RECORD WAS SET OR TIED.
MM INDICATES DATA IS MISSING.
T  INDICATES TRACE AMOUNT.




RECORDS FOR KPOU DATE BACK TO 1949...
HOWEVER...DATA IS MISSING FROM JANUARY 1993 - JULY 2000.
$$
