000
CDUS41 KALY 140640
CLIPOU


CLIMATE REPORT
NATIONAL WEATHER SERVICE ALBANY NY
240 AM EDT SAT MAY 14 2016


...................................

...THE POUGHKEEPSIE NY CLIMATE SUMMARY FOR MAY 13 2016...

CLIMATE NORMAL PERIOD 1981 TO 2010
CLIMATE RECORD PERIOD 1949 TO 2016


WEATHER ITEM   OBSERVED TIME   RECORD YEAR NORMAL DEPARTURE LAST
                VALUE   (LST)  VALUE       VALUE  FROM      YEAR
                                                  NORMAL
..................................................................
TEMPERATURE (F)
 YESTERDAY
  MAXIMUM         67    149 PM  88    1985  71     -4       68
  MINIMUM         52    248 AM  30    1967  45      7       41
  AVERAGE         60                        58      2       55

PRECIPITATION (IN)
  YESTERDAY        0.47          1.66 2002   0.13   0.34     0.00
  MONTH TO DATE    2.49                      1.66   0.83     0.02
  SINCE MAR 1      5.76                      9.01  -3.25     4.42
  SINCE JAN 1     11.44                     14.75  -3.31     8.72

DEGREE DAYS
 HEATING
  YESTERDAY        5                         8     -3       10
  MONTH TO DATE  128                       122      6       35
  SINCE MAR 1   1181                      1490   -309     1501
  SINCE JUL 1   4713                      6061  -1348     6186

 COOLING
  YESTERDAY        0                         1     -1        0
  MONTH TO DATE    0                         7     -7       49
  SINCE MAR 1      4                        12     -8       49
  SINCE JAN 1      4                        12     -8       49
..................................................................


WIND (MPH)
  HIGHEST WIND SPEED     9   HIGHEST WIND DIRECTION     W (270)
  HIGHEST GUST SPEED    14   HIGHEST GUST DIRECTION     S (160)
  AVERAGE WIND SPEED     2.9


SKY COVER
  AVERAGE SKY COVER 0.8



RELATIVE HUMIDITY (PERCENT)
 HIGHEST    93           900 PM
 LOWEST     52          1200 AM
 AVERAGE    73

..........................................................


THE POUGHKEEPSIE NY CLIMATE NORMALS FOR TODAY
                         NORMAL    RECORD    YEAR
 MAXIMUM TEMPERATURE (F)   71        86      1961
 MINIMUM TEMPERATURE (F)   46        30      2013


SUNRISE AND SUNSET
MAY 14 2016...........SUNRISE   537 AM EDT   SUNSET   808 PM EDT
MAY 15 2016...........SUNRISE   536 AM EDT   SUNSET   809 PM EDT


-  INDICATES NEGATIVE NUMBERS.
R  INDICATES RECORD WAS SET OR TIED.
MM INDICATES DATA IS MISSING.
T  INDICATES TRACE AMOUNT.




RECORDS FOR KPOU DATE BACK TO 1949...
HOWEVER...DATA IS MISSING FROM JANUARY 1993 - JULY 2000.
$$
